{"id":1878,"date":"2026-02-10T09:02:53","date_gmt":"2026-02-10T12:02:53","guid":{"rendered":"https:\/\/institucional.ufrrj.br\/nidflor\/?page_id=1878"},"modified":"2026-05-08T16:52:09","modified_gmt":"2026-05-08T19:52:09","slug":"deliberacoes-2026","status":"publish","type":"page","link":"https:\/\/institucional.ufrrj.br\/nidflor\/deliberacoes-2026\/","title":{"rendered":"Delibera\u00e7\u00f5es 2026"},"content":{"rendered":"<p>&nbsp;<\/p>\n<hr \/>\n<p><strong>Delibera\u00e7\u00e3o N\u00ba 173 \/ 2026 \u2013 IF<\/strong><\/p>\n<p>Para acessar o documento,\u00a0<a href=\"https:\/\/sipac.ufrrj.br\/public\/jsp\/documentos\/documento_visualizacao.jsf?idDoc=2099518\"><strong>c<\/strong><strong>l<\/strong><strong>iq<\/strong><strong>u<\/strong><strong>e aqui.<\/strong><\/a><\/p>\n<p><strong>Data do documento: <\/strong>8 de maio de 2026.<\/p>\n<p><strong>Assunto do documento<\/strong>: Delibera\u00e7\u00e3o de aprova\u00e7\u00e3o da realiza\u00e7\u00e3o da XXII Semana Acad\u00eamica de Engenharia Florestal \u2013 Engenharia Florestal 4.0: Digitaliza\u00e7\u00e3o, Alta Performance no Campo e Biotecnologia.<\/p>\n<hr \/>\n<p><strong>Delibera\u00e7\u00e3o N\u00ba 172 \/ 2026 \u2013 IF<\/strong><\/p>\n<p>Para acessar o documento,\u00a0<a href=\"https:\/\/sipac.ufrrj.br\/public\/jsp\/documentos\/documento_visualizacao.jsf?idDoc=2099515\"><strong>c<\/strong><strong>l<\/strong><strong>iq<\/strong><strong>u<\/strong><strong>e aqui.<\/strong><\/a><\/p>\n<p><strong>Data do documento: <\/strong>8 de maio de 2026.<\/p>\n<p><strong>Assunto do documento<\/strong>: Delibera\u00e7\u00e3o de aprova\u00e7\u00e3o do Resultado da Elei\u00e7\u00e3o para a Chefia do Departamento de Ci\u00eancias Ambientais &#8211; Bi\u00eanio 2026-2028.<\/p>\n<hr \/>\n<p><strong>Delibera\u00e7\u00e3o N\u00ba 171 \/ 2026 \u2013 IF<\/strong><\/p>\n<p>Para acessar o documento,\u00a0<a href=\"https:\/\/sipac.ufrrj.br\/public\/jsp\/documentos\/documento_visualizacao.jsf?idDoc=2099510\"><strong>c<\/strong><strong>l<\/strong><strong>iq<\/strong><strong>u<\/strong><strong>e aqui.<\/strong><\/a><\/p>\n<p><strong>Data do documento: <\/strong>8 de maio de 2026.<\/p>\n<p><strong>Assunto do documento<\/strong>: Delibera\u00e7\u00e3o de constitui\u00e7\u00e3o da Comiss\u00e3o Especial de Avalia\u00e7\u00e3o, encarregada de analisar a documenta\u00e7\u00e3o referente \u00e0 Promo\u00e7\u00e3o Funcional da Prof.\u00aa Alexandra Pires Fernandez, da classe de Professor Associado C4 para a Classe Titular D.<\/p>\n<hr \/>\n<p><strong>Delibera\u00e7\u00e3o N\u00ba 170 \/ 2026 \u2013 IF<\/strong><\/p>\n<p>Para acessar o documento,\u00a0<a href=\"https:\/\/sipac.ufrrj.br\/public\/jsp\/documentos\/documento_visualizacao.jsf?idDoc=2099470\"><strong>c<\/strong><strong>l<\/strong><strong>iq<\/strong><strong>u<\/strong><strong>e aqui.<\/strong><\/a><\/p>\n<p><strong>Data do documento: <\/strong>8 de maio de 2026.<\/p>\n<p><strong>Assunto do documento<\/strong>: Delibera\u00e7\u00e3o de aprova\u00e7\u00e3o do afastamento de curta dura\u00e7\u00e3o no exterior em favor do Professor Alexandre Monteiro de Carvalho \u2013 Hungria.<\/p>\n<hr \/>\n<p><strong>Delibera\u00e7\u00e3o N\u00ba 169 \/ 2026 \u2013 IF<\/strong><\/p>\n<p>Para acessar o documento,\u00a0<a href=\"https:\/\/sipac.ufrrj.br\/public\/jsp\/documentos\/documento_visualizacao.jsf?idDoc=2099463\"><strong>c<\/strong><strong>l<\/strong><strong>iq<\/strong><strong>u<\/strong><strong>e aqui.<\/strong><\/a><\/p>\n<p><strong>Data do documento: <\/strong>8 de maio de 2026.<\/p>\n<p><strong>Assunto do documento<\/strong>: Delibera\u00e7\u00e3o de institui\u00e7\u00e3o da Comiss\u00e3o Organizadora do 60\u00ba Anivers\u00e1rio do Instituto de Florestas.<\/p>\n<hr \/>\n<p><strong>Delibera\u00e7\u00e3o N\u00ba 78 \/ 2026 \u2013 IF<\/strong><\/p>\n<p>Para acessar o documento,\u00a0<a href=\"https:\/\/sipac.ufrrj.br\/public\/jsp\/documentos\/documento_visualizacao.jsf?idDoc=2066708\"><strong>c<\/strong><strong>l<\/strong><strong>iq<\/strong><strong>u<\/strong><strong>e aqui.<\/strong><\/a><\/p>\n<p><strong>Data do documento: <\/strong>10\u00a0de mar\u00e7o de 2026.<\/p>\n<p><strong>Assunto do documento<\/strong>: Delibera\u00e7\u00e3o de aprova\u00e7\u00e3o do afastamento de curta dura\u00e7\u00e3o no exterior para o docente Samuel de P. C. e Carvalho na Fran\u00e7a.<\/p>\n<hr \/>\n<p><strong>Delibera\u00e7\u00e3o N\u00ba 76 \/ 2026 \u2013 IF<\/strong><\/p>\n<p>Para acessar o documento,\u00a0<a href=\"https:\/\/sipac.ufrrj.br\/public\/jsp\/documentos\/documento_visualizacao.jsf?idDoc=2066664\"><strong>c<\/strong><strong>l<\/strong><strong>iq<\/strong><strong>u<\/strong><strong>e aqui.<\/strong><\/a><\/p>\n<p><strong>Data do documento: <\/strong>10\u00a0de mar\u00e7o de 2026.<\/p>\n<p><strong>Assunto do documento<\/strong>: Delibera\u00e7\u00e3o de aprova\u00e7\u00e3o do Resultado do Concurso P\u00fablico na \u00c1rea de Modelagem Hidroclim\u00e1tica do DCA\/IF, Edital 71\/2025.<\/p>\n<hr \/>\n<p><strong>Delibera\u00e7\u00e3o N\u00ba 74 \/ 2026 \u2013 IF<\/strong><\/p>\n<p>Para acessar o documento,\u00a0<a href=\"https:\/\/sipac.ufrrj.br\/public\/jsp\/documentos\/documento_visualizacao.jsf?idDoc=2065959\"><strong>c<\/strong><strong>l<\/strong><strong>iq<\/strong><strong>u<\/strong><strong>e aqui.<\/strong><\/a><\/p>\n<p><strong>Data do documento: <\/strong>9\u00a0de mar\u00e7o de 2026.<\/p>\n<p><strong>Assunto do documento<\/strong>: Delibera\u00e7\u00e3o de aprova\u00e7\u00e3o da indica\u00e7\u00e3o Medalha do M\u00e9rito e Men\u00e7\u00e3o Honrosa do Sistema CONFEA\/CREA.<\/p>\n<hr \/>\n<p><strong>Delibera\u00e7\u00e3o N\u00ba 49 \/ 2026 \u2013 IF<\/strong><\/p>\n<p>Para acessar o documento,\u00a0<a href=\"https:\/\/sipac.ufrrj.br\/public\/jsp\/documentos\/documento_visualizacao.jsf?idDoc=2052181\"><strong>c<\/strong><strong>l<\/strong><strong>iq<\/strong><strong>u<\/strong><strong>e aqui.<\/strong><\/a><\/p>\n<p><strong>Data do documento: <\/strong>12\u00a0de fevereiro de 2026.<\/p>\n<p><strong>Assunto do documento<\/strong>: Delibera\u00e7\u00e3o de aprova\u00e7\u00e3o do Regimento do Laborat\u00f3rio Multiusu\u00e1rios de Biorrefinaria Lignocelul\u00f3sica &#8211; LBL do DPF.<\/p>\n<hr \/>\n<p><strong>Delibera\u00e7\u00e3o N\u00ba 47 \/ 2026 \u2013 IF<\/strong><\/p>\n<p>Para acessar o documento,\u00a0<a href=\"https:\/\/sipac.ufrrj.br\/public\/jsp\/documentos\/documento_visualizacao.jsf?idDoc=2049416\"><strong>c<\/strong><strong>l<\/strong><strong>iq<\/strong><strong>u<\/strong><strong>e aqui.<\/strong><\/a><\/p>\n<p><strong>Data do documento: <\/strong>9 de fevereiro de 2026.<\/p>\n<p><strong>Assunto do documento<\/strong>: Delibera\u00e7\u00e3o de homologa\u00e7\u00e3o do Parecer da Comiss\u00e3o Interna de Confer\u00eancia de Documentos da Promo\u00e7\u00e3o Funcional a Professor Titular \u2013 Classe D da Docente Alexandra Pires Fernandez.<\/p>\n<hr \/>\n<p><strong>Delibera\u00e7\u00e3o N\u00ba 46 \/ 2026 \u2013 IF<\/strong><\/p>\n<p>Para acessar o documento,\u00a0<a href=\"https:\/\/sipac.ufrrj.br\/public\/jsp\/documentos\/documento_visualizacao.jsf?idDoc=2049382\"><strong>c<\/strong><strong>l<\/strong><strong>iq<\/strong><strong>u<\/strong><strong>e aqui.<\/strong><\/a><\/p>\n<p><strong>Data do documento: <\/strong>9 de fevereiro de 2026.<\/p>\n<p><strong>Assunto do documento<\/strong>: Delibera\u00e7\u00e3o de aprova\u00e7\u00e3o da conclus\u00e3o do est\u00e1gio cient\u00edfico avan\u00e7ado de p\u00f3s-doutoramento da Professora Vanessa de Arruda Souza em Lisboa-Portugal.<\/p>\n<hr \/>\n<p><strong>Delibera\u00e7\u00e3o N\u00ba 45 \/ 2026 \u2013 IF<\/strong><\/p>\n<p>Para acessar o documento,\u00a0<a href=\"https:\/\/sipac.ufrrj.br\/public\/jsp\/documentos\/documento_visualizacao.jsf?idDoc=2049354\"><strong>c<\/strong><strong>l<\/strong><strong>iq<\/strong><strong>u<\/strong><strong>e aqui.<\/strong><\/a><\/p>\n<p><strong>Data do documento: <\/strong>9 de fevereiro de 2026.<\/p>\n<p><strong>Assunto do documento<\/strong>: Delibera\u00e7\u00e3o de homologa\u00e7\u00e3o do ato ad referendum que aprovou o afastamento de curta dura\u00e7\u00e3o no exterior em favor do Professor Fernando Jos\u00e9 Borges Gomes para o Chile em fevereiro de 2026.<\/p>\n<hr \/>\n<p>&nbsp;<\/p>\n","protected":false},"excerpt":{"rendered":"<p>&nbsp; Delibera\u00e7\u00e3o N\u00ba 173 \/ 2026 \u2013 IF Para acessar o documento,\u00a0clique aqui. Data do documento: 8 de maio de <a class=\"read-more\" href=\"https:\/\/institucional.ufrrj.br\/nidflor\/deliberacoes-2026\/ \">&#8230; <i class=\"fa fa-long-arrow-right\"><\/i><\/a><\/p>\n","protected":false},"author":817,"featured_media":0,"parent":0,"menu_order":0,"comment_status":"closed","ping_status":"closed","template":"","meta":{"_acf_changed":false,"footnotes":""},"class_list":["post-1878","page","type-page","status-publish","hentry"],"yoast_head":"<!-- This site is optimized with the Yoast SEO plugin v27.2 - https:\/\/yoast.com\/product\/yoast-seo-wordpress\/ -->\n<title>Delibera\u00e7\u00f5es 2026 - NIDFLOR<\/title>\n<meta name=\"robots\" content=\"index, follow, max-snippet:-1, max-image-preview:large, max-video-preview:-1\" \/>\n<link rel=\"canonical\" href=\"https:\/\/institucional.ufrrj.br\/nidflor\/deliberacoes-2026\/\" \/>\n<meta property=\"og:locale\" content=\"pt_BR\" \/>\n<meta property=\"og:type\" content=\"article\" \/>\n<meta property=\"og:title\" content=\"Delibera\u00e7\u00f5es 2026 - NIDFLOR\" \/>\n<meta property=\"og:description\" content=\"&nbsp; Delibera\u00e7\u00e3o N\u00ba 173 \/ 2026 \u2013 IF Para acessar o documento,\u00a0clique aqui. Data do documento: 8 de maio de ...\" \/>\n<meta property=\"og:url\" content=\"https:\/\/institucional.ufrrj.br\/nidflor\/deliberacoes-2026\/\" \/>\n<meta property=\"og:site_name\" content=\"NIDFLOR\" \/>\n<meta property=\"article:modified_time\" content=\"2026-05-08T19:52:09+00:00\" \/>\n<meta name=\"twitter:card\" content=\"summary_large_image\" \/>\n<meta name=\"twitter:label1\" content=\"Est. tempo de leitura\" \/>\n\t<meta name=\"twitter:data1\" content=\"4 minutos\" \/>\n<script type=\"application\/ld+json\" class=\"yoast-schema-graph\">{\"@context\":\"https:\/\/schema.org\",\"@graph\":[{\"@type\":\"WebPage\",\"@id\":\"https:\/\/institucional.ufrrj.br\/nidflor\/deliberacoes-2026\/\",\"url\":\"https:\/\/institucional.ufrrj.br\/nidflor\/deliberacoes-2026\/\",\"name\":\"Delibera\u00e7\u00f5es 2026 - NIDFLOR\",\"isPartOf\":{\"@id\":\"https:\/\/institucional.ufrrj.br\/nidflor\/#website\"},\"datePublished\":\"2026-02-10T12:02:53+00:00\",\"dateModified\":\"2026-05-08T19:52:09+00:00\",\"breadcrumb\":{\"@id\":\"https:\/\/institucional.ufrrj.br\/nidflor\/deliberacoes-2026\/#breadcrumb\"},\"inLanguage\":\"pt-BR\",\"potentialAction\":[{\"@type\":\"ReadAction\",\"target\":[\"https:\/\/institucional.ufrrj.br\/nidflor\/deliberacoes-2026\/\"]}]},{\"@type\":\"BreadcrumbList\",\"@id\":\"https:\/\/institucional.ufrrj.br\/nidflor\/deliberacoes-2026\/#breadcrumb\",\"itemListElement\":[{\"@type\":\"ListItem\",\"position\":1,\"name\":\"In\u00edcio\",\"item\":\"https:\/\/institucional.ufrrj.br\/nidflor\/\"},{\"@type\":\"ListItem\",\"position\":2,\"name\":\"Delibera\u00e7\u00f5es 2026\"}]},{\"@type\":\"WebSite\",\"@id\":\"https:\/\/institucional.ufrrj.br\/nidflor\/#website\",\"url\":\"https:\/\/institucional.ufrrj.br\/nidflor\/\",\"name\":\"NIDFLOR\",\"description\":\"N\u00facleo de Informa\u00e7\u00e3o e Documenta\u00e7\u00e3o Florestal - UFRRJ\",\"potentialAction\":[{\"@type\":\"SearchAction\",\"target\":{\"@type\":\"EntryPoint\",\"urlTemplate\":\"https:\/\/institucional.ufrrj.br\/nidflor\/?s={search_term_string}\"},\"query-input\":{\"@type\":\"PropertyValueSpecification\",\"valueRequired\":true,\"valueName\":\"search_term_string\"}}],\"inLanguage\":\"pt-BR\"}]}<\/script>\n<!-- \/ Yoast SEO plugin. -->","yoast_head_json":{"title":"Delibera\u00e7\u00f5es 2026 - NIDFLOR","robots":{"index":"index","follow":"follow","max-snippet":"max-snippet:-1","max-image-preview":"max-image-preview:large","max-video-preview":"max-video-preview:-1"},"canonical":"https:\/\/institucional.ufrrj.br\/nidflor\/deliberacoes-2026\/","og_locale":"pt_BR","og_type":"article","og_title":"Delibera\u00e7\u00f5es 2026 - NIDFLOR","og_description":"&nbsp; Delibera\u00e7\u00e3o N\u00ba 173 \/ 2026 \u2013 IF Para acessar o documento,\u00a0clique aqui. Data do documento: 8 de maio de ...","og_url":"https:\/\/institucional.ufrrj.br\/nidflor\/deliberacoes-2026\/","og_site_name":"NIDFLOR","article_modified_time":"2026-05-08T19:52:09+00:00","twitter_card":"summary_large_image","twitter_misc":{"Est. tempo de leitura":"4 minutos"},"schema":{"@context":"https:\/\/schema.org","@graph":[{"@type":"WebPage","@id":"https:\/\/institucional.ufrrj.br\/nidflor\/deliberacoes-2026\/","url":"https:\/\/institucional.ufrrj.br\/nidflor\/deliberacoes-2026\/","name":"Delibera\u00e7\u00f5es 2026 - NIDFLOR","isPartOf":{"@id":"https:\/\/institucional.ufrrj.br\/nidflor\/#website"},"datePublished":"2026-02-10T12:02:53+00:00","dateModified":"2026-05-08T19:52:09+00:00","breadcrumb":{"@id":"https:\/\/institucional.ufrrj.br\/nidflor\/deliberacoes-2026\/#breadcrumb"},"inLanguage":"pt-BR","potentialAction":[{"@type":"ReadAction","target":["https:\/\/institucional.ufrrj.br\/nidflor\/deliberacoes-2026\/"]}]},{"@type":"BreadcrumbList","@id":"https:\/\/institucional.ufrrj.br\/nidflor\/deliberacoes-2026\/#breadcrumb","itemListElement":[{"@type":"ListItem","position":1,"name":"In\u00edcio","item":"https:\/\/institucional.ufrrj.br\/nidflor\/"},{"@type":"ListItem","position":2,"name":"Delibera\u00e7\u00f5es 2026"}]},{"@type":"WebSite","@id":"https:\/\/institucional.ufrrj.br\/nidflor\/#website","url":"https:\/\/institucional.ufrrj.br\/nidflor\/","name":"NIDFLOR","description":"N\u00facleo de Informa\u00e7\u00e3o e Documenta\u00e7\u00e3o Florestal - UFRRJ","potentialAction":[{"@type":"SearchAction","target":{"@type":"EntryPoint","urlTemplate":"https:\/\/institucional.ufrrj.br\/nidflor\/?s={search_term_string}"},"query-input":{"@type":"PropertyValueSpecification","valueRequired":true,"valueName":"search_term_string"}}],"inLanguage":"pt-BR"}]}},"acf":[],"_links":{"self":[{"href":"https:\/\/institucional.ufrrj.br\/nidflor\/wp-json\/wp\/v2\/pages\/1878","targetHints":{"allow":["GET"]}}],"collection":[{"href":"https:\/\/institucional.ufrrj.br\/nidflor\/wp-json\/wp\/v2\/pages"}],"about":[{"href":"https:\/\/institucional.ufrrj.br\/nidflor\/wp-json\/wp\/v2\/types\/page"}],"author":[{"embeddable":true,"href":"https:\/\/institucional.ufrrj.br\/nidflor\/wp-json\/wp\/v2\/users\/817"}],"replies":[{"embeddable":true,"href":"https:\/\/institucional.ufrrj.br\/nidflor\/wp-json\/wp\/v2\/comments?post=1878"}],"version-history":[{"count":2,"href":"https:\/\/institucional.ufrrj.br\/nidflor\/wp-json\/wp\/v2\/pages\/1878\/revisions"}],"predecessor-version":[{"id":2041,"href":"https:\/\/institucional.ufrrj.br\/nidflor\/wp-json\/wp\/v2\/pages\/1878\/revisions\/2041"}],"wp:attachment":[{"href":"https:\/\/institucional.ufrrj.br\/nidflor\/wp-json\/wp\/v2\/media?parent=1878"}],"curies":[{"name":"wp","href":"https:\/\/api.w.org\/{rel}","templated":true}]}}