{"id":104,"date":"2017-03-28T14:36:35","date_gmt":"2017-03-28T17:36:35","guid":{"rendered":"http:\/\/institucional.ufrrj.br\/nidflor\/?page_id=104"},"modified":"2025-09-25T15:53:16","modified_gmt":"2025-09-25T18:53:16","slug":"quem-somos","status":"publish","type":"page","link":"https:\/\/institucional.ufrrj.br\/nidflor\/quem-somos\/","title":{"rendered":"O N\u00facleo"},"content":{"rendered":"<p>O N\u00facleo de Informa\u00e7\u00e3o e Documenta\u00e7\u00e3o Florestal &#8211; NIDFLOR faz parte da estrutura organizacional do <a href=\"http:\/\/institutos.ufrrj.br\/if\/\" target=\"_blank\" rel=\"noopener\">Instituto de Florestas<\/a> da <a href=\"http:\/\/portal.ufrrj.br\/\" target=\"_blank\" rel=\"noopener\">Universidade Federal Rural do Rio de Janeiro<\/a> e teve sua exist\u00eancia oficialmente aprovada em 09\/12\/2016. O NIDFLOR atende a diversas finalidades, entre elas:<\/p>\n<p>&nbsp;<\/p>\n<p>&#8211; Assegurar espa\u00e7o de conviv\u00eancia e de acesso \u00e0 informa\u00e7\u00e3o cient\u00edfica e tecnol\u00f3gica para toda a comunidade acad\u00eamica: o NIDFLOR possui sala de estudos com acesso a internet sem fio e ambiente climatizado e tamb\u00e9m sala de inform\u00e1tica para utiliza\u00e7\u00e3o de seus usu\u00e1rios cadastrados;<\/p>\n<p>&#8211; Sediar o editorial da Revista Floresta e Ambiente &#8211; a FLORAM: com a cria\u00e7\u00e3o do NIDFLOR, a <a href=\"http:\/\/floram.org\/\" target=\"_blank\" rel=\"noopener\">FLORAM<\/a>, peri\u00f3dico cient\u00edfico do Instituto de Florestas, passou a estar inserida \u00e0 estrutura organizacional do NIDFLOR;<\/p>\n<p>&#8211; Abrigar a biblioteca setorial do Instituto de Florestas: a biblioteca do NIDFLOR conta com mais de 2.200 obras bibliogr\u00e1ficas \u00e0 disposi\u00e7\u00e3o de seus usu\u00e1rios para consulta local;<\/p>\n<p>&#8211; Planejar, apoiar e divulgar eventos, projetos e atividades acad\u00eamicas de ensino, pesquisa e extens\u00e3o e que promovam a forma\u00e7\u00e3o acad\u00eamica de estudantes de gradua\u00e7\u00e3o e de p\u00f3s-gradua\u00e7\u00e3o: a equipe de trabalho do NIDFLOR presta apoio direto \u00e0 diretoria, \u00e0s coordena\u00e7\u00f5es do Curso de Gradua\u00e7\u00e3o de Engenharia Florestal e do Programa de P\u00f3s-gradua\u00e7\u00e3o em Ci\u00eancias Ambientais e Florestais e aos departamentos do Instituto de Florestas.<\/p>\n<p>&nbsp;<\/p>\n<h2 style=\"text-align: center\"><span style=\"color: #800000\">Conhe\u00e7a o NIDFLOR<\/span><\/h2>\n<p style=\"text-align: center\"><div id=\"metaslider-id-284\" style=\"max-width: 1750px;\" class=\"ml-slider-3-107-0 metaslider metaslider-flex metaslider-284 ml-slider has-dots-nav ms-theme-default\" role=\"region\" aria-label=\"New Slideshow\" data-height=\"980\" data-width=\"1750\">\n    <div id=\"metaslider_container_284\">\n        <div id=\"metaslider_284\">\n            <ul class='slides'>\n                <li style=\"display: block; width: 100%;\" class=\"slide-392 ms-image \" aria-roledescription=\"slide\" data-date=\"2019-01-10 16:44:23\" data-filename=\"Organograma-do-NIDFLOR-com-borda-1067x597.png\" data-slide-type=\"image\"><img loading=\"lazy\" decoding=\"async\" src=\"https:\/\/institucional.ufrrj.br\/nidflor\/files\/2018\/07\/Organograma-do-NIDFLOR-com-borda-1067x597.png\" height=\"980\" width=\"1750\" alt=\"\" class=\"slider-284 slide-392 msDefaultImage\" title=\"Organograma do NIDFLOR com borda\" \/><div class=\"caption-wrap\"><div class=\"caption\">Organograma da estrutura administrativa do NIDFLOR.<\/div><\/div><\/li>\n                <li style=\"display: none; width: 100%;\" class=\"slide-410 ms-image \" aria-roledescription=\"slide\" data-date=\"2019-01-14 11:15:52\" data-filename=\"IMG_20171206_105913143-1750x980.jpg\" data-slide-type=\"image\"><img loading=\"lazy\" decoding=\"async\" src=\"https:\/\/institucional.ufrrj.br\/nidflor\/files\/2018\/07\/IMG_20171206_105913143-1750x980.jpg\" height=\"980\" width=\"1750\" alt=\"\" class=\"slider-284 slide-410 msDefaultImage\" title=\"IMG_20171206_105913143\" \/><div class=\"caption-wrap\"><div class=\"caption\">Sala de Inform\u00e1tica do NIDFLOR.<\/div><\/div><\/li>\n                <li style=\"display: none; width: 100%;\" class=\"slide-417 ms-image \" aria-roledescription=\"slide\" data-date=\"2019-01-14 11:30:48\" data-filename=\"IMG_20170530_124332916-1750x980.jpg\" data-slide-type=\"image\"><img loading=\"lazy\" decoding=\"async\" src=\"https:\/\/institucional.ufrrj.br\/nidflor\/files\/2019\/01\/IMG_20170530_124332916-1750x980.jpg\" height=\"980\" width=\"1750\" alt=\"\" class=\"slider-284 slide-417 msDefaultImage\" title=\"IMG_20170530_124332916\" \/><div class=\"caption-wrap\"><div class=\"caption\">Sala de Inform\u00e1tica do Nidflor.<\/div><\/div><\/li>\n                <li style=\"display: none; width: 100%;\" class=\"slide-421 ms-image \" aria-roledescription=\"slide\" data-date=\"2019-01-14 11:56:29\" data-filename=\"Sala-de-estudos-1-1750x980.jpg\" data-slide-type=\"image\"><img loading=\"lazy\" decoding=\"async\" src=\"https:\/\/institucional.ufrrj.br\/nidflor\/files\/2019\/01\/Sala-de-estudos-1-1750x980.jpg\" height=\"980\" width=\"1750\" alt=\"\" class=\"slider-284 slide-421 msDefaultImage\" title=\"Sala de estudos 1\" \/><div class=\"caption-wrap\"><div class=\"caption\">Sala de estudos e biblioteca.<\/div><\/div><\/li>\n                <li style=\"display: none; width: 100%;\" class=\"slide-423 ms-image \" aria-roledescription=\"slide\" data-date=\"2019-01-14 11:58:09\" data-filename=\"Biblioteca-e-sala-de-estudos-1750x980.jpg\" data-slide-type=\"image\"><img loading=\"lazy\" decoding=\"async\" src=\"https:\/\/institucional.ufrrj.br\/nidflor\/files\/2019\/01\/Biblioteca-e-sala-de-estudos-1750x980.jpg\" height=\"980\" width=\"1750\" alt=\"\" class=\"slider-284 slide-423 msDefaultImage\" title=\"Biblioteca e sala de estudos\" \/><div class=\"caption-wrap\"><div class=\"caption\">Biblioteca e sala de estudos.<\/div><\/div><\/li>\n                <li style=\"display: none; width: 100%;\" class=\"slide-419 ms-image \" aria-roledescription=\"slide\" data-date=\"2019-01-14 11:55:27\" data-filename=\"Biblioteca-e-sala-de-estudos-em-grupo-1750x980.jpg\" data-slide-type=\"image\"><img loading=\"lazy\" decoding=\"async\" src=\"https:\/\/institucional.ufrrj.br\/nidflor\/files\/2019\/01\/Biblioteca-e-sala-de-estudos-em-grupo-1750x980.jpg\" height=\"980\" width=\"1750\" alt=\"\" class=\"slider-284 slide-419 msDefaultImage\" title=\"Biblioteca e sala de estudos em grupo\" \/><div class=\"caption-wrap\"><div class=\"caption\">Biblioteca e cabine estudos em grupo.<\/div><\/div><\/li>\n                <li style=\"display: none; width: 100%;\" class=\"slide-411 ms-image \" aria-roledescription=\"slide\" data-date=\"2019-01-14 11:16:47\" data-filename=\"IMG_20171206_104409114-1750x980.jpg\" data-slide-type=\"image\"><img loading=\"lazy\" decoding=\"async\" src=\"https:\/\/institucional.ufrrj.br\/nidflor\/files\/2018\/07\/IMG_20171206_104409114-1750x980.jpg\" height=\"980\" width=\"1750\" alt=\"\" class=\"slider-284 slide-411 msDefaultImage\" title=\"IMG_20171206_104409114\" \/><div class=\"caption-wrap\"><div class=\"caption\">Cabine de estudos em grupo da biblioteca do NIDFLOR.<\/div><\/div><\/li>\n                <li style=\"display: none; width: 100%;\" class=\"slide-413 ms-image \" aria-roledescription=\"slide\" data-date=\"2019-01-14 11:27:10\" data-filename=\"IMG_20170531_150303721-1750x980.jpg\" data-slide-type=\"image\"><img loading=\"lazy\" decoding=\"async\" src=\"https:\/\/institucional.ufrrj.br\/nidflor\/files\/2019\/01\/IMG_20170531_150303721-1750x980.jpg\" height=\"980\" width=\"1750\" alt=\"\" class=\"slider-284 slide-413 msDefaultImage\" title=\"IMG_20170531_150303721\" \/><div class=\"caption-wrap\"><div class=\"caption\">Recep\u00e7\u00e3o do NIDFLOR.<\/div><\/div><\/li>\n                <li style=\"display: none; width: 100%;\" class=\"slide-415 ms-image \" aria-roledescription=\"slide\" data-date=\"2019-01-14 11:27:57\" data-filename=\"IMG_20190110_170131630-1750x980.jpg\" data-slide-type=\"image\"><img loading=\"lazy\" decoding=\"async\" src=\"https:\/\/institucional.ufrrj.br\/nidflor\/files\/2019\/01\/IMG_20190110_170131630-1750x980.jpg\" height=\"980\" width=\"1750\" alt=\"\" class=\"slider-284 slide-415 msDefaultImage\" title=\"IMG_20190110_170131630\" \/><div class=\"caption-wrap\"><div class=\"caption\">Secretaria Editorial da Floram e Secretaria T\u00e9cnica-administrativa do NIDFLOR.<\/div><\/div><\/li>\n            <\/ul>\n        <\/div>\n        \n    <\/div>\n<\/div><\/p>\n","protected":false},"excerpt":{"rendered":"<p>O N\u00facleo de Informa\u00e7\u00e3o e Documenta\u00e7\u00e3o Florestal &#8211; NIDFLOR faz parte da estrutura organizacional do Instituto de Florestas da Universidade <a class=\"read-more\" href=\"https:\/\/institucional.ufrrj.br\/nidflor\/quem-somos\/ \">&#8230; <i class=\"fa fa-long-arrow-right\"><\/i><\/a><\/p>\n","protected":false},"author":690,"featured_media":0,"parent":0,"menu_order":0,"comment_status":"closed","ping_status":"closed","template":"","meta":{"_acf_changed":false,"footnotes":""},"class_list":["post-104","page","type-page","status-publish","hentry"],"yoast_head":"<!-- This site is optimized with the Yoast SEO plugin v27.2 - https:\/\/yoast.com\/product\/yoast-seo-wordpress\/ -->\n<title>O N\u00facleo - NIDFLOR<\/title>\n<meta name=\"robots\" content=\"index, follow, max-snippet:-1, max-image-preview:large, max-video-preview:-1\" \/>\n<link rel=\"canonical\" href=\"https:\/\/institucional.ufrrj.br\/nidflor\/quem-somos\/\" \/>\n<meta property=\"og:locale\" content=\"pt_BR\" \/>\n<meta property=\"og:type\" content=\"article\" \/>\n<meta property=\"og:title\" content=\"O N\u00facleo - NIDFLOR\" \/>\n<meta property=\"og:description\" content=\"O N\u00facleo de Informa\u00e7\u00e3o e Documenta\u00e7\u00e3o Florestal &#8211; NIDFLOR faz parte da estrutura organizacional do Instituto de Florestas da Universidade ...\" \/>\n<meta property=\"og:url\" content=\"https:\/\/institucional.ufrrj.br\/nidflor\/quem-somos\/\" \/>\n<meta property=\"og:site_name\" content=\"NIDFLOR\" \/>\n<meta property=\"article:modified_time\" content=\"2025-09-25T18:53:16+00:00\" \/>\n<meta name=\"twitter:card\" content=\"summary_large_image\" \/>\n<meta name=\"twitter:label1\" content=\"Est. tempo de leitura\" \/>\n\t<meta name=\"twitter:data1\" content=\"1 minuto\" \/>\n<script type=\"application\/ld+json\" class=\"yoast-schema-graph\">{\"@context\":\"https:\/\/schema.org\",\"@graph\":[{\"@type\":\"WebPage\",\"@id\":\"https:\/\/institucional.ufrrj.br\/nidflor\/quem-somos\/\",\"url\":\"https:\/\/institucional.ufrrj.br\/nidflor\/quem-somos\/\",\"name\":\"O N\u00facleo - NIDFLOR\",\"isPartOf\":{\"@id\":\"https:\/\/institucional.ufrrj.br\/nidflor\/#website\"},\"datePublished\":\"2017-03-28T17:36:35+00:00\",\"dateModified\":\"2025-09-25T18:53:16+00:00\",\"breadcrumb\":{\"@id\":\"https:\/\/institucional.ufrrj.br\/nidflor\/quem-somos\/#breadcrumb\"},\"inLanguage\":\"pt-BR\",\"potentialAction\":[{\"@type\":\"ReadAction\",\"target\":[\"https:\/\/institucional.ufrrj.br\/nidflor\/quem-somos\/\"]}]},{\"@type\":\"BreadcrumbList\",\"@id\":\"https:\/\/institucional.ufrrj.br\/nidflor\/quem-somos\/#breadcrumb\",\"itemListElement\":[{\"@type\":\"ListItem\",\"position\":1,\"name\":\"In\u00edcio\",\"item\":\"https:\/\/institucional.ufrrj.br\/nidflor\/\"},{\"@type\":\"ListItem\",\"position\":2,\"name\":\"O N\u00facleo\"}]},{\"@type\":\"WebSite\",\"@id\":\"https:\/\/institucional.ufrrj.br\/nidflor\/#website\",\"url\":\"https:\/\/institucional.ufrrj.br\/nidflor\/\",\"name\":\"NIDFLOR\",\"description\":\"N\u00facleo de Informa\u00e7\u00e3o e Documenta\u00e7\u00e3o Florestal - UFRRJ\",\"potentialAction\":[{\"@type\":\"SearchAction\",\"target\":{\"@type\":\"EntryPoint\",\"urlTemplate\":\"https:\/\/institucional.ufrrj.br\/nidflor\/?s={search_term_string}\"},\"query-input\":{\"@type\":\"PropertyValueSpecification\",\"valueRequired\":true,\"valueName\":\"search_term_string\"}}],\"inLanguage\":\"pt-BR\"}]}<\/script>\n<!-- \/ Yoast SEO plugin. -->","yoast_head_json":{"title":"O N\u00facleo - NIDFLOR","robots":{"index":"index","follow":"follow","max-snippet":"max-snippet:-1","max-image-preview":"max-image-preview:large","max-video-preview":"max-video-preview:-1"},"canonical":"https:\/\/institucional.ufrrj.br\/nidflor\/quem-somos\/","og_locale":"pt_BR","og_type":"article","og_title":"O N\u00facleo - NIDFLOR","og_description":"O N\u00facleo de Informa\u00e7\u00e3o e Documenta\u00e7\u00e3o Florestal &#8211; NIDFLOR faz parte da estrutura organizacional do Instituto de Florestas da Universidade ...","og_url":"https:\/\/institucional.ufrrj.br\/nidflor\/quem-somos\/","og_site_name":"NIDFLOR","article_modified_time":"2025-09-25T18:53:16+00:00","twitter_card":"summary_large_image","twitter_misc":{"Est. tempo de leitura":"1 minuto"},"schema":{"@context":"https:\/\/schema.org","@graph":[{"@type":"WebPage","@id":"https:\/\/institucional.ufrrj.br\/nidflor\/quem-somos\/","url":"https:\/\/institucional.ufrrj.br\/nidflor\/quem-somos\/","name":"O N\u00facleo - NIDFLOR","isPartOf":{"@id":"https:\/\/institucional.ufrrj.br\/nidflor\/#website"},"datePublished":"2017-03-28T17:36:35+00:00","dateModified":"2025-09-25T18:53:16+00:00","breadcrumb":{"@id":"https:\/\/institucional.ufrrj.br\/nidflor\/quem-somos\/#breadcrumb"},"inLanguage":"pt-BR","potentialAction":[{"@type":"ReadAction","target":["https:\/\/institucional.ufrrj.br\/nidflor\/quem-somos\/"]}]},{"@type":"BreadcrumbList","@id":"https:\/\/institucional.ufrrj.br\/nidflor\/quem-somos\/#breadcrumb","itemListElement":[{"@type":"ListItem","position":1,"name":"In\u00edcio","item":"https:\/\/institucional.ufrrj.br\/nidflor\/"},{"@type":"ListItem","position":2,"name":"O N\u00facleo"}]},{"@type":"WebSite","@id":"https:\/\/institucional.ufrrj.br\/nidflor\/#website","url":"https:\/\/institucional.ufrrj.br\/nidflor\/","name":"NIDFLOR","description":"N\u00facleo de Informa\u00e7\u00e3o e Documenta\u00e7\u00e3o Florestal - UFRRJ","potentialAction":[{"@type":"SearchAction","target":{"@type":"EntryPoint","urlTemplate":"https:\/\/institucional.ufrrj.br\/nidflor\/?s={search_term_string}"},"query-input":{"@type":"PropertyValueSpecification","valueRequired":true,"valueName":"search_term_string"}}],"inLanguage":"pt-BR"}]}},"acf":[],"_links":{"self":[{"href":"https:\/\/institucional.ufrrj.br\/nidflor\/wp-json\/wp\/v2\/pages\/104","targetHints":{"allow":["GET"]}}],"collection":[{"href":"https:\/\/institucional.ufrrj.br\/nidflor\/wp-json\/wp\/v2\/pages"}],"about":[{"href":"https:\/\/institucional.ufrrj.br\/nidflor\/wp-json\/wp\/v2\/types\/page"}],"author":[{"embeddable":true,"href":"https:\/\/institucional.ufrrj.br\/nidflor\/wp-json\/wp\/v2\/users\/690"}],"replies":[{"embeddable":true,"href":"https:\/\/institucional.ufrrj.br\/nidflor\/wp-json\/wp\/v2\/comments?post=104"}],"version-history":[{"count":20,"href":"https:\/\/institucional.ufrrj.br\/nidflor\/wp-json\/wp\/v2\/pages\/104\/revisions"}],"predecessor-version":[{"id":1830,"href":"https:\/\/institucional.ufrrj.br\/nidflor\/wp-json\/wp\/v2\/pages\/104\/revisions\/1830"}],"wp:attachment":[{"href":"https:\/\/institucional.ufrrj.br\/nidflor\/wp-json\/wp\/v2\/media?parent=104"}],"curies":[{"name":"wp","href":"https:\/\/api.w.org\/{rel}","templated":true}]}}