{"id":89,"date":"2024-11-12T14:36:55","date_gmt":"2024-11-12T17:36:55","guid":{"rendered":"https:\/\/institucional.ufrrj.br\/museuzoologia\/?page_id=89"},"modified":"2024-12-19T18:34:10","modified_gmt":"2024-12-19T21:34:10","slug":"historia","status":"publish","type":"page","link":"https:\/\/institucional.ufrrj.br\/museuzoologia\/historia\/","title":{"rendered":"Hist\u00f3ria"},"content":{"rendered":"\n<p class=\" has-text-align-center eplus-wrapper\"><strong>Museu de Zoologia e UFRRJ: uma hist\u00f3ria em comum<\/strong><\/p>\n\n\n\n<p class=\" eplus-wrapper\">No ano de 1910 foi fundada a Escola Superior de Agricultura e Medicina Veterin\u00e1ria (ESAMV), vinculada ao Minist\u00e9rio da Agricultura, Ind\u00fastria e Com\u00e9rcio atrav\u00e9s do Decreto 8.319 de 20 de outubro de 1910, assinado pelo ent\u00e3o presidente Nilo Pe\u00e7anha. Neste momento, era criada a&nbsp; 4\u00aa Cadeira da ESAMV, respons\u00e1vel por ministrar aulas de \u201cZoologia geral e systematica\u201d para os cursos de Medicina Veterin\u00e1ria e Engenharia Agron\u00f4mica. Essa cadeira deveria contar com laborat\u00f3rio de zoologia com cole\u00e7\u00f5es did\u00e1ticas para \u201ctrabalhos pr\u00e1ticos dos alunos, demonstra\u00e7\u00f5es e investiga\u00e7\u00f5es do pessoal docente\u201d. \u00c9 neste momento que o atual acervo do Museu de Zoologia come\u00e7a a se formar. Alguns animais da cole\u00e7\u00e3o datam da primeira d\u00e9cada do s\u00e9culo XX, como o tatu-galinha (1913), um dos animais mais antigos em exposi\u00e7\u00e3o.&nbsp;<\/p>\n\n\n<div class=\"wp-block-image \">\n<figure class=\"aligncenter is-resized eplus-wrapper\"><img decoding=\"async\" src=\"https:\/\/lh7-rt.googleusercontent.com\/docsz\/AD_4nXcawriNLm5ALBQTnBjQAN4Lg2ynSj5GTO6MjxWtNKZ2-cv0xF52ZyfGMa9uMbyRBFN6CFX2mUNbCjmxjfBBXfdP_pmqy1LIe7UYItSRr5NSV3ly_ELbqn_5eTkBvgly-2k0kXnnIQ?key=YmmZ9pERvyR_nGpqzq4scZ_B\" alt=\"\" style=\"width:375px;height:auto\" \/><figcaption class=\"wp-element-caption\">Ficha de cataloga\u00e7\u00e3o e registro do Tat\u00fa-galinha datada de 1913<\/figcaption><\/figure>\n<\/div>\n\n\n<p class=\" eplus-wrapper\">Inicialmente, a ESAMV ficaria instalada no antigo Pal\u00e1cio do Duque de Saxe, no bairro do Maracan\u00e3, no Rio de Janeiro, no terreno onde hoje funciona a CEFET-RJ. No entanto, devido a necessidade de adequa\u00e7\u00f5es do pr\u00e9dio, a ESAMV demorou a ser inaugurada de fato. Em 1913, foi realizado o concurso para professor da 4\u00aa Cadeira e o Prof. C\u00e2ndido Firmino de Mello Leit\u00e3o J\u00fanior (1886-1948) foi aprovado em primeiro lugar, tomando posse no mesmo ano e permanecendo na Institui\u00e7\u00e3o at\u00e9 1939. No mesmo ano, a ESAMV foi inaugurada e, apesar de j\u00e1 contar com v\u00e1rios esp\u00e9cimes de animais taxidermizados, principalmente mam\u00edferos (como a raposa-voadora, ta\u00edra e o macaco-verde), o laborat\u00f3rio de zoologia ainda carecia de cole\u00e7\u00f5es nacionais. Nessa \u00e9poca, algumas aves tamb\u00e9m j\u00e1 estavam presentes no acervo, como por exemplo, a gar\u00e7a-real-europeia e outras aves provenientes da Fran\u00e7a.&nbsp;<\/p>\n\n\n<div class=\"wp-block-image \">\n<figure class=\"aligncenter is-resized eplus-wrapper\"><img decoding=\"async\" src=\"https:\/\/lh7-rt.googleusercontent.com\/docsz\/AD_4nXf3IB1xxBxfSE2BO1O_ZtM2-zUcOSFXLEwcp2ZJVtrVJiFEGFKX4g1q2rUOmzeFVjFT5T8-n73jYsWKZ47iuLjLSdq_e64CGR9fXqgge4yox95jYhDcmW8ZLlB849uKSSta98xepg?key=YmmZ9pERvyR_nGpqzq4scZ_B\" alt=\"\" style=\"width:318px;height:auto\" \/><figcaption class=\"wp-element-caption\">C\u00e2ndido Firmino de Mello Leit\u00e3o, professor de Zoologia Geral e Systematica da ESAMV e ENA (1938)<\/figcaption><\/figure>\n<\/div>\n\n\n<p class=\" eplus-wrapper\">Em 1915 a ESAMV foi extinta pela Lei 2.924 de 5 de janeiro. No ano seguinte a ESAMV \u00e9 recriada e fundida com as Escolas M\u00e9dias ou Te\u00f3rico-Pr\u00e1ticas de Pinheiro e da Bahia. Em 1 de junho de 1916 o Prof. Mello Leit\u00e3o, um dos maiores zo\u00f3logos brasileiros, assumiu como Diretor da ESAMV, cargo que ocupou at\u00e9 1919. Durante esse per\u00edodo, a Escola se localizava no munic\u00edpio de Pinheiral, no interior do Estado do Rio de Janeiro. Posteriormente, em 1918, a ESAMV foi transferida para Niter\u00f3i, onde permaneceu at\u00e9 1927. Neste momento, um novo Regimento interno \u00e9 aprovado e a disciplina de Zoologia geral e systematica passa a ser ministrada pela 6\u00aa cadeira. Durante a perman\u00eancia da ESAMV em Niter\u00f3i, v\u00e1rios animais foram coletados, preparados e incorporados ao acervo. Entre eles, alguns peixes coletados em rios do interior do Estado do Rio de Janeiro. Esses indiv\u00edduos foram coletados e fixados pelo ent\u00e3o preparador de pe\u00e7as, Clodoaldo Pereira Devoto. Al\u00e9m desses animais, Devoto tamb\u00e9m esteve envolvido com a taxidermia de diversos outros esp\u00e9cimes do acervo, como alguns mam\u00edferos e aves e a coleta e fixa\u00e7\u00e3o de uma grande quantidade de invertebrados marinhos coletados por ele mesmo nas praias de Niter\u00f3i, dentre eles: moluscos, anel\u00eddeos e equinodermos. Sua contribui\u00e7\u00e3o para a cole\u00e7\u00e3o do Museu pode ser tra\u00e7ada desde 1913 at\u00e9 o final da d\u00e9cada de 1940.&nbsp;<\/p>\n\n\n\n<p class=\" eplus-wrapper\">Em 1927, o Decreto 17.776 determina a transfer\u00eancia do campus da ESAMV para um Pal\u00e1cio localizado na Av. Pasteur, 404, no bairro da Urca, na cidade do Rio de Janeiro. Naquele momento, o Pal\u00e1cio abrigava v\u00e1rios \u00f3rg\u00e3os do Minist\u00e9rio da Agricultura e, atualmente, funciona como o Museu de Ci\u00eancias da Terra.<\/p>\n\n\n\n<p class=\" eplus-wrapper\">Em 1934, o decreto 23.857 de 8 de fevereiro determina o desmembramento da ESAMV em tr\u00eas institui\u00e7\u00f5es. Uma delas seria a Escola Nacional de Agronomia (ENA), tendo a 8\u00aa cadeira de Zoologia Agr\u00edcola. Nesse momento, surge, pela primeira vez, no Art.7 do seu regimento, a men\u00e7\u00e3o de que as cadeiras da ENA disporiam de museus, uma \u201cinstala\u00e7\u00e3o necess\u00e1ria para o ensino experimental e demonstrativo\u201d.&nbsp;<\/p>\n\n\n<div class=\"wp-block-image \">\n<figure class=\"aligncenter eplus-wrapper\"><img decoding=\"async\" src=\"https:\/\/lh7-rt.googleusercontent.com\/docsz\/AD_4nXdhkJUGk09Bw-2XAtis7zUv97tMzHWxYcwVyVl8wVN2gjF5ZJN4mR4IpOiz_tzZdJDIKbZN0B4OkfTrWiNMrz3shBJD-gMGNnSj1II4ObLorkJqsNgweGGk1HGsPOWvUvcv6LkECg?key=YmmZ9pERvyR_nGpqzq4scZ_B\" alt=\"\" \/><figcaption class=\"wp-element-caption\">Trecho do regimento da Escola Nacional de Agronomia, anexo ao Decreto 23.857 de 8 de fevereiro de 1934, onde aparece, pela primeira vez, a palavra &#8220;museu&#8221;.<\/figcaption><\/figure>\n<\/div>\n\n\n<p class=\" eplus-wrapper\">Em 1939, a ENA adquire para o Museu, uma valiosa cole\u00e7\u00e3o de ovos de aves coletados entre 1920 e 1938. A maioria dos ovos foram coletados no munic\u00edpio de Dores do Indai\u00e1, centro-oeste de Minas Gerais, possivelmente, pelos irm\u00e3os Jos\u00e9 Caetano Sobrinho e Ant\u00f4nio Caetano da Silva Guimar\u00e3es Jr., os maiores coletores de ovos de aves brasileiras da \u00e9poca. Dentre eles, os mais antigos s\u00e3o ovos de gralha, datados de 1920. No final da d\u00e9cada de 1930, outros animais que comp\u00f5em o acervo do Museu at\u00e9 os dias de hoje foram adquiridos, como o macaco-de-cheiro, gato-mourisco, sagui-imperador e anhuma. Nesse mesmo ano a ENA passou a integrar o Centro Nacional de Ensino e Pesquisas Agron\u00f4micas (CNEPA).&nbsp;<\/p>\n\n\n<div class=\"wp-block-image \">\n<figure class=\"aligncenter eplus-wrapper\"><img decoding=\"async\" src=\"https:\/\/lh7-rt.googleusercontent.com\/docsz\/AD_4nXeSOqG_NAkrCX9cSxG7aoh_yncYAHfNcSRIhENaIX_0humHJKtDRk50peCofC--pxRzQxJZKI3lhy041AliJ0BmZ1xGpQ05ZcY6eqL9fdKOF9f_uLsGCKk1X64PedxERfYEjQMs1A?key=YmmZ9pERvyR_nGpqzq4scZ_B\" alt=\"\" \/><figcaption class=\"wp-element-caption\">Trecho do Relat\u00f3rio sobre as atividades agr\u00edcolas do Brasil elaborado pelo Minist\u00e9rio da Agricultura e enviado ao presidente da Rep\u00fablica em 1939<\/figcaption><\/figure>\n<\/div>\n\n<div class=\"wp-block-image \">\n<figure class=\"aligncenter is-resized eplus-wrapper\"><img decoding=\"async\" src=\"https:\/\/lh7-rt.googleusercontent.com\/docsz\/AD_4nXfx8-N6-cJ3XlDSTMcjTR8YA7Z4q7V3BMhBhXNmAVNk8XhE6h9kWcJigml8wNUagkRJKhvvanGGN71pXT712Fs0Hsqek72dzsEnHvTKe37b49gO8tVqGRQI-foZo6h3zb2wyH4KDg?key=YmmZ9pERvyR_nGpqzq4scZ_B\" alt=\"\" style=\"width:460px;height:auto\" \/><figcaption class=\"wp-element-caption\">Ficha de registro e cataloga\u00e7\u00e3o mais antiga referente \u00e0 cole\u00e7\u00e3o de ovos de aves do Museu de Zoologia<\/figcaption><\/figure>\n<\/div>\n\n\n<p class=\" eplus-wrapper\">Estamos levando em considera\u00e7\u00e3o essa primeira men\u00e7\u00e3o \u00e0 palavra \u201cmuseu\u201d, em 8 de fevereiro de 1934, como marco de funda\u00e7\u00e3o. Dessa forma, em 2024, o Museu de Zoologia completou 90 anos de exist\u00eancia. O professor C\u00e2ndido Firmino de Mello Leit\u00e3o J\u00fanior e o preparador de Museus Clodoaldo Pereira Devoto foram os primeiros respons\u00e1veis pelo acervo do Museu de Zoologia nos seus primeiros anos. Portanto, este \u00e9 um importante marco na hist\u00f3ria do Museu que desempenha, desde seu princ\u00edpio, um papel formativo indispens\u00e1vel para o que viria a ser a Universidade Federal Rural do Rio de Janeiro.&nbsp;<\/p>\n\n\n<div class=\"wp-block-image \">\n<figure class=\"aligncenter is-resized eplus-wrapper\"><img decoding=\"async\" src=\"https:\/\/lh7-rt.googleusercontent.com\/docsz\/AD_4nXfZjki1VjkiH8xNKNUwwC47gwOoIQLyob5v4S0eeEC4n-A0eJB1gPNsvR9_3Rl73x0wfVhU5kRZs4LD09qSrWWW0jE5WQPOiIv6C6ANTDpOnTBlfm3wHQFKJmae5TQ8uywVIE4G?key=YmmZ9pERvyR_nGpqzq4scZ_B\" alt=\"\" style=\"width:667px;height:auto\" \/><figcaption class=\"wp-element-caption\">Foto retirada do Boletim da Escola Nacional de Agronomia (1938) mostrando o Gabinete de Zoologia e, ao fundo, os arm\u00e1rios com v\u00e1rios animais que ainda comp\u00f5e o acervo do Museu de Zoologia da UFRRJ.<\/figcaption><\/figure>\n<\/div>\n\n<div class=\"wp-block-image \">\n<figure class=\"aligncenter size-full is-resized eplus-wrapper\"><img loading=\"lazy\" decoding=\"async\" width=\"606\" height=\"285\" src=\"https:\/\/institucional.ufrrj.br\/museuzoologia\/files\/2024\/12\/museu_zoo_colorida_horizontal_90anos-2.png\" alt=\"\" class=\"wp-image-151\" style=\"width:364px;height:auto\" srcset=\"https:\/\/institucional.ufrrj.br\/museuzoologia\/files\/2024\/12\/museu_zoo_colorida_horizontal_90anos-2.png 606w, https:\/\/institucional.ufrrj.br\/museuzoologia\/files\/2024\/12\/museu_zoo_colorida_horizontal_90anos-2-300x141.png 300w, https:\/\/institucional.ufrrj.br\/museuzoologia\/files\/2024\/12\/museu_zoo_colorida_horizontal_90anos-2-149x70.png 149w\" sizes=\"auto, (max-width: 606px) 100vw, 606px\" \/><figcaption class=\"wp-element-caption\">Logo comemorativa aos 90 anos do Museu de Zoologia da UFRRJ<\/figcaption><\/figure>\n<\/div>\n\n\n<p class=\" eplus-wrapper\"><\/p>\n\n\n\n<p class=\" has-text-align-center eplus-wrapper\">Texto em atualiza\u00e7\u00e3o&#8230;<\/p>\n\n\n\n<p class=\" eplus-wrapper\"><strong>Nota:<\/strong> O projeto \u201cMuseu de Zoologia e UFRRJ: uma hist\u00f3ria em comum\u201d foi desenvolvido pelo discente Thiago Ryan da Silva Mathias Lima, sob orienta\u00e7\u00e3o do professor Andr\u00e9 Padua (DBA-ICBS). O discente recebeu uma bolsa proveniente do edital n\u00ba 17\/2023 \u2013 Apoio Estrat\u00e9gico \u00e0 Acervos e Cole\u00e7\u00f5es vinculados ao NAAC-PROEXT.<\/p>\n\n\n\n<p class=\" eplus-wrapper\"><strong>Agradecimentos:<\/strong> \u00e0 coordena\u00e7\u00e3o e equipe do Centro de Mem\u00f3ria da UFRRJ; ao N\u00facleo de Articula\u00e7\u00e3o de Acervos e Cole\u00e7\u00f5es (NAAC-PROEXT-UFRRJ), \u00e0 equipe da Coordenadoria de Comunica\u00e7\u00e3o Social e Jornalismo (CCS) da UFRRJ<\/p>\n\n\n\n<p class=\" eplus-wrapper\"><strong>Bibliografia:<\/strong><\/p>\n\n\n\n<p class=\" eplus-wrapper\">As Atividades Agr\u00edcolas do Brasil em 1939 : Minist\u00e9rio da Agricultura : Internet Archive. Dispon\u00edvel em: &lt;<a href=\"https:\/\/archive.org\/details\/agro1939br\">https:\/\/archive.org\/details\/agro1939br<\/a>&gt;.&nbsp;<\/p>\n\n\n\n<p class=\" eplus-wrapper\">BOLETIM DA ESCOLA NACIONAL DE AGRONOMIA (1938). Rio de Janeiro.<\/p>\n\n\n\n<p class=\" eplus-wrapper\">BRASIL. Lei n\u00ba 8.319, de 20 de outubro de 1910. Cr\u00eaa o Ensino Agronomico e approva o respectivo regulamento. Di\u00e1rio Oficial, Rio de Janeiro, p\u00e1gina 9139. 2 de novembro de 1910.<\/p>\n\n\n\n<p class=\" eplus-wrapper\">BRASIL. Lei n\u00ba 2.924, de 5 de janeiro de 1915. Extingue a Escola Superior de Agricultura e Medicina Veterin\u00e1ria. Di\u00e1rio Oficial, Rio de Janeiro, p\u00e1gina 197 v.1, 6 de janeiro de 1915.<\/p>\n\n\n\n<p class=\" eplus-wrapper\">BRASIL<strong>.<\/strong> Decreto n\u00ba 12.012, de 20 de mar\u00e7o de 1916. Transfere as s\u00e9des da Escola Superior de Agricultura e Medicina Veterinaria Escola M\u00e9dia ou Theorico-Pratica da Bahia e reune em um s\u00f3 os dois mencionados<em>.<\/em> Di\u00e1rio Oficial da Uni\u00e3o, Rio de Janeiro, 20 de mar\u00e7o de 1916.<\/p>\n\n\n\n<p class=\" eplus-wrapper\">BRASIL<strong>.<\/strong> Decreto n\u00ba 12.927, de 20 de mar\u00e7o de 1918. D\u00e1 novo regulamento \u00e1 Escola Superior de Agricultura e Medicina Veterinaria<em>.<\/em> Di\u00e1rio Oficial da Uni\u00e3o, Rio de Janeiro, 20 de mar\u00e7o de 1918.<\/p>\n\n\n\n<p class=\" eplus-wrapper\">BRASIL. Decreto n\u00ba 23.857, de 8 de fevereiro de 1934. Cria a Escola Nacional de Agronomia. Di\u00e1rio Oficial da Uni\u00e3o, Rio de Janeiro, 15 de fevereiro de 1934. Se\u00e7\u00e3o 1, p\u00e1g 3126.<\/p>\n\n\n\n<p class=\" eplus-wrapper\">Marini et al., (2023). Oological collections and egg collectors of Brazilian birds: an overview. Arquivos de Zoologia, 54(1): 1-14.&nbsp;<\/p>\n\n\n\n<p class=\" eplus-wrapper\">OTRANTO, C. R. (2009). A autonomia universitaria no brasil: dadiva legal ou constru\u00e7ao coletiva?. Rio de Janeiro. UFRRJ.<\/p>\n\n\n\n<p class=\" eplus-wrapper\">UFRRJ (2019). Hist\u00f3ria da UFRRJ. Dispon\u00edvel em: &lt;<a href=\"https:\/\/institucional.ufrrj.br\/ccs\/historia-da-ufrrj\/\">https:\/\/institucional.ufrrj.br\/ccs\/historia-da-ufrrj\/<\/a>&gt;.<\/p>\n","protected":false},"excerpt":{"rendered":"<p>Museu de Zoologia e UFRRJ: uma hist\u00f3ria em comum No ano de 1910 foi fundada a Escola Superior de Agricultura e Medicina [&hellip;]<\/p>\n","protected":false},"author":870,"featured_media":0,"parent":0,"menu_order":0,"comment_status":"closed","ping_status":"closed","template":"","meta":{"_acf_changed":false,"footnotes":""},"class_list":["post-89","page","type-page","status-publish","hentry"],"yoast_head":"<!-- This site is optimized with the Yoast SEO plugin v27.2 - https:\/\/yoast.com\/product\/yoast-seo-wordpress\/ -->\n<title>Hist\u00f3ria - Museu de Zoologia<\/title>\n<meta name=\"robots\" content=\"index, follow, max-snippet:-1, max-image-preview:large, max-video-preview:-1\" \/>\n<link rel=\"canonical\" href=\"https:\/\/institucional.ufrrj.br\/museuzoologia\/historia\/\" \/>\n<meta property=\"og:locale\" content=\"pt_BR\" \/>\n<meta property=\"og:type\" content=\"article\" \/>\n<meta property=\"og:title\" content=\"Hist\u00f3ria - Museu de Zoologia\" \/>\n<meta property=\"og:description\" content=\"Museu de Zoologia e UFRRJ: uma hist\u00f3ria em comum No ano de 1910 foi fundada a Escola Superior de Agricultura e Medicina [&hellip;]\" \/>\n<meta property=\"og:url\" content=\"https:\/\/institucional.ufrrj.br\/museuzoologia\/historia\/\" \/>\n<meta property=\"og:site_name\" content=\"Museu de Zoologia\" \/>\n<meta property=\"article:modified_time\" content=\"2024-12-19T21:34:10+00:00\" \/>\n<meta property=\"og:image\" content=\"https:\/\/lh7-rt.googleusercontent.com\/docsz\/AD_4nXcawriNLm5ALBQTnBjQAN4Lg2ynSj5GTO6MjxWtNKZ2-cv0xF52ZyfGMa9uMbyRBFN6CFX2mUNbCjmxjfBBXfdP_pmqy1LIe7UYItSRr5NSV3ly_ELbqn_5eTkBvgly-2k0kXnnIQ?key=YmmZ9pERvyR_nGpqzq4scZ_B\" \/>\n<meta name=\"twitter:card\" content=\"summary_large_image\" \/>\n<meta name=\"twitter:label1\" content=\"Est. tempo de leitura\" \/>\n\t<meta name=\"twitter:data1\" content=\"9 minutos\" \/>\n<script type=\"application\/ld+json\" class=\"yoast-schema-graph\">{\"@context\":\"https:\/\/schema.org\",\"@graph\":[{\"@type\":\"WebPage\",\"@id\":\"https:\/\/institucional.ufrrj.br\/museuzoologia\/historia\/\",\"url\":\"https:\/\/institucional.ufrrj.br\/museuzoologia\/historia\/\",\"name\":\"Hist\u00f3ria - Museu de Zoologia\",\"isPartOf\":{\"@id\":\"https:\/\/institucional.ufrrj.br\/museuzoologia\/#website\"},\"primaryImageOfPage\":{\"@id\":\"https:\/\/institucional.ufrrj.br\/museuzoologia\/historia\/#primaryimage\"},\"image\":{\"@id\":\"https:\/\/institucional.ufrrj.br\/museuzoologia\/historia\/#primaryimage\"},\"thumbnailUrl\":\"https:\/\/lh7-rt.googleusercontent.com\/docsz\/AD_4nXcawriNLm5ALBQTnBjQAN4Lg2ynSj5GTO6MjxWtNKZ2-cv0xF52ZyfGMa9uMbyRBFN6CFX2mUNbCjmxjfBBXfdP_pmqy1LIe7UYItSRr5NSV3ly_ELbqn_5eTkBvgly-2k0kXnnIQ?key=YmmZ9pERvyR_nGpqzq4scZ_B\",\"datePublished\":\"2024-11-12T17:36:55+00:00\",\"dateModified\":\"2024-12-19T21:34:10+00:00\",\"breadcrumb\":{\"@id\":\"https:\/\/institucional.ufrrj.br\/museuzoologia\/historia\/#breadcrumb\"},\"inLanguage\":\"pt-BR\",\"potentialAction\":[{\"@type\":\"ReadAction\",\"target\":[\"https:\/\/institucional.ufrrj.br\/museuzoologia\/historia\/\"]}]},{\"@type\":\"ImageObject\",\"inLanguage\":\"pt-BR\",\"@id\":\"https:\/\/institucional.ufrrj.br\/museuzoologia\/historia\/#primaryimage\",\"url\":\"https:\/\/lh7-rt.googleusercontent.com\/docsz\/AD_4nXcawriNLm5ALBQTnBjQAN4Lg2ynSj5GTO6MjxWtNKZ2-cv0xF52ZyfGMa9uMbyRBFN6CFX2mUNbCjmxjfBBXfdP_pmqy1LIe7UYItSRr5NSV3ly_ELbqn_5eTkBvgly-2k0kXnnIQ?key=YmmZ9pERvyR_nGpqzq4scZ_B\",\"contentUrl\":\"https:\/\/lh7-rt.googleusercontent.com\/docsz\/AD_4nXcawriNLm5ALBQTnBjQAN4Lg2ynSj5GTO6MjxWtNKZ2-cv0xF52ZyfGMa9uMbyRBFN6CFX2mUNbCjmxjfBBXfdP_pmqy1LIe7UYItSRr5NSV3ly_ELbqn_5eTkBvgly-2k0kXnnIQ?key=YmmZ9pERvyR_nGpqzq4scZ_B\"},{\"@type\":\"BreadcrumbList\",\"@id\":\"https:\/\/institucional.ufrrj.br\/museuzoologia\/historia\/#breadcrumb\",\"itemListElement\":[{\"@type\":\"ListItem\",\"position\":1,\"name\":\"In\u00edcio\",\"item\":\"https:\/\/institucional.ufrrj.br\/museuzoologia\/\"},{\"@type\":\"ListItem\",\"position\":2,\"name\":\"Hist\u00f3ria\"}]},{\"@type\":\"WebSite\",\"@id\":\"https:\/\/institucional.ufrrj.br\/museuzoologia\/#website\",\"url\":\"https:\/\/institucional.ufrrj.br\/museuzoologia\/\",\"name\":\"Museu de Zoologia\",\"description\":\"Campus Serop\u00e9dica\",\"potentialAction\":[{\"@type\":\"SearchAction\",\"target\":{\"@type\":\"EntryPoint\",\"urlTemplate\":\"https:\/\/institucional.ufrrj.br\/museuzoologia\/?s={search_term_string}\"},\"query-input\":{\"@type\":\"PropertyValueSpecification\",\"valueRequired\":true,\"valueName\":\"search_term_string\"}}],\"inLanguage\":\"pt-BR\"}]}<\/script>\n<!-- \/ Yoast SEO plugin. -->","yoast_head_json":{"title":"Hist\u00f3ria - Museu de Zoologia","robots":{"index":"index","follow":"follow","max-snippet":"max-snippet:-1","max-image-preview":"max-image-preview:large","max-video-preview":"max-video-preview:-1"},"canonical":"https:\/\/institucional.ufrrj.br\/museuzoologia\/historia\/","og_locale":"pt_BR","og_type":"article","og_title":"Hist\u00f3ria - Museu de Zoologia","og_description":"Museu de Zoologia e UFRRJ: uma hist\u00f3ria em comum No ano de 1910 foi fundada a Escola Superior de Agricultura e Medicina [&hellip;]","og_url":"https:\/\/institucional.ufrrj.br\/museuzoologia\/historia\/","og_site_name":"Museu de Zoologia","article_modified_time":"2024-12-19T21:34:10+00:00","og_image":[{"url":"https:\/\/lh7-rt.googleusercontent.com\/docsz\/AD_4nXcawriNLm5ALBQTnBjQAN4Lg2ynSj5GTO6MjxWtNKZ2-cv0xF52ZyfGMa9uMbyRBFN6CFX2mUNbCjmxjfBBXfdP_pmqy1LIe7UYItSRr5NSV3ly_ELbqn_5eTkBvgly-2k0kXnnIQ?key=YmmZ9pERvyR_nGpqzq4scZ_B","type":"","width":"","height":""}],"twitter_card":"summary_large_image","twitter_misc":{"Est. tempo de leitura":"9 minutos"},"schema":{"@context":"https:\/\/schema.org","@graph":[{"@type":"WebPage","@id":"https:\/\/institucional.ufrrj.br\/museuzoologia\/historia\/","url":"https:\/\/institucional.ufrrj.br\/museuzoologia\/historia\/","name":"Hist\u00f3ria - Museu de Zoologia","isPartOf":{"@id":"https:\/\/institucional.ufrrj.br\/museuzoologia\/#website"},"primaryImageOfPage":{"@id":"https:\/\/institucional.ufrrj.br\/museuzoologia\/historia\/#primaryimage"},"image":{"@id":"https:\/\/institucional.ufrrj.br\/museuzoologia\/historia\/#primaryimage"},"thumbnailUrl":"https:\/\/lh7-rt.googleusercontent.com\/docsz\/AD_4nXcawriNLm5ALBQTnBjQAN4Lg2ynSj5GTO6MjxWtNKZ2-cv0xF52ZyfGMa9uMbyRBFN6CFX2mUNbCjmxjfBBXfdP_pmqy1LIe7UYItSRr5NSV3ly_ELbqn_5eTkBvgly-2k0kXnnIQ?key=YmmZ9pERvyR_nGpqzq4scZ_B","datePublished":"2024-11-12T17:36:55+00:00","dateModified":"2024-12-19T21:34:10+00:00","breadcrumb":{"@id":"https:\/\/institucional.ufrrj.br\/museuzoologia\/historia\/#breadcrumb"},"inLanguage":"pt-BR","potentialAction":[{"@type":"ReadAction","target":["https:\/\/institucional.ufrrj.br\/museuzoologia\/historia\/"]}]},{"@type":"ImageObject","inLanguage":"pt-BR","@id":"https:\/\/institucional.ufrrj.br\/museuzoologia\/historia\/#primaryimage","url":"https:\/\/lh7-rt.googleusercontent.com\/docsz\/AD_4nXcawriNLm5ALBQTnBjQAN4Lg2ynSj5GTO6MjxWtNKZ2-cv0xF52ZyfGMa9uMbyRBFN6CFX2mUNbCjmxjfBBXfdP_pmqy1LIe7UYItSRr5NSV3ly_ELbqn_5eTkBvgly-2k0kXnnIQ?key=YmmZ9pERvyR_nGpqzq4scZ_B","contentUrl":"https:\/\/lh7-rt.googleusercontent.com\/docsz\/AD_4nXcawriNLm5ALBQTnBjQAN4Lg2ynSj5GTO6MjxWtNKZ2-cv0xF52ZyfGMa9uMbyRBFN6CFX2mUNbCjmxjfBBXfdP_pmqy1LIe7UYItSRr5NSV3ly_ELbqn_5eTkBvgly-2k0kXnnIQ?key=YmmZ9pERvyR_nGpqzq4scZ_B"},{"@type":"BreadcrumbList","@id":"https:\/\/institucional.ufrrj.br\/museuzoologia\/historia\/#breadcrumb","itemListElement":[{"@type":"ListItem","position":1,"name":"In\u00edcio","item":"https:\/\/institucional.ufrrj.br\/museuzoologia\/"},{"@type":"ListItem","position":2,"name":"Hist\u00f3ria"}]},{"@type":"WebSite","@id":"https:\/\/institucional.ufrrj.br\/museuzoologia\/#website","url":"https:\/\/institucional.ufrrj.br\/museuzoologia\/","name":"Museu de Zoologia","description":"Campus Serop\u00e9dica","potentialAction":[{"@type":"SearchAction","target":{"@type":"EntryPoint","urlTemplate":"https:\/\/institucional.ufrrj.br\/museuzoologia\/?s={search_term_string}"},"query-input":{"@type":"PropertyValueSpecification","valueRequired":true,"valueName":"search_term_string"}}],"inLanguage":"pt-BR"}]}},"acf":[],"_links":{"self":[{"href":"https:\/\/institucional.ufrrj.br\/museuzoologia\/wp-json\/wp\/v2\/pages\/89","targetHints":{"allow":["GET"]}}],"collection":[{"href":"https:\/\/institucional.ufrrj.br\/museuzoologia\/wp-json\/wp\/v2\/pages"}],"about":[{"href":"https:\/\/institucional.ufrrj.br\/museuzoologia\/wp-json\/wp\/v2\/types\/page"}],"author":[{"embeddable":true,"href":"https:\/\/institucional.ufrrj.br\/museuzoologia\/wp-json\/wp\/v2\/users\/870"}],"replies":[{"embeddable":true,"href":"https:\/\/institucional.ufrrj.br\/museuzoologia\/wp-json\/wp\/v2\/comments?post=89"}],"version-history":[{"count":5,"href":"https:\/\/institucional.ufrrj.br\/museuzoologia\/wp-json\/wp\/v2\/pages\/89\/revisions"}],"predecessor-version":[{"id":156,"href":"https:\/\/institucional.ufrrj.br\/museuzoologia\/wp-json\/wp\/v2\/pages\/89\/revisions\/156"}],"wp:attachment":[{"href":"https:\/\/institucional.ufrrj.br\/museuzoologia\/wp-json\/wp\/v2\/media?parent=89"}],"curies":[{"name":"wp","href":"https:\/\/api.w.org\/{rel}","templated":true}]}}