{"id":970,"date":"2023-09-29T13:53:01","date_gmt":"2023-09-29T13:53:01","guid":{"rendered":"https:\/\/institucional.ufrrj.br\/jardimbotanico\/?page_id=970"},"modified":"2023-09-29T13:53:02","modified_gmt":"2023-09-29T13:53:02","slug":"meliponario","status":"publish","type":"page","link":"https:\/\/institucional.ufrrj.br\/jardimbotanico\/meliponario\/","title":{"rendered":"Melipon\u00e1rio"},"content":{"rendered":"\n<p class=\" eplus-wrapper\">Os melipon\u00e1rios s\u00e3o espa\u00e7os dedicados a conservar as esp\u00e9cies de abelhas sem ferr\u00e3o. Aquelas abelhas nativas do Brasil, que existiam antes que a <em>Apis<\/em> fosse introduzida. Os melipon\u00e1rios funcionam como hotel para essas abelhas e geralmente s\u00e3o em formato de caixas retangulares de madeira. As caixas de madeira simulam os ninhos das abelhas na natureza, constru\u00eddos geralmente em tronco de \u00e1rvores, mas podem tamb\u00e9m utilizar cavidades naturais em barrancos e no solo. Em cada uma dessas caixas, h\u00e1 uma abelha rainha e v\u00e1rias oper\u00e1rias. <\/p>\n\n\n\n<p class=\" eplus-wrapper\">Al\u00e9m da conserva\u00e7\u00e3o, o melipon\u00e1rio do Jardim Bot\u00e2nico da UFRRJ, est\u00e1 intimamente relacionado as atividades de educa\u00e7\u00e3o ambiental realizadas por aqui. Uma de nossas paradas em nossas visitas guiadas \u00e9 o Jardim de Mel. <\/p>\n\n\n\n<p class=\" eplus-wrapper\"><\/p>\n","protected":false},"excerpt":{"rendered":"<p>Os melipon\u00e1rios s\u00e3o espa\u00e7os dedicados a conservar as esp\u00e9cies de abelhas sem ferr\u00e3o. Aquelas abelhas nativas do Brasil, que existiam <a class=\"read-more\" href=\"https:\/\/institucional.ufrrj.br\/jardimbotanico\/meliponario\/ \" >&#8230; <span class=\"font-italic\">leia mais <i class=\"fas fa-angle-right\"><\/i><\/span><\/a><\/p>\n","protected":false},"author":625,"featured_media":0,"parent":0,"menu_order":0,"comment_status":"closed","ping_status":"closed","template":"","meta":{"_acf_changed":false,"footnotes":""},"class_list":["post-970","page","type-page","status-publish","hentry"],"yoast_head":"<!-- This site is optimized with the Yoast SEO plugin v27.2 - https:\/\/yoast.com\/product\/yoast-seo-wordpress\/ -->\n<title>Melipon\u00e1rio - Jardim Bot\u00e2nico da UFRRJ<\/title>\n<meta name=\"robots\" content=\"index, follow, max-snippet:-1, max-image-preview:large, max-video-preview:-1\" \/>\n<link rel=\"canonical\" href=\"https:\/\/institucional.ufrrj.br\/jardimbotanico\/meliponario\/\" \/>\n<meta property=\"og:locale\" content=\"pt_BR\" \/>\n<meta property=\"og:type\" content=\"article\" \/>\n<meta property=\"og:title\" content=\"Melipon\u00e1rio - Jardim Bot\u00e2nico da UFRRJ\" \/>\n<meta property=\"og:description\" content=\"Os melipon\u00e1rios s\u00e3o espa\u00e7os dedicados a conservar as esp\u00e9cies de abelhas sem ferr\u00e3o. Aquelas abelhas nativas do Brasil, que existiam ... leia mais\" \/>\n<meta property=\"og:url\" content=\"https:\/\/institucional.ufrrj.br\/jardimbotanico\/meliponario\/\" \/>\n<meta property=\"og:site_name\" content=\"Jardim Bot\u00e2nico da UFRRJ\" \/>\n<meta property=\"article:modified_time\" content=\"2023-09-29T13:53:02+00:00\" \/>\n<meta name=\"twitter:card\" content=\"summary_large_image\" \/>\n<meta name=\"twitter:label1\" content=\"Est. tempo de leitura\" \/>\n\t<meta name=\"twitter:data1\" content=\"1 minuto\" \/>\n<script type=\"application\/ld+json\" class=\"yoast-schema-graph\">{\"@context\":\"https:\/\/schema.org\",\"@graph\":[{\"@type\":\"WebPage\",\"@id\":\"https:\/\/institucional.ufrrj.br\/jardimbotanico\/meliponario\/\",\"url\":\"https:\/\/institucional.ufrrj.br\/jardimbotanico\/meliponario\/\",\"name\":\"Melipon\u00e1rio - Jardim Bot\u00e2nico da UFRRJ\",\"isPartOf\":{\"@id\":\"https:\/\/institucional.ufrrj.br\/jardimbotanico\/#website\"},\"datePublished\":\"2023-09-29T13:53:01+00:00\",\"dateModified\":\"2023-09-29T13:53:02+00:00\",\"breadcrumb\":{\"@id\":\"https:\/\/institucional.ufrrj.br\/jardimbotanico\/meliponario\/#breadcrumb\"},\"inLanguage\":\"pt-BR\",\"potentialAction\":[{\"@type\":\"ReadAction\",\"target\":[\"https:\/\/institucional.ufrrj.br\/jardimbotanico\/meliponario\/\"]}]},{\"@type\":\"BreadcrumbList\",\"@id\":\"https:\/\/institucional.ufrrj.br\/jardimbotanico\/meliponario\/#breadcrumb\",\"itemListElement\":[{\"@type\":\"ListItem\",\"position\":1,\"name\":\"In\u00edcio\",\"item\":\"https:\/\/institucional.ufrrj.br\/jardimbotanico\/\"},{\"@type\":\"ListItem\",\"position\":2,\"name\":\"Melipon\u00e1rio\"}]},{\"@type\":\"WebSite\",\"@id\":\"https:\/\/institucional.ufrrj.br\/jardimbotanico\/#website\",\"url\":\"https:\/\/institucional.ufrrj.br\/jardimbotanico\/\",\"name\":\"Jardim Bot\u00e2nico da UFRRJ\",\"description\":\"Universidade Federal Rural do Rio de Janeiro - UFRRJ\",\"potentialAction\":[{\"@type\":\"SearchAction\",\"target\":{\"@type\":\"EntryPoint\",\"urlTemplate\":\"https:\/\/institucional.ufrrj.br\/jardimbotanico\/?s={search_term_string}\"},\"query-input\":{\"@type\":\"PropertyValueSpecification\",\"valueRequired\":true,\"valueName\":\"search_term_string\"}}],\"inLanguage\":\"pt-BR\"}]}<\/script>\n<!-- \/ Yoast SEO plugin. -->","yoast_head_json":{"title":"Melipon\u00e1rio - Jardim Bot\u00e2nico da UFRRJ","robots":{"index":"index","follow":"follow","max-snippet":"max-snippet:-1","max-image-preview":"max-image-preview:large","max-video-preview":"max-video-preview:-1"},"canonical":"https:\/\/institucional.ufrrj.br\/jardimbotanico\/meliponario\/","og_locale":"pt_BR","og_type":"article","og_title":"Melipon\u00e1rio - Jardim Bot\u00e2nico da UFRRJ","og_description":"Os melipon\u00e1rios s\u00e3o espa\u00e7os dedicados a conservar as esp\u00e9cies de abelhas sem ferr\u00e3o. Aquelas abelhas nativas do Brasil, que existiam ... leia mais","og_url":"https:\/\/institucional.ufrrj.br\/jardimbotanico\/meliponario\/","og_site_name":"Jardim Bot\u00e2nico da UFRRJ","article_modified_time":"2023-09-29T13:53:02+00:00","twitter_card":"summary_large_image","twitter_misc":{"Est. tempo de leitura":"1 minuto"},"schema":{"@context":"https:\/\/schema.org","@graph":[{"@type":"WebPage","@id":"https:\/\/institucional.ufrrj.br\/jardimbotanico\/meliponario\/","url":"https:\/\/institucional.ufrrj.br\/jardimbotanico\/meliponario\/","name":"Melipon\u00e1rio - Jardim Bot\u00e2nico da UFRRJ","isPartOf":{"@id":"https:\/\/institucional.ufrrj.br\/jardimbotanico\/#website"},"datePublished":"2023-09-29T13:53:01+00:00","dateModified":"2023-09-29T13:53:02+00:00","breadcrumb":{"@id":"https:\/\/institucional.ufrrj.br\/jardimbotanico\/meliponario\/#breadcrumb"},"inLanguage":"pt-BR","potentialAction":[{"@type":"ReadAction","target":["https:\/\/institucional.ufrrj.br\/jardimbotanico\/meliponario\/"]}]},{"@type":"BreadcrumbList","@id":"https:\/\/institucional.ufrrj.br\/jardimbotanico\/meliponario\/#breadcrumb","itemListElement":[{"@type":"ListItem","position":1,"name":"In\u00edcio","item":"https:\/\/institucional.ufrrj.br\/jardimbotanico\/"},{"@type":"ListItem","position":2,"name":"Melipon\u00e1rio"}]},{"@type":"WebSite","@id":"https:\/\/institucional.ufrrj.br\/jardimbotanico\/#website","url":"https:\/\/institucional.ufrrj.br\/jardimbotanico\/","name":"Jardim Bot\u00e2nico da UFRRJ","description":"Universidade Federal Rural do Rio de Janeiro - UFRRJ","potentialAction":[{"@type":"SearchAction","target":{"@type":"EntryPoint","urlTemplate":"https:\/\/institucional.ufrrj.br\/jardimbotanico\/?s={search_term_string}"},"query-input":{"@type":"PropertyValueSpecification","valueRequired":true,"valueName":"search_term_string"}}],"inLanguage":"pt-BR"}]}},"acf":[],"_links":{"self":[{"href":"https:\/\/institucional.ufrrj.br\/jardimbotanico\/wp-json\/wp\/v2\/pages\/970","targetHints":{"allow":["GET"]}}],"collection":[{"href":"https:\/\/institucional.ufrrj.br\/jardimbotanico\/wp-json\/wp\/v2\/pages"}],"about":[{"href":"https:\/\/institucional.ufrrj.br\/jardimbotanico\/wp-json\/wp\/v2\/types\/page"}],"author":[{"embeddable":true,"href":"https:\/\/institucional.ufrrj.br\/jardimbotanico\/wp-json\/wp\/v2\/users\/625"}],"replies":[{"embeddable":true,"href":"https:\/\/institucional.ufrrj.br\/jardimbotanico\/wp-json\/wp\/v2\/comments?post=970"}],"version-history":[{"count":2,"href":"https:\/\/institucional.ufrrj.br\/jardimbotanico\/wp-json\/wp\/v2\/pages\/970\/revisions"}],"predecessor-version":[{"id":1127,"href":"https:\/\/institucional.ufrrj.br\/jardimbotanico\/wp-json\/wp\/v2\/pages\/970\/revisions\/1127"}],"wp:attachment":[{"href":"https:\/\/institucional.ufrrj.br\/jardimbotanico\/wp-json\/wp\/v2\/media?parent=970"}],"curies":[{"name":"wp","href":"https:\/\/api.w.org\/{rel}","templated":true}]}}