{"id":891,"date":"2023-08-09T18:18:48","date_gmt":"2023-08-09T18:18:48","guid":{"rendered":"https:\/\/institucional.ufrrj.br\/jardimbotanico\/?page_id=891"},"modified":"2023-09-22T20:14:09","modified_gmt":"2023-09-22T20:14:09","slug":"autorizacao-para-registro-fotografico","status":"publish","type":"page","link":"https:\/\/institucional.ufrrj.br\/jardimbotanico\/autorizacao-para-registro-fotografico\/","title":{"rendered":"Autoriza\u00e7\u00e3o para ensaio fotogr\u00e1fico"},"content":{"rendered":"\n<p class=\" eplus-wrapper\">Pedimos para os fot\u00f3grafos profissionais que tenham interesse em realizar ensaios fotogr\u00e1ficos com seus clientes em nossas depend\u00eancias que preencham o formul\u00e1rio abaixo. Pedimos que aguardem nossa confirma\u00e7\u00e3o antes de realizar o servi\u00e7o.<\/p>\n\n\n\n<p class=\" has-very-light-gray-background-color has-background eplus-wrapper\" style=\"font-size:20px\"><a href=\"https:\/\/forms.gle\/dDRR5HvK74Gf2g4y5\">Formul\u00e1rio para agendamento de registros fotogr\u00e1ficos no JB-UFRRJ<\/a><\/p>\n","protected":false},"excerpt":{"rendered":"<p>Pedimos para os fot\u00f3grafos profissionais que tenham interesse em realizar ensaios fotogr\u00e1ficos com seus clientes em nossas depend\u00eancias que preencham <a class=\"read-more\" href=\"https:\/\/institucional.ufrrj.br\/jardimbotanico\/autorizacao-para-registro-fotografico\/ \" >&#8230; <span class=\"font-italic\">leia mais <i class=\"fas fa-angle-right\"><\/i><\/span><\/a><\/p>\n","protected":false},"author":625,"featured_media":0,"parent":0,"menu_order":0,"comment_status":"closed","ping_status":"closed","template":"","meta":{"_acf_changed":false,"footnotes":""},"class_list":["post-891","page","type-page","status-publish","hentry"],"yoast_head":"<!-- This site is optimized with the Yoast SEO plugin v27.2 - https:\/\/yoast.com\/product\/yoast-seo-wordpress\/ -->\n<title>Autoriza\u00e7\u00e3o para ensaio fotogr\u00e1fico - Jardim Bot\u00e2nico da UFRRJ<\/title>\n<meta name=\"robots\" content=\"index, follow, max-snippet:-1, max-image-preview:large, max-video-preview:-1\" \/>\n<link rel=\"canonical\" href=\"https:\/\/institucional.ufrrj.br\/jardimbotanico\/autorizacao-para-registro-fotografico\/\" \/>\n<meta property=\"og:locale\" content=\"pt_BR\" \/>\n<meta property=\"og:type\" content=\"article\" \/>\n<meta property=\"og:title\" content=\"Autoriza\u00e7\u00e3o para ensaio fotogr\u00e1fico - Jardim Bot\u00e2nico da UFRRJ\" \/>\n<meta property=\"og:description\" content=\"Pedimos para os fot\u00f3grafos profissionais que tenham interesse em realizar ensaios fotogr\u00e1ficos com seus clientes em nossas depend\u00eancias que preencham ... leia mais\" \/>\n<meta property=\"og:url\" content=\"https:\/\/institucional.ufrrj.br\/jardimbotanico\/autorizacao-para-registro-fotografico\/\" \/>\n<meta property=\"og:site_name\" content=\"Jardim Bot\u00e2nico da UFRRJ\" \/>\n<meta property=\"article:modified_time\" content=\"2023-09-22T20:14:09+00:00\" \/>\n<meta name=\"twitter:card\" content=\"summary_large_image\" \/>\n<script type=\"application\/ld+json\" class=\"yoast-schema-graph\">{\"@context\":\"https:\/\/schema.org\",\"@graph\":[{\"@type\":\"WebPage\",\"@id\":\"https:\/\/institucional.ufrrj.br\/jardimbotanico\/autorizacao-para-registro-fotografico\/\",\"url\":\"https:\/\/institucional.ufrrj.br\/jardimbotanico\/autorizacao-para-registro-fotografico\/\",\"name\":\"Autoriza\u00e7\u00e3o para ensaio fotogr\u00e1fico - Jardim Bot\u00e2nico da UFRRJ\",\"isPartOf\":{\"@id\":\"https:\/\/institucional.ufrrj.br\/jardimbotanico\/#website\"},\"datePublished\":\"2023-08-09T18:18:48+00:00\",\"dateModified\":\"2023-09-22T20:14:09+00:00\",\"breadcrumb\":{\"@id\":\"https:\/\/institucional.ufrrj.br\/jardimbotanico\/autorizacao-para-registro-fotografico\/#breadcrumb\"},\"inLanguage\":\"pt-BR\",\"potentialAction\":[{\"@type\":\"ReadAction\",\"target\":[\"https:\/\/institucional.ufrrj.br\/jardimbotanico\/autorizacao-para-registro-fotografico\/\"]}]},{\"@type\":\"BreadcrumbList\",\"@id\":\"https:\/\/institucional.ufrrj.br\/jardimbotanico\/autorizacao-para-registro-fotografico\/#breadcrumb\",\"itemListElement\":[{\"@type\":\"ListItem\",\"position\":1,\"name\":\"In\u00edcio\",\"item\":\"https:\/\/institucional.ufrrj.br\/jardimbotanico\/\"},{\"@type\":\"ListItem\",\"position\":2,\"name\":\"Autoriza\u00e7\u00e3o para ensaio fotogr\u00e1fico\"}]},{\"@type\":\"WebSite\",\"@id\":\"https:\/\/institucional.ufrrj.br\/jardimbotanico\/#website\",\"url\":\"https:\/\/institucional.ufrrj.br\/jardimbotanico\/\",\"name\":\"Jardim Bot\u00e2nico da UFRRJ\",\"description\":\"Universidade Federal Rural do Rio de Janeiro - UFRRJ\",\"potentialAction\":[{\"@type\":\"SearchAction\",\"target\":{\"@type\":\"EntryPoint\",\"urlTemplate\":\"https:\/\/institucional.ufrrj.br\/jardimbotanico\/?s={search_term_string}\"},\"query-input\":{\"@type\":\"PropertyValueSpecification\",\"valueRequired\":true,\"valueName\":\"search_term_string\"}}],\"inLanguage\":\"pt-BR\"}]}<\/script>\n<!-- \/ Yoast SEO plugin. -->","yoast_head_json":{"title":"Autoriza\u00e7\u00e3o para ensaio fotogr\u00e1fico - Jardim Bot\u00e2nico da UFRRJ","robots":{"index":"index","follow":"follow","max-snippet":"max-snippet:-1","max-image-preview":"max-image-preview:large","max-video-preview":"max-video-preview:-1"},"canonical":"https:\/\/institucional.ufrrj.br\/jardimbotanico\/autorizacao-para-registro-fotografico\/","og_locale":"pt_BR","og_type":"article","og_title":"Autoriza\u00e7\u00e3o para ensaio fotogr\u00e1fico - Jardim Bot\u00e2nico da UFRRJ","og_description":"Pedimos para os fot\u00f3grafos profissionais que tenham interesse em realizar ensaios fotogr\u00e1ficos com seus clientes em nossas depend\u00eancias que preencham ... leia mais","og_url":"https:\/\/institucional.ufrrj.br\/jardimbotanico\/autorizacao-para-registro-fotografico\/","og_site_name":"Jardim Bot\u00e2nico da UFRRJ","article_modified_time":"2023-09-22T20:14:09+00:00","twitter_card":"summary_large_image","schema":{"@context":"https:\/\/schema.org","@graph":[{"@type":"WebPage","@id":"https:\/\/institucional.ufrrj.br\/jardimbotanico\/autorizacao-para-registro-fotografico\/","url":"https:\/\/institucional.ufrrj.br\/jardimbotanico\/autorizacao-para-registro-fotografico\/","name":"Autoriza\u00e7\u00e3o para ensaio fotogr\u00e1fico - Jardim Bot\u00e2nico da UFRRJ","isPartOf":{"@id":"https:\/\/institucional.ufrrj.br\/jardimbotanico\/#website"},"datePublished":"2023-08-09T18:18:48+00:00","dateModified":"2023-09-22T20:14:09+00:00","breadcrumb":{"@id":"https:\/\/institucional.ufrrj.br\/jardimbotanico\/autorizacao-para-registro-fotografico\/#breadcrumb"},"inLanguage":"pt-BR","potentialAction":[{"@type":"ReadAction","target":["https:\/\/institucional.ufrrj.br\/jardimbotanico\/autorizacao-para-registro-fotografico\/"]}]},{"@type":"BreadcrumbList","@id":"https:\/\/institucional.ufrrj.br\/jardimbotanico\/autorizacao-para-registro-fotografico\/#breadcrumb","itemListElement":[{"@type":"ListItem","position":1,"name":"In\u00edcio","item":"https:\/\/institucional.ufrrj.br\/jardimbotanico\/"},{"@type":"ListItem","position":2,"name":"Autoriza\u00e7\u00e3o para ensaio fotogr\u00e1fico"}]},{"@type":"WebSite","@id":"https:\/\/institucional.ufrrj.br\/jardimbotanico\/#website","url":"https:\/\/institucional.ufrrj.br\/jardimbotanico\/","name":"Jardim Bot\u00e2nico da UFRRJ","description":"Universidade Federal Rural do Rio de Janeiro - UFRRJ","potentialAction":[{"@type":"SearchAction","target":{"@type":"EntryPoint","urlTemplate":"https:\/\/institucional.ufrrj.br\/jardimbotanico\/?s={search_term_string}"},"query-input":{"@type":"PropertyValueSpecification","valueRequired":true,"valueName":"search_term_string"}}],"inLanguage":"pt-BR"}]}},"acf":[],"_links":{"self":[{"href":"https:\/\/institucional.ufrrj.br\/jardimbotanico\/wp-json\/wp\/v2\/pages\/891","targetHints":{"allow":["GET"]}}],"collection":[{"href":"https:\/\/institucional.ufrrj.br\/jardimbotanico\/wp-json\/wp\/v2\/pages"}],"about":[{"href":"https:\/\/institucional.ufrrj.br\/jardimbotanico\/wp-json\/wp\/v2\/types\/page"}],"author":[{"embeddable":true,"href":"https:\/\/institucional.ufrrj.br\/jardimbotanico\/wp-json\/wp\/v2\/users\/625"}],"replies":[{"embeddable":true,"href":"https:\/\/institucional.ufrrj.br\/jardimbotanico\/wp-json\/wp\/v2\/comments?post=891"}],"version-history":[{"count":3,"href":"https:\/\/institucional.ufrrj.br\/jardimbotanico\/wp-json\/wp\/v2\/pages\/891\/revisions"}],"predecessor-version":[{"id":945,"href":"https:\/\/institucional.ufrrj.br\/jardimbotanico\/wp-json\/wp\/v2\/pages\/891\/revisions\/945"}],"wp:attachment":[{"href":"https:\/\/institucional.ufrrj.br\/jardimbotanico\/wp-json\/wp\/v2\/media?parent=891"}],"curies":[{"name":"wp","href":"https:\/\/api.w.org\/{rel}","templated":true}]}}