{"id":1165,"date":"2023-12-01T18:19:49","date_gmt":"2023-12-01T18:19:49","guid":{"rendered":"https:\/\/institucional.ufrrj.br\/jardimbotanico\/?page_id=1165"},"modified":"2023-12-01T18:19:50","modified_gmt":"2023-12-01T18:19:50","slug":"regimento-interno","status":"publish","type":"page","link":"https:\/\/institucional.ufrrj.br\/jardimbotanico\/regimento-interno\/","title":{"rendered":"Regimento Interno"},"content":{"rendered":"\n<p class=\" eplus-wrapper\">O regimento interno do Jardim Bot\u00e2nico da Universidade Federal Rural do Rio de Janeiro (UFRRJ) foi aprovado pelo 319\/CEPE\/2021 e 330\/CONSU\/2021. O documento foi o produto de um trabalho conjunto da PROPPG e o JB UFRRJ e est\u00e1 estruturado em seis cap\u00edtulos. Abaixo disponibilizamos o arquivo do regimento para consulta p\u00fablica. <\/p>\n\n\n\n<div data-wp-interactive=\"core\/file\" class=\" wp-block-file eplus-wrapper\"><object data-wp-bind--hidden=\"!state.hasPdfPreview\" hidden class=\"wp-block-file__embed\" data=\"https:\/\/institucional.ufrrj.br\/jardimbotanico\/files\/2023\/12\/Regimento-do-JB-anexo.pdf\" type=\"application\/pdf\" style=\"width:100%;height:600px\" aria-label=\"Incorporado de Regimento-do-JB-anexo.\"><\/object><a id=\"wp-block-file--media-8bb227f6-13bd-4cf5-a32d-cf75d3f735f2\" href=\"https:\/\/institucional.ufrrj.br\/jardimbotanico\/files\/2023\/12\/Regimento-do-JB-anexo.pdf\">Regimento-do-JB-anexo<\/a><a href=\"https:\/\/institucional.ufrrj.br\/jardimbotanico\/files\/2023\/12\/Regimento-do-JB-anexo.pdf\" class=\"wp-block-file__button wp-element-button\" download aria-describedby=\"wp-block-file--media-8bb227f6-13bd-4cf5-a32d-cf75d3f735f2\">Baixar<\/a><\/div>\n","protected":false},"excerpt":{"rendered":"<p>O regimento interno do Jardim Bot\u00e2nico da Universidade Federal Rural do Rio de Janeiro (UFRRJ) foi aprovado pelo 319\/CEPE\/2021 e <a class=\"read-more\" href=\"https:\/\/institucional.ufrrj.br\/jardimbotanico\/regimento-interno\/ \" >&#8230; <span class=\"font-italic\">leia mais <i class=\"fas fa-angle-right\"><\/i><\/span><\/a><\/p>\n","protected":false},"author":625,"featured_media":0,"parent":0,"menu_order":0,"comment_status":"closed","ping_status":"closed","template":"","meta":{"_acf_changed":false,"footnotes":""},"class_list":["post-1165","page","type-page","status-publish","hentry"],"yoast_head":"<!-- This site is optimized with the Yoast SEO plugin v27.2 - https:\/\/yoast.com\/product\/yoast-seo-wordpress\/ -->\n<title>Regimento Interno - Jardim Bot\u00e2nico da UFRRJ<\/title>\n<meta name=\"robots\" content=\"index, follow, max-snippet:-1, max-image-preview:large, max-video-preview:-1\" \/>\n<link rel=\"canonical\" href=\"https:\/\/institucional.ufrrj.br\/jardimbotanico\/regimento-interno\/\" \/>\n<meta property=\"og:locale\" content=\"pt_BR\" \/>\n<meta property=\"og:type\" content=\"article\" \/>\n<meta property=\"og:title\" content=\"Regimento Interno - Jardim Bot\u00e2nico da UFRRJ\" \/>\n<meta property=\"og:description\" content=\"O regimento interno do Jardim Bot\u00e2nico da Universidade Federal Rural do Rio de Janeiro (UFRRJ) foi aprovado pelo 319\/CEPE\/2021 e ... leia mais\" \/>\n<meta property=\"og:url\" content=\"https:\/\/institucional.ufrrj.br\/jardimbotanico\/regimento-interno\/\" \/>\n<meta property=\"og:site_name\" content=\"Jardim Bot\u00e2nico da UFRRJ\" \/>\n<meta property=\"article:modified_time\" content=\"2023-12-01T18:19:50+00:00\" \/>\n<meta name=\"twitter:card\" content=\"summary_large_image\" \/>\n<script type=\"application\/ld+json\" class=\"yoast-schema-graph\">{\"@context\":\"https:\/\/schema.org\",\"@graph\":[{\"@type\":\"WebPage\",\"@id\":\"https:\/\/institucional.ufrrj.br\/jardimbotanico\/regimento-interno\/\",\"url\":\"https:\/\/institucional.ufrrj.br\/jardimbotanico\/regimento-interno\/\",\"name\":\"Regimento Interno - Jardim Bot\u00e2nico da UFRRJ\",\"isPartOf\":{\"@id\":\"https:\/\/institucional.ufrrj.br\/jardimbotanico\/#website\"},\"datePublished\":\"2023-12-01T18:19:49+00:00\",\"dateModified\":\"2023-12-01T18:19:50+00:00\",\"breadcrumb\":{\"@id\":\"https:\/\/institucional.ufrrj.br\/jardimbotanico\/regimento-interno\/#breadcrumb\"},\"inLanguage\":\"pt-BR\",\"potentialAction\":[{\"@type\":\"ReadAction\",\"target\":[\"https:\/\/institucional.ufrrj.br\/jardimbotanico\/regimento-interno\/\"]}]},{\"@type\":\"BreadcrumbList\",\"@id\":\"https:\/\/institucional.ufrrj.br\/jardimbotanico\/regimento-interno\/#breadcrumb\",\"itemListElement\":[{\"@type\":\"ListItem\",\"position\":1,\"name\":\"In\u00edcio\",\"item\":\"https:\/\/institucional.ufrrj.br\/jardimbotanico\/\"},{\"@type\":\"ListItem\",\"position\":2,\"name\":\"Regimento Interno\"}]},{\"@type\":\"WebSite\",\"@id\":\"https:\/\/institucional.ufrrj.br\/jardimbotanico\/#website\",\"url\":\"https:\/\/institucional.ufrrj.br\/jardimbotanico\/\",\"name\":\"Jardim Bot\u00e2nico da UFRRJ\",\"description\":\"Universidade Federal Rural do Rio de Janeiro - UFRRJ\",\"potentialAction\":[{\"@type\":\"SearchAction\",\"target\":{\"@type\":\"EntryPoint\",\"urlTemplate\":\"https:\/\/institucional.ufrrj.br\/jardimbotanico\/?s={search_term_string}\"},\"query-input\":{\"@type\":\"PropertyValueSpecification\",\"valueRequired\":true,\"valueName\":\"search_term_string\"}}],\"inLanguage\":\"pt-BR\"}]}<\/script>\n<!-- \/ Yoast SEO plugin. -->","yoast_head_json":{"title":"Regimento Interno - Jardim Bot\u00e2nico da UFRRJ","robots":{"index":"index","follow":"follow","max-snippet":"max-snippet:-1","max-image-preview":"max-image-preview:large","max-video-preview":"max-video-preview:-1"},"canonical":"https:\/\/institucional.ufrrj.br\/jardimbotanico\/regimento-interno\/","og_locale":"pt_BR","og_type":"article","og_title":"Regimento Interno - Jardim Bot\u00e2nico da UFRRJ","og_description":"O regimento interno do Jardim Bot\u00e2nico da Universidade Federal Rural do Rio de Janeiro (UFRRJ) foi aprovado pelo 319\/CEPE\/2021 e ... leia mais","og_url":"https:\/\/institucional.ufrrj.br\/jardimbotanico\/regimento-interno\/","og_site_name":"Jardim Bot\u00e2nico da UFRRJ","article_modified_time":"2023-12-01T18:19:50+00:00","twitter_card":"summary_large_image","schema":{"@context":"https:\/\/schema.org","@graph":[{"@type":"WebPage","@id":"https:\/\/institucional.ufrrj.br\/jardimbotanico\/regimento-interno\/","url":"https:\/\/institucional.ufrrj.br\/jardimbotanico\/regimento-interno\/","name":"Regimento Interno - Jardim Bot\u00e2nico da UFRRJ","isPartOf":{"@id":"https:\/\/institucional.ufrrj.br\/jardimbotanico\/#website"},"datePublished":"2023-12-01T18:19:49+00:00","dateModified":"2023-12-01T18:19:50+00:00","breadcrumb":{"@id":"https:\/\/institucional.ufrrj.br\/jardimbotanico\/regimento-interno\/#breadcrumb"},"inLanguage":"pt-BR","potentialAction":[{"@type":"ReadAction","target":["https:\/\/institucional.ufrrj.br\/jardimbotanico\/regimento-interno\/"]}]},{"@type":"BreadcrumbList","@id":"https:\/\/institucional.ufrrj.br\/jardimbotanico\/regimento-interno\/#breadcrumb","itemListElement":[{"@type":"ListItem","position":1,"name":"In\u00edcio","item":"https:\/\/institucional.ufrrj.br\/jardimbotanico\/"},{"@type":"ListItem","position":2,"name":"Regimento Interno"}]},{"@type":"WebSite","@id":"https:\/\/institucional.ufrrj.br\/jardimbotanico\/#website","url":"https:\/\/institucional.ufrrj.br\/jardimbotanico\/","name":"Jardim Bot\u00e2nico da UFRRJ","description":"Universidade Federal Rural do Rio de Janeiro - UFRRJ","potentialAction":[{"@type":"SearchAction","target":{"@type":"EntryPoint","urlTemplate":"https:\/\/institucional.ufrrj.br\/jardimbotanico\/?s={search_term_string}"},"query-input":{"@type":"PropertyValueSpecification","valueRequired":true,"valueName":"search_term_string"}}],"inLanguage":"pt-BR"}]}},"acf":[],"_links":{"self":[{"href":"https:\/\/institucional.ufrrj.br\/jardimbotanico\/wp-json\/wp\/v2\/pages\/1165","targetHints":{"allow":["GET"]}}],"collection":[{"href":"https:\/\/institucional.ufrrj.br\/jardimbotanico\/wp-json\/wp\/v2\/pages"}],"about":[{"href":"https:\/\/institucional.ufrrj.br\/jardimbotanico\/wp-json\/wp\/v2\/types\/page"}],"author":[{"embeddable":true,"href":"https:\/\/institucional.ufrrj.br\/jardimbotanico\/wp-json\/wp\/v2\/users\/625"}],"replies":[{"embeddable":true,"href":"https:\/\/institucional.ufrrj.br\/jardimbotanico\/wp-json\/wp\/v2\/comments?post=1165"}],"version-history":[{"count":1,"href":"https:\/\/institucional.ufrrj.br\/jardimbotanico\/wp-json\/wp\/v2\/pages\/1165\/revisions"}],"predecessor-version":[{"id":1167,"href":"https:\/\/institucional.ufrrj.br\/jardimbotanico\/wp-json\/wp\/v2\/pages\/1165\/revisions\/1167"}],"wp:attachment":[{"href":"https:\/\/institucional.ufrrj.br\/jardimbotanico\/wp-json\/wp\/v2\/media?parent=1165"}],"curies":[{"name":"wp","href":"https:\/\/api.w.org\/{rel}","templated":true}]}}