{"id":114,"date":"2016-08-09T16:49:01","date_gmt":"2016-08-09T16:49:01","guid":{"rendered":"http:\/\/institucional.ufrrj.br\/jardimbotanico\/?page_id=114"},"modified":"2023-10-03T14:13:31","modified_gmt":"2023-10-03T14:13:31","slug":"visitacoes","status":"publish","type":"page","link":"https:\/\/institucional.ufrrj.br\/jardimbotanico\/visitacoes\/","title":{"rendered":"Visita\u00e7\u00e3o"},"content":{"rendered":"<p>O Jardim Bot\u00e2nico da UFRRJ funciona de segunda a sexta de 8h \u00e0s 16:30h, exceto feriados.<\/p>\n<p><strong>Visitas livres<\/strong><\/p>\n<p>As visitas espor\u00e1dicas n\u00e3o necessitam de marca\u00e7\u00e3o e podem acontecer a qualquer hor\u00e1rio dentro do nosso funcionamento.<\/p>\n<p><strong>Visitas guiadas\u00a0<\/strong><\/p>\n<p>A atividade de visita\u00e7\u00e3o guiada no JB-UFRRJ ocorre de segunda a sexta de 8h \u00e0s 16:30h. As visitas coletivas devem ser <b>agendadas<\/b>, com no\u00a0<b>m\u00ednimo uma semana de anteced\u00eancia,<\/b> atrav\u00e9s do preenchimento do formul\u00e1rio abaixo. Em caso de desist\u00eancia, o proponente deve informar atrav\u00e9s do e-mail (jbrural@ufrrj.br) com pelo menos dois dias antes da visita. A visita\u00e7\u00e3o guiada para grupos previamente agendada ser\u00e1 conduzida por um membro da nossa equipe de Educa\u00e7\u00e3o Ambiental.<\/p>\n<p><strong>Visitas escolares<\/strong><\/p>\n<p>Para visita\u00e7\u00e3o escolar, solicitamos que o respons\u00e1vel pela visita preencha o formul\u00e1rio abaixo com os dados do col\u00e9gio, quantidade de alunos e dia\/hor\u00e1rio pretendido. Al\u00e9m do objetivo da visita, para nossa equipe que acompanhar\u00e1 o col\u00e9gio preparar atividades caso seja necess\u00e1rio. Solicitamos que os professores acompanhem toda a visita junto com nossos monitores.<\/p>\n<p>A UFRRJ n\u00e3o disponibiliza \u00f4nibus para transporte dos alunos e, portanto, essa parte deve ser organizada pelo pr\u00f3prio col\u00e9gio.<\/p>\n<p>Ap\u00f3s o preenchimento, nossa equipe entrar\u00e1 em contato para a confirma\u00e7\u00e3o da visita e recomenda\u00e7\u00f5es. Em caso de desist\u00eancia, o proponente deve informar atrav\u00e9s do e-mail (jbrural@ufrrj.br) com pelo menos dois dias antes da visita.<\/p>\n\n\n<p class=\" has-text-align-center has-very-light-gray-background-color has-background eplus-wrapper\" style=\"font-size:18px\"><a href=\"https:\/\/docs.google.com\/forms\/d\/e\/1FAIpQLSdkJVFgd3xzcZu4BFNzURgJ6BxYBzOzYfx_bSFdzsmKpZbf8Q\/viewform?usp=sf_link\">Formul\u00e1rio para Agendamento de Visita\u00e7\u00e3o<\/a><\/p>\n","protected":false},"excerpt":{"rendered":"<p>O Jardim Bot\u00e2nico da UFRRJ funciona de segunda a sexta de 8h \u00e0s 16:30h, exceto feriados. Visitas livres As visitas <a class=\"read-more\" href=\"https:\/\/institucional.ufrrj.br\/jardimbotanico\/visitacoes\/ \" >&#8230; <span class=\"font-italic\">leia mais <i class=\"fas fa-angle-right\"><\/i><\/span><\/a><\/p>\n","protected":false},"author":625,"featured_media":0,"parent":0,"menu_order":0,"comment_status":"closed","ping_status":"closed","template":"","meta":{"_acf_changed":false,"footnotes":""},"class_list":["post-114","page","type-page","status-publish","hentry"],"yoast_head":"<!-- This site is optimized with the Yoast SEO plugin v27.2 - https:\/\/yoast.com\/product\/yoast-seo-wordpress\/ -->\n<title>Visita\u00e7\u00e3o - Jardim Bot\u00e2nico da UFRRJ<\/title>\n<meta name=\"robots\" content=\"index, follow, max-snippet:-1, max-image-preview:large, max-video-preview:-1\" \/>\n<link rel=\"canonical\" href=\"https:\/\/institucional.ufrrj.br\/jardimbotanico\/visitacoes\/\" \/>\n<meta property=\"og:locale\" content=\"pt_BR\" \/>\n<meta property=\"og:type\" content=\"article\" \/>\n<meta property=\"og:title\" content=\"Visita\u00e7\u00e3o - Jardim Bot\u00e2nico da UFRRJ\" \/>\n<meta property=\"og:description\" content=\"O Jardim Bot\u00e2nico da UFRRJ funciona de segunda a sexta de 8h \u00e0s 16:30h, exceto feriados. Visitas livres As visitas ... leia mais\" \/>\n<meta property=\"og:url\" content=\"https:\/\/institucional.ufrrj.br\/jardimbotanico\/visitacoes\/\" \/>\n<meta property=\"og:site_name\" content=\"Jardim Bot\u00e2nico da UFRRJ\" \/>\n<meta property=\"article:modified_time\" content=\"2023-10-03T14:13:31+00:00\" \/>\n<meta name=\"twitter:card\" content=\"summary_large_image\" \/>\n<meta name=\"twitter:label1\" content=\"Est. tempo de leitura\" \/>\n\t<meta name=\"twitter:data1\" content=\"1 minuto\" \/>\n<script type=\"application\/ld+json\" class=\"yoast-schema-graph\">{\"@context\":\"https:\/\/schema.org\",\"@graph\":[{\"@type\":\"WebPage\",\"@id\":\"https:\/\/institucional.ufrrj.br\/jardimbotanico\/visitacoes\/\",\"url\":\"https:\/\/institucional.ufrrj.br\/jardimbotanico\/visitacoes\/\",\"name\":\"Visita\u00e7\u00e3o - Jardim Bot\u00e2nico da UFRRJ\",\"isPartOf\":{\"@id\":\"https:\/\/institucional.ufrrj.br\/jardimbotanico\/#website\"},\"datePublished\":\"2016-08-09T16:49:01+00:00\",\"dateModified\":\"2023-10-03T14:13:31+00:00\",\"breadcrumb\":{\"@id\":\"https:\/\/institucional.ufrrj.br\/jardimbotanico\/visitacoes\/#breadcrumb\"},\"inLanguage\":\"pt-BR\",\"potentialAction\":[{\"@type\":\"ReadAction\",\"target\":[\"https:\/\/institucional.ufrrj.br\/jardimbotanico\/visitacoes\/\"]}]},{\"@type\":\"BreadcrumbList\",\"@id\":\"https:\/\/institucional.ufrrj.br\/jardimbotanico\/visitacoes\/#breadcrumb\",\"itemListElement\":[{\"@type\":\"ListItem\",\"position\":1,\"name\":\"In\u00edcio\",\"item\":\"https:\/\/institucional.ufrrj.br\/jardimbotanico\/\"},{\"@type\":\"ListItem\",\"position\":2,\"name\":\"Visita\u00e7\u00e3o\"}]},{\"@type\":\"WebSite\",\"@id\":\"https:\/\/institucional.ufrrj.br\/jardimbotanico\/#website\",\"url\":\"https:\/\/institucional.ufrrj.br\/jardimbotanico\/\",\"name\":\"Jardim Bot\u00e2nico da UFRRJ\",\"description\":\"Universidade Federal Rural do Rio de Janeiro - UFRRJ\",\"potentialAction\":[{\"@type\":\"SearchAction\",\"target\":{\"@type\":\"EntryPoint\",\"urlTemplate\":\"https:\/\/institucional.ufrrj.br\/jardimbotanico\/?s={search_term_string}\"},\"query-input\":{\"@type\":\"PropertyValueSpecification\",\"valueRequired\":true,\"valueName\":\"search_term_string\"}}],\"inLanguage\":\"pt-BR\"}]}<\/script>\n<!-- \/ Yoast SEO plugin. -->","yoast_head_json":{"title":"Visita\u00e7\u00e3o - Jardim Bot\u00e2nico da UFRRJ","robots":{"index":"index","follow":"follow","max-snippet":"max-snippet:-1","max-image-preview":"max-image-preview:large","max-video-preview":"max-video-preview:-1"},"canonical":"https:\/\/institucional.ufrrj.br\/jardimbotanico\/visitacoes\/","og_locale":"pt_BR","og_type":"article","og_title":"Visita\u00e7\u00e3o - Jardim Bot\u00e2nico da UFRRJ","og_description":"O Jardim Bot\u00e2nico da UFRRJ funciona de segunda a sexta de 8h \u00e0s 16:30h, exceto feriados. Visitas livres As visitas ... leia mais","og_url":"https:\/\/institucional.ufrrj.br\/jardimbotanico\/visitacoes\/","og_site_name":"Jardim Bot\u00e2nico da UFRRJ","article_modified_time":"2023-10-03T14:13:31+00:00","twitter_card":"summary_large_image","twitter_misc":{"Est. tempo de leitura":"1 minuto"},"schema":{"@context":"https:\/\/schema.org","@graph":[{"@type":"WebPage","@id":"https:\/\/institucional.ufrrj.br\/jardimbotanico\/visitacoes\/","url":"https:\/\/institucional.ufrrj.br\/jardimbotanico\/visitacoes\/","name":"Visita\u00e7\u00e3o - Jardim Bot\u00e2nico da UFRRJ","isPartOf":{"@id":"https:\/\/institucional.ufrrj.br\/jardimbotanico\/#website"},"datePublished":"2016-08-09T16:49:01+00:00","dateModified":"2023-10-03T14:13:31+00:00","breadcrumb":{"@id":"https:\/\/institucional.ufrrj.br\/jardimbotanico\/visitacoes\/#breadcrumb"},"inLanguage":"pt-BR","potentialAction":[{"@type":"ReadAction","target":["https:\/\/institucional.ufrrj.br\/jardimbotanico\/visitacoes\/"]}]},{"@type":"BreadcrumbList","@id":"https:\/\/institucional.ufrrj.br\/jardimbotanico\/visitacoes\/#breadcrumb","itemListElement":[{"@type":"ListItem","position":1,"name":"In\u00edcio","item":"https:\/\/institucional.ufrrj.br\/jardimbotanico\/"},{"@type":"ListItem","position":2,"name":"Visita\u00e7\u00e3o"}]},{"@type":"WebSite","@id":"https:\/\/institucional.ufrrj.br\/jardimbotanico\/#website","url":"https:\/\/institucional.ufrrj.br\/jardimbotanico\/","name":"Jardim Bot\u00e2nico da UFRRJ","description":"Universidade Federal Rural do Rio de Janeiro - UFRRJ","potentialAction":[{"@type":"SearchAction","target":{"@type":"EntryPoint","urlTemplate":"https:\/\/institucional.ufrrj.br\/jardimbotanico\/?s={search_term_string}"},"query-input":{"@type":"PropertyValueSpecification","valueRequired":true,"valueName":"search_term_string"}}],"inLanguage":"pt-BR"}]}},"acf":[],"_links":{"self":[{"href":"https:\/\/institucional.ufrrj.br\/jardimbotanico\/wp-json\/wp\/v2\/pages\/114","targetHints":{"allow":["GET"]}}],"collection":[{"href":"https:\/\/institucional.ufrrj.br\/jardimbotanico\/wp-json\/wp\/v2\/pages"}],"about":[{"href":"https:\/\/institucional.ufrrj.br\/jardimbotanico\/wp-json\/wp\/v2\/types\/page"}],"author":[{"embeddable":true,"href":"https:\/\/institucional.ufrrj.br\/jardimbotanico\/wp-json\/wp\/v2\/users\/625"}],"replies":[{"embeddable":true,"href":"https:\/\/institucional.ufrrj.br\/jardimbotanico\/wp-json\/wp\/v2\/comments?post=114"}],"version-history":[{"count":23,"href":"https:\/\/institucional.ufrrj.br\/jardimbotanico\/wp-json\/wp\/v2\/pages\/114\/revisions"}],"predecessor-version":[{"id":994,"href":"https:\/\/institucional.ufrrj.br\/jardimbotanico\/wp-json\/wp\/v2\/pages\/114\/revisions\/994"}],"wp:attachment":[{"href":"https:\/\/institucional.ufrrj.br\/jardimbotanico\/wp-json\/wp\/v2\/media?parent=114"}],"curies":[{"name":"wp","href":"https:\/\/api.w.org\/{rel}","templated":true}]}}