{"id":59,"date":"2019-10-08T13:00:13","date_gmt":"2019-10-08T16:00:13","guid":{"rendered":"http:\/\/institucional.ufrrj.br\/guiadoestudante\/?page_id=59"},"modified":"2019-10-08T14:10:47","modified_gmt":"2019-10-08T17:10:47","slug":"posto-medico-2","status":"publish","type":"page","link":"https:\/\/institucional.ufrrj.br\/guiadoestudante\/posto-medico-2\/","title":{"rendered":"Posto M\u00e9dico"},"content":{"rendered":"<p>Todos os estudantes matriculados na Rural podem acessar os servi\u00e7os de sa\u00fade mantidos pelos munic\u00edpios onde a Universidade est\u00e1 instalada (Nova Igua\u00e7u, Serop\u00e9dica e Tr\u00eas Rios), tendo em vista que o SUS garante o acesso integral, universal e igualit\u00e1rio \u00e0 popula\u00e7\u00e3o brasileira. Mas em raz\u00e3o do C\u00e2mpus Serop\u00e9dica abrigar estudantes, servidores t\u00e9cnico-administrativos e docentes, se torna necess\u00e1ria a exist\u00eancia do posto m\u00e9dico, que desde a sua cria\u00e7\u00e3o, mant\u00e9m uma equipe de profissionais da sa\u00fade, respons\u00e1vel por prestar servi\u00e7os de atendimento m\u00e9dico e ambulatorial, de enfermagem e de assist\u00eancia social.\u00a0<u>Tais atendimentos ocorrem de segunda a sexta-feira, das 8h \u00e0s 11h30 e das 14h \u00e0s 17h, exceto nos feriados. O posto m\u00e9dico disp\u00f5e ainda de um servi\u00e7o de emerg\u00eancia que opera 24 horas por dia, com atendimento m\u00e9dico e de enfermagem.<\/u>\u00a0O posto fica pr\u00f3ximo aos alojamentos femininos.<\/p>\n<p><img loading=\"lazy\" decoding=\"async\" class=\"alignnone wp-image-48 size-full\" src=\"https:\/\/institucional.ufrrj.br\/guiadoestudante\/files\/2019\/09\/Posto-m\u00e9dico.jpg\" alt=\"\" width=\"1600\" height=\"1133\" srcset=\"https:\/\/institucional.ufrrj.br\/guiadoestudante\/files\/2019\/09\/Posto-m\u00e9dico.jpg 1600w, https:\/\/institucional.ufrrj.br\/guiadoestudante\/files\/2019\/09\/Posto-m\u00e9dico-300x212.jpg 300w, https:\/\/institucional.ufrrj.br\/guiadoestudante\/files\/2019\/09\/Posto-m\u00e9dico-768x544.jpg 768w, https:\/\/institucional.ufrrj.br\/guiadoestudante\/files\/2019\/09\/Posto-m\u00e9dico-1024x725.jpg 1024w\" sizes=\"auto, (max-width: 1600px) 100vw, 1600px\" \/><\/p>\n","protected":false},"excerpt":{"rendered":"<p>Todos os estudantes matriculados na Rural podem acessar os servi\u00e7os de sa\u00fade mantidos pelos munic\u00edpios onde a Universidade est\u00e1 instalada <a class=\"read-more\" href=\"https:\/\/institucional.ufrrj.br\/guiadoestudante\/posto-medico-2\/ \" >&#8230; <span class=\"font-italic\">leia mais <i class=\"fas fa-angle-right\"><\/i><\/span><\/a><\/p>\n","protected":false},"author":754,"featured_media":0,"parent":0,"menu_order":0,"comment_status":"closed","ping_status":"closed","template":"","meta":{"footnotes":""},"class_list":["post-59","page","type-page","status-publish","hentry"],"yoast_head":"<!-- This site is optimized with the Yoast SEO plugin v27.2 - https:\/\/yoast.com\/product\/yoast-seo-wordpress\/ -->\n<title>Posto M\u00e9dico - Guia do Estudante<\/title>\n<meta name=\"robots\" content=\"index, follow, max-snippet:-1, max-image-preview:large, max-video-preview:-1\" \/>\n<link rel=\"canonical\" href=\"https:\/\/institucional.ufrrj.br\/guiadoestudante\/posto-medico-2\/\" \/>\n<meta property=\"og:locale\" content=\"pt_BR\" \/>\n<meta property=\"og:type\" content=\"article\" \/>\n<meta property=\"og:title\" content=\"Posto M\u00e9dico - Guia do Estudante\" \/>\n<meta property=\"og:description\" content=\"Todos os estudantes matriculados na Rural podem acessar os servi\u00e7os de sa\u00fade mantidos pelos munic\u00edpios onde a Universidade est\u00e1 instalada ... leia mais\" \/>\n<meta property=\"og:url\" content=\"https:\/\/institucional.ufrrj.br\/guiadoestudante\/posto-medico-2\/\" \/>\n<meta property=\"og:site_name\" content=\"Guia do Estudante\" \/>\n<meta property=\"article:modified_time\" content=\"2019-10-08T17:10:47+00:00\" \/>\n<meta name=\"twitter:card\" content=\"summary_large_image\" \/>\n<meta name=\"twitter:label1\" content=\"Est. tempo de leitura\" \/>\n\t<meta name=\"twitter:data1\" content=\"1 minuto\" \/>\n<script type=\"application\/ld+json\" class=\"yoast-schema-graph\">{\"@context\":\"https:\/\/schema.org\",\"@graph\":[{\"@type\":\"WebPage\",\"@id\":\"https:\/\/institucional.ufrrj.br\/guiadoestudante\/posto-medico-2\/\",\"url\":\"https:\/\/institucional.ufrrj.br\/guiadoestudante\/posto-medico-2\/\",\"name\":\"Posto M\u00e9dico - Guia do Estudante\",\"isPartOf\":{\"@id\":\"https:\/\/institucional.ufrrj.br\/guiadoestudante\/#website\"},\"datePublished\":\"2019-10-08T16:00:13+00:00\",\"dateModified\":\"2019-10-08T17:10:47+00:00\",\"breadcrumb\":{\"@id\":\"https:\/\/institucional.ufrrj.br\/guiadoestudante\/posto-medico-2\/#breadcrumb\"},\"inLanguage\":\"pt-BR\",\"potentialAction\":[{\"@type\":\"ReadAction\",\"target\":[\"https:\/\/institucional.ufrrj.br\/guiadoestudante\/posto-medico-2\/\"]}]},{\"@type\":\"BreadcrumbList\",\"@id\":\"https:\/\/institucional.ufrrj.br\/guiadoestudante\/posto-medico-2\/#breadcrumb\",\"itemListElement\":[{\"@type\":\"ListItem\",\"position\":1,\"name\":\"In\u00edcio\",\"item\":\"https:\/\/institucional.ufrrj.br\/guiadoestudante\/\"},{\"@type\":\"ListItem\",\"position\":2,\"name\":\"Posto M\u00e9dico\"}]},{\"@type\":\"WebSite\",\"@id\":\"https:\/\/institucional.ufrrj.br\/guiadoestudante\/#website\",\"url\":\"https:\/\/institucional.ufrrj.br\/guiadoestudante\/\",\"name\":\"Guia do Estudante\",\"description\":\"Universidade Federal Rural do Rio de Janeiro - UFRRJ\",\"potentialAction\":[{\"@type\":\"SearchAction\",\"target\":{\"@type\":\"EntryPoint\",\"urlTemplate\":\"https:\/\/institucional.ufrrj.br\/guiadoestudante\/?s={search_term_string}\"},\"query-input\":{\"@type\":\"PropertyValueSpecification\",\"valueRequired\":true,\"valueName\":\"search_term_string\"}}],\"inLanguage\":\"pt-BR\"}]}<\/script>\n<!-- \/ Yoast SEO plugin. -->","yoast_head_json":{"title":"Posto M\u00e9dico - Guia do Estudante","robots":{"index":"index","follow":"follow","max-snippet":"max-snippet:-1","max-image-preview":"max-image-preview:large","max-video-preview":"max-video-preview:-1"},"canonical":"https:\/\/institucional.ufrrj.br\/guiadoestudante\/posto-medico-2\/","og_locale":"pt_BR","og_type":"article","og_title":"Posto M\u00e9dico - Guia do Estudante","og_description":"Todos os estudantes matriculados na Rural podem acessar os servi\u00e7os de sa\u00fade mantidos pelos munic\u00edpios onde a Universidade est\u00e1 instalada ... leia mais","og_url":"https:\/\/institucional.ufrrj.br\/guiadoestudante\/posto-medico-2\/","og_site_name":"Guia do Estudante","article_modified_time":"2019-10-08T17:10:47+00:00","twitter_card":"summary_large_image","twitter_misc":{"Est. tempo de leitura":"1 minuto"},"schema":{"@context":"https:\/\/schema.org","@graph":[{"@type":"WebPage","@id":"https:\/\/institucional.ufrrj.br\/guiadoestudante\/posto-medico-2\/","url":"https:\/\/institucional.ufrrj.br\/guiadoestudante\/posto-medico-2\/","name":"Posto M\u00e9dico - Guia do Estudante","isPartOf":{"@id":"https:\/\/institucional.ufrrj.br\/guiadoestudante\/#website"},"datePublished":"2019-10-08T16:00:13+00:00","dateModified":"2019-10-08T17:10:47+00:00","breadcrumb":{"@id":"https:\/\/institucional.ufrrj.br\/guiadoestudante\/posto-medico-2\/#breadcrumb"},"inLanguage":"pt-BR","potentialAction":[{"@type":"ReadAction","target":["https:\/\/institucional.ufrrj.br\/guiadoestudante\/posto-medico-2\/"]}]},{"@type":"BreadcrumbList","@id":"https:\/\/institucional.ufrrj.br\/guiadoestudante\/posto-medico-2\/#breadcrumb","itemListElement":[{"@type":"ListItem","position":1,"name":"In\u00edcio","item":"https:\/\/institucional.ufrrj.br\/guiadoestudante\/"},{"@type":"ListItem","position":2,"name":"Posto M\u00e9dico"}]},{"@type":"WebSite","@id":"https:\/\/institucional.ufrrj.br\/guiadoestudante\/#website","url":"https:\/\/institucional.ufrrj.br\/guiadoestudante\/","name":"Guia do Estudante","description":"Universidade Federal Rural do Rio de Janeiro - UFRRJ","potentialAction":[{"@type":"SearchAction","target":{"@type":"EntryPoint","urlTemplate":"https:\/\/institucional.ufrrj.br\/guiadoestudante\/?s={search_term_string}"},"query-input":{"@type":"PropertyValueSpecification","valueRequired":true,"valueName":"search_term_string"}}],"inLanguage":"pt-BR"}]}},"_links":{"self":[{"href":"https:\/\/institucional.ufrrj.br\/guiadoestudante\/wp-json\/wp\/v2\/pages\/59","targetHints":{"allow":["GET"]}}],"collection":[{"href":"https:\/\/institucional.ufrrj.br\/guiadoestudante\/wp-json\/wp\/v2\/pages"}],"about":[{"href":"https:\/\/institucional.ufrrj.br\/guiadoestudante\/wp-json\/wp\/v2\/types\/page"}],"author":[{"embeddable":true,"href":"https:\/\/institucional.ufrrj.br\/guiadoestudante\/wp-json\/wp\/v2\/users\/754"}],"replies":[{"embeddable":true,"href":"https:\/\/institucional.ufrrj.br\/guiadoestudante\/wp-json\/wp\/v2\/comments?post=59"}],"version-history":[{"count":2,"href":"https:\/\/institucional.ufrrj.br\/guiadoestudante\/wp-json\/wp\/v2\/pages\/59\/revisions"}],"predecessor-version":[{"id":78,"href":"https:\/\/institucional.ufrrj.br\/guiadoestudante\/wp-json\/wp\/v2\/pages\/59\/revisions\/78"}],"wp:attachment":[{"href":"https:\/\/institucional.ufrrj.br\/guiadoestudante\/wp-json\/wp\/v2\/media?parent=59"}],"curies":[{"name":"wp","href":"https:\/\/api.w.org\/{rel}","templated":true}]}}