{"id":53,"date":"2018-09-28T10:11:23","date_gmt":"2018-09-28T13:11:23","guid":{"rendered":"http:\/\/institucional.ufrrj.br\/fazendinha\/?page_id=53"},"modified":"2018-10-03T09:27:48","modified_gmt":"2018-10-03T12:27:48","slug":"formulario-de-estagios","status":"publish","type":"page","link":"https:\/\/institucional.ufrrj.br\/fazendinha\/formulario-de-estagios\/","title":{"rendered":"Formul\u00e1rio de Est\u00e1gios"},"content":{"rendered":"\n                <div class='gf_browser_gecko gform_wrapper' id='gform_wrapper_2' ><form method='post' enctype='multipart\/form-data'  id='gform_2'  action='\/fazendinha\/wp-json\/wp\/v2\/pages\/53'>\n                        <div class='gform_heading'>\n                            <h3 class='gform_title'>Este Formul\u00e1rio refere-se ao cadastramento de estagi\u00e1rios na Fazendinha Agroecol\u00f3gica Km 47<\/h3>\n                            <span class='gform_description'>Preencha todos os campos e clique em enviar. D\u00favidas ser\u00e3o esclarecidas mediante contato pelo email: fazendinhaagroecologica47@ufrrj.br<\/span>\n                        <\/div>\n                        <div class='gform_body'><ul id='gform_fields_2' class='gform_fields top_label form_sublabel_below description_below'><li id='field_2_3'  class='gfield field_sublabel_below field_description_below gfield_visibility_visible' ><label class='gfield_label' for='input_2_3' >Nome<\/label><div class='ginput_container ginput_container_text'><input name='input_3' id='input_2_3' type='text' value='' class='medium'      aria-invalid=\"false\" \/><\/div><\/li><li id='field_2_4'  class='gfield field_sublabel_below field_description_below gfield_visibility_visible' ><label class='gfield_label' for='input_2_4' >CPF<\/label><div class='ginput_container ginput_container_text'><input name='input_4' id='input_2_4' type='text' value='' class='medium'      aria-invalid=\"false\" \/><\/div><\/li><li id='field_2_1'  class='gfield field_sublabel_below field_description_below gfield_visibility_visible' ><label class='gfield_label'  >Modalidade<\/label><div class='ginput_container ginput_container_radio'><ul class='gfield_radio' id='input_2_1'><li class='gchoice_2_1_0'><input name='input_1' type='radio' value='N\u00edvel m\u00e9dio\/T\u00e9cnico'  id='choice_2_1_0'    \/><label for='choice_2_1_0' id='label_2_1_0'>N\u00edvel m\u00e9dio\/T\u00e9cnico<\/label><\/li><li class='gchoice_2_1_1'><input name='input_1' type='radio' value='Volunt\u00e1rio'  id='choice_2_1_1'    \/><label for='choice_2_1_1' id='label_2_1_1'>Volunt\u00e1rio<\/label><\/li><li class='gchoice_2_1_2'><input name='input_1' type='radio' value='Gradua\u00e7\u00e3o\/Viv\u00eancia Acad\u00eamica'  id='choice_2_1_2'    \/><label for='choice_2_1_2' id='label_2_1_2'>Gradua\u00e7\u00e3o\/Viv\u00eancia Acad\u00eamica<\/label><\/li><li class='gchoice_2_1_3'><input name='input_1' type='radio' value='Gradua\u00e7\u00e3o\/Est\u00e1gio Supervisionado'  id='choice_2_1_3'    \/><label for='choice_2_1_3' id='label_2_1_3'>Gradua\u00e7\u00e3o\/Est\u00e1gio Supervisionado<\/label><\/li><li class='gchoice_2_1_4'><input name='input_1' type='radio' value='Gradua\u00e7\u00e3o\/Inicia\u00e7\u00e3o Cientifica'  id='choice_2_1_4'    \/><label for='choice_2_1_4' id='label_2_1_4'>Gradua\u00e7\u00e3o\/Inicia\u00e7\u00e3o Cientifica<\/label><\/li><li class='gchoice_2_1_5'><input name='input_1' type='radio' value='Mestrado'  id='choice_2_1_5'    \/><label for='choice_2_1_5' id='label_2_1_5'>Mestrado<\/label><\/li><li class='gchoice_2_1_6'><input name='input_1' type='radio' value='Doutorado'  id='choice_2_1_6'    \/><label for='choice_2_1_6' id='label_2_1_6'>Doutorado<\/label><\/li><\/ul><\/div><\/li><li id='field_2_5'  class='gfield field_sublabel_below field_description_below gfield_visibility_visible' ><label class='gfield_label' for='input_2_5' >Institui\u00e7\u00e3o<\/label><div class='ginput_container ginput_container_text'><input name='input_5' id='input_2_5' type='text' value='' class='medium'      aria-invalid=\"false\" \/><\/div><\/li><li id='field_2_6'  class='gfield field_sublabel_below field_description_below gfield_visibility_visible' ><label class='gfield_label' for='input_2_6' >Curso<\/label><div class='ginput_container ginput_container_text'><input name='input_6' id='input_2_6' type='text' value='' class='medium'      aria-invalid=\"false\" \/><\/div><\/li><li id='field_2_7'  class='gfield field_sublabel_below field_description_below gfield_visibility_visible' ><label class='gfield_label' for='input_2_7' >Matricula<\/label><div class='ginput_container ginput_container_text'><input name='input_7' id='input_2_7' type='text' value='' class='medium'      aria-invalid=\"false\" \/><\/div><\/li><li id='field_2_8'  class='gfield field_sublabel_below field_description_below gfield_visibility_visible' ><label class='gfield_label' for='input_2_8' >T\u00edtulo do projeto<\/label><div class='ginput_container ginput_container_text'><input name='input_8' id='input_2_8' type='text' value='' class='medium'      aria-invalid=\"false\" \/><\/div><\/li><li id='field_2_9'  class='gfield field_sublabel_below field_description_below gfield_visibility_visible' ><label class='gfield_label'  >Possui bolsa?<\/label><div class='ginput_container ginput_container_radio'><ul class='gfield_radio' id='input_2_9'><li class='gchoice_2_9_0'><input name='input_9' type='radio' value='Sim'  id='choice_2_9_0'    \/><label for='choice_2_9_0' id='label_2_9_0'>Sim<\/label><\/li><li class='gchoice_2_9_1'><input name='input_9' type='radio' value='N\u00e3o'  id='choice_2_9_1'    \/><label for='choice_2_9_1' id='label_2_9_1'>N\u00e3o<\/label><\/li><\/ul><\/div><\/li><li id='field_2_11'  class='gfield field_sublabel_below field_description_below gfield_visibility_visible' ><label class='gfield_label' for='input_2_11' >E-mail<\/label><div class='ginput_container ginput_container_email'>\n                            <input name='input_11' id='input_2_11' type='text' value='' class='medium'     aria-invalid=\"false\" \/>\n                        <\/div><\/li><li id='field_2_12'  class='gfield field_sublabel_below field_description_below gfield_visibility_visible' ><label class='gfield_label' for='input_2_12' >Telefone<\/label><div class='ginput_container ginput_container_text'><input name='input_12' id='input_2_12' type='text' value='' class='medium'      aria-invalid=\"false\" \/><\/div><\/li><li id='field_2_13'  class='gfield gsection field_sublabel_below field_description_below gfield_visibility_visible' ><h2 class='gsection_title'><\/h2><\/li><li id='field_2_14'  class='gfield field_sublabel_below field_description_below gfield_visibility_visible' ><label class='gfield_label' for='input_2_14' >Orientador<\/label><div class='ginput_container ginput_container_text'><input name='input_14' id='input_2_14' type='text' value='' class='medium'      aria-invalid=\"false\" \/><\/div><\/li><li id='field_2_15'  class='gfield field_sublabel_below field_description_below gfield_visibility_visible' ><label class='gfield_label' for='input_2_15' >Institui\u00e7\u00e3o<\/label><div class='ginput_container ginput_container_text'><input name='input_15' id='input_2_15' type='text' value='' class='medium'      aria-invalid=\"false\" \/><\/div><\/li><li id='field_2_17'  class='gfield field_sublabel_below field_description_below gfield_visibility_visible' ><label class='gfield_label' for='input_2_17' >E-mail<\/label><div class='ginput_container ginput_container_email'>\n                            <input name='input_17' id='input_2_17' type='text' value='' class='medium'     aria-invalid=\"false\" \/>\n                        <\/div><\/li><li id='field_2_16'  class='gfield field_sublabel_below field_description_below gfield_visibility_visible' ><label class='gfield_label' for='input_2_16' >Telefone<\/label><div class='ginput_container ginput_container_text'><input name='input_16' id='input_2_16' type='text' value='' class='medium'      aria-invalid=\"false\" \/><\/div><\/li><li id='field_2_18'  class='gfield gsection field_sublabel_below field_description_below gfield_visibility_visible' ><h2 class='gsection_title'><\/h2><\/li><li id='field_2_19'  class='gfield field_sublabel_below field_description_below gfield_visibility_visible' ><label class='gfield_label' for='input_2_19' >Co-Orientador<\/label><div class='ginput_container ginput_container_text'><input name='input_19' id='input_2_19' type='text' value='' class='medium'      aria-invalid=\"false\" \/><\/div><\/li><li id='field_2_20'  class='gfield field_sublabel_below field_description_below gfield_visibility_visible' ><label class='gfield_label' for='input_2_20' >Institui\u00e7\u00e3o<\/label><div class='ginput_container ginput_container_text'><input name='input_20' id='input_2_20' type='text' value='' class='medium'      aria-invalid=\"false\" \/><\/div><\/li><li id='field_2_21'  class='gfield field_sublabel_below field_description_below gfield_visibility_visible' ><label class='gfield_label' for='input_2_21' >E-mail<\/label><div class='ginput_container ginput_container_email'>\n                            <input name='input_21' id='input_2_21' type='text' value='' class='medium'     aria-invalid=\"false\" \/>\n                        <\/div><\/li><li id='field_2_22'  class='gfield field_sublabel_below field_description_below gfield_visibility_visible' ><label class='gfield_label' for='input_2_22' >Telefone<\/label><div class='ginput_container ginput_container_text'><input name='input_22' id='input_2_22' type='text' value='' class='medium'      aria-invalid=\"false\" \/><\/div><\/li><li id='field_2_24'  class='gfield gsection field_sublabel_below field_description_below gfield_visibility_visible' ><h2 class='gsection_title'><\/h2><\/li><li id='field_2_25'  class='gfield field_sublabel_below field_description_below gfield_visibility_visible' ><label class='gfield_label' for='input_2_25' >Descri\u00e7\u00e3o das atividades Desenvolvidas:<\/label><div class='ginput_container ginput_container_textarea'><textarea name='input_25' id='input_2_25' class='textarea medium'      aria-invalid=\"false\"   rows='10' cols='50'><\/textarea><\/div><\/li><li id='field_2_26'  class='gfield field_sublabel_below field_description_below gfield_visibility_visible' ><label class='gfield_label' for='input_2_26' >Observa\u00e7\u00f5es<\/label><div class='ginput_container ginput_container_textarea'><textarea name='input_26' id='input_2_26' class='textarea medium'      aria-invalid=\"false\"   rows='10' cols='50'><\/textarea><\/div><\/li><li id='field_2_27'  class='gfield field_sublabel_below field_description_below gfield_visibility_visible' ><label class='gfield_label' for='input_2_27' >Previs\u00e3o de in\u00edcio do est\u00e1gio<\/label><div class='ginput_container ginput_container_date'>\n                            <input name='input_27' id='input_2_27' type='text' value='' class='datepicker medium mdy datepicker_no_icon'    aria-describedby='input_2_27_date_format' \/>\n                            <span id='input_2_27_date_format' class='screen-reader-text'>Formato de dataMM barra DD barra YY<\/span>\n                        <\/div>\n                        <input type='hidden' id='gforms_calendar_icon_input_2_27' class='gform_hidden' value='https:\/\/institucional.ufrrj.br\/fazendinha\/wp-content\/plugins\/gravityforms\/images\/calendar.png'\/><\/li><li id='field_2_28'  class='gfield field_sublabel_below field_description_below gfield_visibility_visible' ><label class='gfield_label' for='input_2_28' >Previs\u00e3o de fim do est\u00e1gio<\/label><div class='ginput_container ginput_container_date'>\n                            <input name='input_28' id='input_2_28' type='text' value='' class='datepicker medium mdy datepicker_no_icon'    aria-describedby='input_2_28_date_format' \/>\n                            <span id='input_2_28_date_format' class='screen-reader-text'>Formato de dataMM barra DD barra YY<\/span>\n                        <\/div>\n                        <input type='hidden' id='gforms_calendar_icon_input_2_28' class='gform_hidden' value='https:\/\/institucional.ufrrj.br\/fazendinha\/wp-content\/plugins\/gravityforms\/images\/calendar.png'\/><\/li>\n                            <\/ul><\/div>\n        <div class='gform_footer top_label'> <input type='submit' id='gform_submit_button_2' class='gform_button button' value='Enviar'  onclick='if(window[\"gf_submitting_2\"]){return false;}  window[\"gf_submitting_2\"]=true;  ' onkeypress='if( event.keyCode == 13 ){ if(window[\"gf_submitting_2\"]){return false;} window[\"gf_submitting_2\"]=true;  jQuery(\"#gform_2\").trigger(\"submit\",[true]); }' \/> \n            <input type='hidden' class='gform_hidden' name='is_submit_2' value='1' \/>\n            <input type='hidden' class='gform_hidden' name='gform_submit' value='2' \/>\n            \n            <input type='hidden' class='gform_hidden' name='gform_unique_id' value='' \/>\n            <input type='hidden' class='gform_hidden' name='state_2' value='WyJbXSIsIjczYTU4ZTRjYmFlZGYzYTE1NzI1MWIxZjZjODYzNjFlIl0=' \/>\n            <input type='hidden' class='gform_hidden' name='gform_target_page_number_2' id='gform_target_page_number_2' value='0' \/>\n            <input type='hidden' class='gform_hidden' name='gform_source_page_number_2' id='gform_source_page_number_2' value='1' \/>\n            <input type='hidden' name='gform_field_values' value='' \/>\n            \n        <\/div>\n                        <\/form>\n                        <\/div><script type='text\/javascript'> jQuery(document).bind('gform_post_render', function(event, formId, currentPage){if(formId == 2) {} } );jQuery(document).bind('gform_post_conditional_logic', function(event, formId, fields, isInit){} );<\/script><script type='text\/javascript'> jQuery(document).ready(function(){jQuery(document).trigger('gform_post_render', [2, 1]) } ); <\/script>\n","protected":false},"excerpt":{"rendered":"","protected":false},"author":634,"featured_media":0,"parent":0,"menu_order":0,"comment_status":"closed","ping_status":"closed","template":"","meta":{"_acf_changed":false,"footnotes":""},"class_list":["post-53","page","type-page","status-publish","hentry"],"yoast_head":"<!-- This site is optimized with the Yoast SEO plugin v27.2 - https:\/\/yoast.com\/product\/yoast-seo-wordpress\/ -->\n<title>Formul\u00e1rio de Est\u00e1gios - Fazendinha<\/title>\n<meta name=\"robots\" content=\"index, follow, max-snippet:-1, max-image-preview:large, max-video-preview:-1\" \/>\n<link rel=\"canonical\" href=\"https:\/\/institucional.ufrrj.br\/fazendinha\/formulario-de-estagios\/\" \/>\n<meta property=\"og:locale\" content=\"pt_BR\" \/>\n<meta property=\"og:type\" content=\"article\" \/>\n<meta property=\"og:title\" content=\"Formul\u00e1rio de Est\u00e1gios - Fazendinha\" \/>\n<meta property=\"og:url\" content=\"https:\/\/institucional.ufrrj.br\/fazendinha\/formulario-de-estagios\/\" \/>\n<meta property=\"og:site_name\" content=\"Fazendinha\" \/>\n<meta property=\"article:modified_time\" content=\"2018-10-03T12:27:48+00:00\" \/>\n<meta name=\"twitter:card\" content=\"summary_large_image\" \/>\n<script type=\"application\/ld+json\" class=\"yoast-schema-graph\">{\"@context\":\"https:\/\/schema.org\",\"@graph\":[{\"@type\":\"WebPage\",\"@id\":\"https:\/\/institucional.ufrrj.br\/fazendinha\/formulario-de-estagios\/\",\"url\":\"https:\/\/institucional.ufrrj.br\/fazendinha\/formulario-de-estagios\/\",\"name\":\"Formul\u00e1rio de Est\u00e1gios - Fazendinha\",\"isPartOf\":{\"@id\":\"https:\/\/institucional.ufrrj.br\/fazendinha\/#website\"},\"datePublished\":\"2018-09-28T13:11:23+00:00\",\"dateModified\":\"2018-10-03T12:27:48+00:00\",\"breadcrumb\":{\"@id\":\"https:\/\/institucional.ufrrj.br\/fazendinha\/formulario-de-estagios\/#breadcrumb\"},\"inLanguage\":\"pt-BR\",\"potentialAction\":[{\"@type\":\"ReadAction\",\"target\":[\"https:\/\/institucional.ufrrj.br\/fazendinha\/formulario-de-estagios\/\"]}]},{\"@type\":\"BreadcrumbList\",\"@id\":\"https:\/\/institucional.ufrrj.br\/fazendinha\/formulario-de-estagios\/#breadcrumb\",\"itemListElement\":[{\"@type\":\"ListItem\",\"position\":1,\"name\":\"In\u00edcio\",\"item\":\"https:\/\/institucional.ufrrj.br\/fazendinha\/\"},{\"@type\":\"ListItem\",\"position\":2,\"name\":\"Formul\u00e1rio de Est\u00e1gios\"}]},{\"@type\":\"WebSite\",\"@id\":\"https:\/\/institucional.ufrrj.br\/fazendinha\/#website\",\"url\":\"https:\/\/institucional.ufrrj.br\/fazendinha\/\",\"name\":\"Fazendinha\",\"description\":\"S\u00f3 mais um site institucional.ufrrj.br\",\"potentialAction\":[{\"@type\":\"SearchAction\",\"target\":{\"@type\":\"EntryPoint\",\"urlTemplate\":\"https:\/\/institucional.ufrrj.br\/fazendinha\/?s={search_term_string}\"},\"query-input\":{\"@type\":\"PropertyValueSpecification\",\"valueRequired\":true,\"valueName\":\"search_term_string\"}}],\"inLanguage\":\"pt-BR\"}]}<\/script>\n<!-- \/ Yoast SEO plugin. -->","yoast_head_json":{"title":"Formul\u00e1rio de Est\u00e1gios - Fazendinha","robots":{"index":"index","follow":"follow","max-snippet":"max-snippet:-1","max-image-preview":"max-image-preview:large","max-video-preview":"max-video-preview:-1"},"canonical":"https:\/\/institucional.ufrrj.br\/fazendinha\/formulario-de-estagios\/","og_locale":"pt_BR","og_type":"article","og_title":"Formul\u00e1rio de Est\u00e1gios - Fazendinha","og_url":"https:\/\/institucional.ufrrj.br\/fazendinha\/formulario-de-estagios\/","og_site_name":"Fazendinha","article_modified_time":"2018-10-03T12:27:48+00:00","twitter_card":"summary_large_image","schema":{"@context":"https:\/\/schema.org","@graph":[{"@type":"WebPage","@id":"https:\/\/institucional.ufrrj.br\/fazendinha\/formulario-de-estagios\/","url":"https:\/\/institucional.ufrrj.br\/fazendinha\/formulario-de-estagios\/","name":"Formul\u00e1rio de Est\u00e1gios - Fazendinha","isPartOf":{"@id":"https:\/\/institucional.ufrrj.br\/fazendinha\/#website"},"datePublished":"2018-09-28T13:11:23+00:00","dateModified":"2018-10-03T12:27:48+00:00","breadcrumb":{"@id":"https:\/\/institucional.ufrrj.br\/fazendinha\/formulario-de-estagios\/#breadcrumb"},"inLanguage":"pt-BR","potentialAction":[{"@type":"ReadAction","target":["https:\/\/institucional.ufrrj.br\/fazendinha\/formulario-de-estagios\/"]}]},{"@type":"BreadcrumbList","@id":"https:\/\/institucional.ufrrj.br\/fazendinha\/formulario-de-estagios\/#breadcrumb","itemListElement":[{"@type":"ListItem","position":1,"name":"In\u00edcio","item":"https:\/\/institucional.ufrrj.br\/fazendinha\/"},{"@type":"ListItem","position":2,"name":"Formul\u00e1rio de Est\u00e1gios"}]},{"@type":"WebSite","@id":"https:\/\/institucional.ufrrj.br\/fazendinha\/#website","url":"https:\/\/institucional.ufrrj.br\/fazendinha\/","name":"Fazendinha","description":"S\u00f3 mais um site institucional.ufrrj.br","potentialAction":[{"@type":"SearchAction","target":{"@type":"EntryPoint","urlTemplate":"https:\/\/institucional.ufrrj.br\/fazendinha\/?s={search_term_string}"},"query-input":{"@type":"PropertyValueSpecification","valueRequired":true,"valueName":"search_term_string"}}],"inLanguage":"pt-BR"}]}},"acf":[],"_links":{"self":[{"href":"https:\/\/institucional.ufrrj.br\/fazendinha\/wp-json\/wp\/v2\/pages\/53","targetHints":{"allow":["GET"]}}],"collection":[{"href":"https:\/\/institucional.ufrrj.br\/fazendinha\/wp-json\/wp\/v2\/pages"}],"about":[{"href":"https:\/\/institucional.ufrrj.br\/fazendinha\/wp-json\/wp\/v2\/types\/page"}],"author":[{"embeddable":true,"href":"https:\/\/institucional.ufrrj.br\/fazendinha\/wp-json\/wp\/v2\/users\/634"}],"replies":[{"embeddable":true,"href":"https:\/\/institucional.ufrrj.br\/fazendinha\/wp-json\/wp\/v2\/comments?post=53"}],"version-history":[{"count":2,"href":"https:\/\/institucional.ufrrj.br\/fazendinha\/wp-json\/wp\/v2\/pages\/53\/revisions"}],"predecessor-version":[{"id":60,"href":"https:\/\/institucional.ufrrj.br\/fazendinha\/wp-json\/wp\/v2\/pages\/53\/revisions\/60"}],"wp:attachment":[{"href":"https:\/\/institucional.ufrrj.br\/fazendinha\/wp-json\/wp\/v2\/media?parent=53"}],"curies":[{"name":"wp","href":"https:\/\/api.w.org\/{rel}","templated":true}]}}