{"id":1814,"date":"2020-04-17T14:59:11","date_gmt":"2020-04-17T17:59:11","guid":{"rendered":"http:\/\/institucional.ufrrj.br\/fazendinha\/?page_id=1814"},"modified":"2020-04-17T16:30:09","modified_gmt":"2020-04-17T19:30:09","slug":"1814-2","status":"publish","type":"page","link":"https:\/\/institucional.ufrrj.br\/fazendinha\/1814-2\/","title":{"rendered":"Teses e Disserta\u00e7\u00f5es do Programa de Programa de P\u00f3s Gradua\u00e7\u00e3o em Ci\u00eancia Tecnologia e Inova\u00e7\u00e3o em Agropecu\u00e1ria no SIPA"},"content":{"rendered":"<p>Ao longo de mais de 25 anos, a Fazendinha vem propiciando a forma\u00e7\u00e3o de recursos humanos e o desenvolvimento de Disserta\u00e7\u00f5es e Teses dos Programas de P\u00f3s-Gradua\u00e7\u00e3o da UFRRJ com as institui\u00e7\u00f5es parceiras.<\/p>\n<p>Todas as disserta\u00e7\u00f5es do Programa de Programa de P\u00f3s Gradua\u00e7\u00e3o em Ci\u00eancia Tecnologia e Inova\u00e7\u00e3o em Agropecu\u00e1ria podem ser consultadas no <a href=\"http:\/\/cursos.ufrrj.br\/posgraduacao\/ppgctia\/\" target=\"_blank\" rel=\"noopener noreferrer\">Site do PPGCTIA<\/a><\/p>\n<p><img loading=\"lazy\" decoding=\"async\" class=\"aligncenter size-medium wp-image-1815\" src=\"https:\/\/institucional.ufrrj.br\/fazendinha\/files\/2020\/04\/ppgctia-300x66.png\" alt=\"\" width=\"300\" height=\"66\" srcset=\"https:\/\/institucional.ufrrj.br\/fazendinha\/files\/2020\/04\/ppgctia-300x66.png 300w, https:\/\/institucional.ufrrj.br\/fazendinha\/files\/2020\/04\/ppgctia.png 500w\" sizes=\"auto, (max-width: 300px) 100vw, 300px\" \/><\/p>\n<p>Hamacher , Leonardo da Silva. <strong><a href=\"https:\/\/sucupira.capes.gov.br\/sucupira\/public\/consultas\/coleta\/trabalhoConclusao\/viewTrabalhoConclusao.xhtml?popup=true&amp;id_trabalho=8669108\" target=\"_blank\" rel=\"noopener noreferrer\">Fertirriga\u00e7\u00e3o do capim citronela (Cymbopogon nardus (L.) rendle), utilizando \u00e1gua residu\u00e1ria de bovinocultura de leite.<\/a><\/strong> 16\/12\/2019. Doutorado no Programa de P\u00f3s Gradua\u00e7\u00e3o em Ci\u00eancia Tecnologia e Inova\u00e7\u00e3o em Agropecu\u00e1ria. UNIVERSIDADE FEDERAL RURAL DO RIO DE JANEIRO, Serop\u00e9dica.<\/p>\n<p>Flori\u00e3o, M\u00f4nica Mateus.<a href=\"https:\/\/sucupira.capes.gov.br\/sucupira\/public\/consultas\/coleta\/trabalhoConclusao\/viewTrabalhoConclusao.xhtml?popup=true&amp;id_trabalho=4936430\" target=\"_blank\" rel=\"noopener noreferrer\"><strong> O parasitismo em bovinocultura leiteira sob sistema org\u00e2nico de produ\u00e7\u00e3o em clima tropical: Manejo e identifica\u00e7\u00f5a das esp\u00e9cies do g\u00eanero Eimeria (Apicomplexa: Eimeriidae)<\/strong>.<\/a> 27\/02\/2016. Doutorado no Programa de P\u00f3s Gradua\u00e7\u00e3o em Ci\u00eancia Tecnologia e Inova\u00e7\u00e3o em Agropecu\u00e1ria. UNIVERSIDADE FEDERAL RURAL DO RIO DE JANEIRO, Serop\u00e9dica.<\/p>\n","protected":false},"excerpt":{"rendered":"<p>Ao longo de mais de 25 anos, a Fazendinha vem propiciando a forma\u00e7\u00e3o de recursos humanos e o desenvolvimento de <a class=\"read-more\" href=\"https:\/\/institucional.ufrrj.br\/fazendinha\/1814-2\/ \" >&#8230; <span class=\"font-italic\">leia mais <i class=\"fas fa-angle-right\"><\/i><\/span><\/a><\/p>\n","protected":false},"author":743,"featured_media":0,"parent":0,"menu_order":0,"comment_status":"closed","ping_status":"closed","template":"","meta":{"_acf_changed":false,"footnotes":""},"class_list":["post-1814","page","type-page","status-publish","hentry"],"yoast_head":"<!-- This site is optimized with the Yoast SEO plugin v27.2 - https:\/\/yoast.com\/product\/yoast-seo-wordpress\/ -->\n<title>Teses e Disserta\u00e7\u00f5es do Programa de Programa de P\u00f3s Gradua\u00e7\u00e3o em Ci\u00eancia Tecnologia e Inova\u00e7\u00e3o em Agropecu\u00e1ria no SIPA - Fazendinha<\/title>\n<meta name=\"robots\" content=\"index, follow, max-snippet:-1, max-image-preview:large, max-video-preview:-1\" \/>\n<link rel=\"canonical\" href=\"https:\/\/institucional.ufrrj.br\/fazendinha\/1814-2\/\" \/>\n<meta property=\"og:locale\" content=\"pt_BR\" \/>\n<meta property=\"og:type\" content=\"article\" \/>\n<meta property=\"og:title\" content=\"Teses e Disserta\u00e7\u00f5es do Programa de Programa de P\u00f3s Gradua\u00e7\u00e3o em Ci\u00eancia Tecnologia e Inova\u00e7\u00e3o em Agropecu\u00e1ria no SIPA - Fazendinha\" \/>\n<meta property=\"og:description\" content=\"Ao longo de mais de 25 anos, a Fazendinha vem propiciando a forma\u00e7\u00e3o de recursos humanos e o desenvolvimento de ... leia mais\" \/>\n<meta property=\"og:url\" content=\"https:\/\/institucional.ufrrj.br\/fazendinha\/1814-2\/\" \/>\n<meta property=\"og:site_name\" content=\"Fazendinha\" \/>\n<meta property=\"article:modified_time\" content=\"2020-04-17T19:30:09+00:00\" \/>\n<meta property=\"og:image\" content=\"http:\/\/institucional.ufrrj.br\/fazendinha\/files\/2020\/04\/ppgctia-300x66.png\" \/>\n<meta name=\"twitter:card\" content=\"summary_large_image\" \/>\n<meta name=\"twitter:label1\" content=\"Est. tempo de leitura\" \/>\n\t<meta name=\"twitter:data1\" content=\"1 minuto\" \/>\n<script type=\"application\/ld+json\" class=\"yoast-schema-graph\">{\"@context\":\"https:\/\/schema.org\",\"@graph\":[{\"@type\":\"WebPage\",\"@id\":\"https:\/\/institucional.ufrrj.br\/fazendinha\/1814-2\/\",\"url\":\"https:\/\/institucional.ufrrj.br\/fazendinha\/1814-2\/\",\"name\":\"Teses e Disserta\u00e7\u00f5es do Programa de Programa de P\u00f3s Gradua\u00e7\u00e3o em Ci\u00eancia Tecnologia e Inova\u00e7\u00e3o em Agropecu\u00e1ria no SIPA - Fazendinha\",\"isPartOf\":{\"@id\":\"https:\/\/institucional.ufrrj.br\/fazendinha\/#website\"},\"primaryImageOfPage\":{\"@id\":\"https:\/\/institucional.ufrrj.br\/fazendinha\/1814-2\/#primaryimage\"},\"image\":{\"@id\":\"https:\/\/institucional.ufrrj.br\/fazendinha\/1814-2\/#primaryimage\"},\"thumbnailUrl\":\"http:\/\/institucional.ufrrj.br\/fazendinha\/files\/2020\/04\/ppgctia-300x66.png\",\"datePublished\":\"2020-04-17T17:59:11+00:00\",\"dateModified\":\"2020-04-17T19:30:09+00:00\",\"breadcrumb\":{\"@id\":\"https:\/\/institucional.ufrrj.br\/fazendinha\/1814-2\/#breadcrumb\"},\"inLanguage\":\"pt-BR\",\"potentialAction\":[{\"@type\":\"ReadAction\",\"target\":[\"https:\/\/institucional.ufrrj.br\/fazendinha\/1814-2\/\"]}]},{\"@type\":\"ImageObject\",\"inLanguage\":\"pt-BR\",\"@id\":\"https:\/\/institucional.ufrrj.br\/fazendinha\/1814-2\/#primaryimage\",\"url\":\"http:\/\/institucional.ufrrj.br\/fazendinha\/files\/2020\/04\/ppgctia-300x66.png\",\"contentUrl\":\"http:\/\/institucional.ufrrj.br\/fazendinha\/files\/2020\/04\/ppgctia-300x66.png\"},{\"@type\":\"BreadcrumbList\",\"@id\":\"https:\/\/institucional.ufrrj.br\/fazendinha\/1814-2\/#breadcrumb\",\"itemListElement\":[{\"@type\":\"ListItem\",\"position\":1,\"name\":\"In\u00edcio\",\"item\":\"https:\/\/institucional.ufrrj.br\/fazendinha\/\"},{\"@type\":\"ListItem\",\"position\":2,\"name\":\"Teses e Disserta\u00e7\u00f5es do Programa de Programa de P\u00f3s Gradua\u00e7\u00e3o em Ci\u00eancia Tecnologia e Inova\u00e7\u00e3o em Agropecu\u00e1ria no SIPA\"}]},{\"@type\":\"WebSite\",\"@id\":\"https:\/\/institucional.ufrrj.br\/fazendinha\/#website\",\"url\":\"https:\/\/institucional.ufrrj.br\/fazendinha\/\",\"name\":\"Fazendinha\",\"description\":\"S\u00f3 mais um site institucional.ufrrj.br\",\"potentialAction\":[{\"@type\":\"SearchAction\",\"target\":{\"@type\":\"EntryPoint\",\"urlTemplate\":\"https:\/\/institucional.ufrrj.br\/fazendinha\/?s={search_term_string}\"},\"query-input\":{\"@type\":\"PropertyValueSpecification\",\"valueRequired\":true,\"valueName\":\"search_term_string\"}}],\"inLanguage\":\"pt-BR\"}]}<\/script>\n<!-- \/ Yoast SEO plugin. -->","yoast_head_json":{"title":"Teses e Disserta\u00e7\u00f5es do Programa de Programa de P\u00f3s Gradua\u00e7\u00e3o em Ci\u00eancia Tecnologia e Inova\u00e7\u00e3o em Agropecu\u00e1ria no SIPA - Fazendinha","robots":{"index":"index","follow":"follow","max-snippet":"max-snippet:-1","max-image-preview":"max-image-preview:large","max-video-preview":"max-video-preview:-1"},"canonical":"https:\/\/institucional.ufrrj.br\/fazendinha\/1814-2\/","og_locale":"pt_BR","og_type":"article","og_title":"Teses e Disserta\u00e7\u00f5es do Programa de Programa de P\u00f3s Gradua\u00e7\u00e3o em Ci\u00eancia Tecnologia e Inova\u00e7\u00e3o em Agropecu\u00e1ria no SIPA - Fazendinha","og_description":"Ao longo de mais de 25 anos, a Fazendinha vem propiciando a forma\u00e7\u00e3o de recursos humanos e o desenvolvimento de ... leia mais","og_url":"https:\/\/institucional.ufrrj.br\/fazendinha\/1814-2\/","og_site_name":"Fazendinha","article_modified_time":"2020-04-17T19:30:09+00:00","og_image":[{"url":"http:\/\/institucional.ufrrj.br\/fazendinha\/files\/2020\/04\/ppgctia-300x66.png","type":"","width":"","height":""}],"twitter_card":"summary_large_image","twitter_misc":{"Est. tempo de leitura":"1 minuto"},"schema":{"@context":"https:\/\/schema.org","@graph":[{"@type":"WebPage","@id":"https:\/\/institucional.ufrrj.br\/fazendinha\/1814-2\/","url":"https:\/\/institucional.ufrrj.br\/fazendinha\/1814-2\/","name":"Teses e Disserta\u00e7\u00f5es do Programa de Programa de P\u00f3s Gradua\u00e7\u00e3o em Ci\u00eancia Tecnologia e Inova\u00e7\u00e3o em Agropecu\u00e1ria no SIPA - Fazendinha","isPartOf":{"@id":"https:\/\/institucional.ufrrj.br\/fazendinha\/#website"},"primaryImageOfPage":{"@id":"https:\/\/institucional.ufrrj.br\/fazendinha\/1814-2\/#primaryimage"},"image":{"@id":"https:\/\/institucional.ufrrj.br\/fazendinha\/1814-2\/#primaryimage"},"thumbnailUrl":"http:\/\/institucional.ufrrj.br\/fazendinha\/files\/2020\/04\/ppgctia-300x66.png","datePublished":"2020-04-17T17:59:11+00:00","dateModified":"2020-04-17T19:30:09+00:00","breadcrumb":{"@id":"https:\/\/institucional.ufrrj.br\/fazendinha\/1814-2\/#breadcrumb"},"inLanguage":"pt-BR","potentialAction":[{"@type":"ReadAction","target":["https:\/\/institucional.ufrrj.br\/fazendinha\/1814-2\/"]}]},{"@type":"ImageObject","inLanguage":"pt-BR","@id":"https:\/\/institucional.ufrrj.br\/fazendinha\/1814-2\/#primaryimage","url":"http:\/\/institucional.ufrrj.br\/fazendinha\/files\/2020\/04\/ppgctia-300x66.png","contentUrl":"http:\/\/institucional.ufrrj.br\/fazendinha\/files\/2020\/04\/ppgctia-300x66.png"},{"@type":"BreadcrumbList","@id":"https:\/\/institucional.ufrrj.br\/fazendinha\/1814-2\/#breadcrumb","itemListElement":[{"@type":"ListItem","position":1,"name":"In\u00edcio","item":"https:\/\/institucional.ufrrj.br\/fazendinha\/"},{"@type":"ListItem","position":2,"name":"Teses e Disserta\u00e7\u00f5es do Programa de Programa de P\u00f3s Gradua\u00e7\u00e3o em Ci\u00eancia Tecnologia e Inova\u00e7\u00e3o em Agropecu\u00e1ria no SIPA"}]},{"@type":"WebSite","@id":"https:\/\/institucional.ufrrj.br\/fazendinha\/#website","url":"https:\/\/institucional.ufrrj.br\/fazendinha\/","name":"Fazendinha","description":"S\u00f3 mais um site institucional.ufrrj.br","potentialAction":[{"@type":"SearchAction","target":{"@type":"EntryPoint","urlTemplate":"https:\/\/institucional.ufrrj.br\/fazendinha\/?s={search_term_string}"},"query-input":{"@type":"PropertyValueSpecification","valueRequired":true,"valueName":"search_term_string"}}],"inLanguage":"pt-BR"}]}},"acf":[],"_links":{"self":[{"href":"https:\/\/institucional.ufrrj.br\/fazendinha\/wp-json\/wp\/v2\/pages\/1814","targetHints":{"allow":["GET"]}}],"collection":[{"href":"https:\/\/institucional.ufrrj.br\/fazendinha\/wp-json\/wp\/v2\/pages"}],"about":[{"href":"https:\/\/institucional.ufrrj.br\/fazendinha\/wp-json\/wp\/v2\/types\/page"}],"author":[{"embeddable":true,"href":"https:\/\/institucional.ufrrj.br\/fazendinha\/wp-json\/wp\/v2\/users\/743"}],"replies":[{"embeddable":true,"href":"https:\/\/institucional.ufrrj.br\/fazendinha\/wp-json\/wp\/v2\/comments?post=1814"}],"version-history":[{"count":5,"href":"https:\/\/institucional.ufrrj.br\/fazendinha\/wp-json\/wp\/v2\/pages\/1814\/revisions"}],"predecessor-version":[{"id":1844,"href":"https:\/\/institucional.ufrrj.br\/fazendinha\/wp-json\/wp\/v2\/pages\/1814\/revisions\/1844"}],"wp:attachment":[{"href":"https:\/\/institucional.ufrrj.br\/fazendinha\/wp-json\/wp\/v2\/media?parent=1814"}],"curies":[{"name":"wp","href":"https:\/\/api.w.org\/{rel}","templated":true}]}}