{"id":1763,"date":"2020-04-15T15:43:27","date_gmt":"2020-04-15T18:43:27","guid":{"rendered":"http:\/\/institucional.ufrrj.br\/fazendinha\/?page_id=1763"},"modified":"2020-04-17T14:24:12","modified_gmt":"2020-04-17T17:24:12","slug":"teses-e-dissertacoes-do-programa-de-pos-graduacao-em-engenharia-agricola-e-ambiental-no-sipa","status":"publish","type":"page","link":"https:\/\/institucional.ufrrj.br\/fazendinha\/teses-e-dissertacoes-do-programa-de-pos-graduacao-em-engenharia-agricola-e-ambiental-no-sipa\/","title":{"rendered":"Teses e Disserta\u00e7\u00f5es do Programa de P\u00f3s-Gradua\u00e7\u00e3o em Engenharia Agr\u00edcola e Ambiental no SIPA"},"content":{"rendered":"<p>Ao longo de mais de 25 anos, a Fazendinha vem propiciando a forma\u00e7\u00e3o de recursos humanos e o desenvolvimento de Disserta\u00e7\u00f5es e Teses dos Programas de P\u00f3s-Gradua\u00e7\u00e3o da UFRRJ com as institui\u00e7\u00f5es parceiras.<\/p>\n<p>Todas as teses e disserta\u00e7\u00f5es do Programa de P\u00f3s-Gradua\u00e7\u00e3o em Engenharia Agr\u00edcola e Ambiental desenvolvidas podem ser visualizadas no <a href=\"http:\/\/cursos.ufrrj.br\/posgraduacao\/pgeaamb\/\" target=\"_blank\" rel=\"noopener noreferrer\">Site do PGEAAmb.<\/a><\/p>\n<p><img loading=\"lazy\" decoding=\"async\" class=\"aligncenter size-medium wp-image-1777\" src=\"https:\/\/institucional.ufrrj.br\/fazendinha\/files\/2020\/04\/PGEAAmB-300x97.jpg\" alt=\"\" width=\"300\" height=\"97\" srcset=\"https:\/\/institucional.ufrrj.br\/fazendinha\/files\/2020\/04\/PGEAAmB-300x97.jpg 300w, https:\/\/institucional.ufrrj.br\/fazendinha\/files\/2020\/04\/PGEAAmB.jpg 471w\" sizes=\"auto, (max-width: 300px) 100vw, 300px\" \/><\/p>\n<p>Melo, Antonio Carlos Farias de. <strong><a href=\"http:\/\/sigaceivap.org.br:8080\/publicacoesArquivos\/guandu\/arq_pubMidia_Processo_188-2015.pdf\" target=\"_blank\" rel=\"noopener noreferrer\">Tratamento de \u00e1gua residu\u00e1ria de bovinocultura de leite, utilizando sistema de alagado constru\u00eddo cultivado com capim vetiver.<\/a> <\/strong>15\/03\/2017. Mestrado em Engenharia Agr\u00edcola e Ambiental. UNIVERSIDADE FEDERAL RURAL DO RIO DE JANEIRO, Serop\u00e9dica.<\/p>\n<p>Almeida, Gilda Vieira de.\u00a0<a href=\"https:\/\/tede.ufrrj.br\/jspui\/handle\/jspui\/2157\" target=\"_blank\" rel=\"noopener noreferrer\"><strong>Tratamento de \u00e1gua residu\u00e1ria de bovinocultura de leite, utilizando leitos cultivados.<\/strong>\u00a0<\/a>29\/02\/2016. Programa de P\u00f3s-Gradua\u00e7\u00e3o em Engenharia Agr\u00edcola e Ambiental. UNIVERSIDADE FEDERAL RURAL DO RIO DE JANEIRO, Serop\u00e9dica.<\/p>\n<p>ARA\u00daJO, M\u00e1rio S\u00e9rgio Paiva de.\u00a0<a href=\"https:\/\/tede.ufrrj.br\/jspui\/handle\/jspui\/1807\" target=\"_blank\" rel=\"noopener noreferrer\"><strong>Coeficientes da cultura e produtividade do cons\u00f3rcio de milho caatingueiro com feij\u00e3o-de-porco e do repolho plantado na palhada.<\/strong><\/a> 25\/02\/2016. Programa de P\u00f3s-Gradua\u00e7\u00e3o em Engenharia Agr\u00edcola e Ambiental. UNIVERSIDADE FEDERAL RURAL DO RIO DE JANEIRO, Serop\u00e9dica.<\/p>\n<p>MATOS, CAMILA FERREIRA.\u00a0<a href=\"http:\/\/cursos.ufrrj.br\/posgraduacao\/pgeaamb\/files\/2014\/08\/Camila-Ferreira-Matos.pdf\" target=\"_blank\" rel=\"noopener noreferrer\"><strong>Produ\u00e7\u00e3o de biog\u00e1s e biofertilizante, a partir de dejetos de bovinos, sob sistema org\u00e2nico e convencional de produ\u00e7\u00e3o<\/strong><\/a>\u2018 26\/02\/2016 52 f. Mestrado em Engenharia Agr\u00edcola e Ambiental Institui\u00e7\u00e3o de Ensino: UNIVERSIDADE FEDERAL RURAL DO RIO DE JANEIRO, Serop\u00e9dica.<\/p>\n<p>Apoio:<\/p>\n<p><a href=\"https:\/\/www.periodicos.capes.gov.br\/\" target=\"_blank\" rel=\"noopener noreferrer\"><img loading=\"lazy\" decoding=\"async\" class=\"size-full wp-image-15 alignleft\" src=\"https:\/\/institucional.ufrrj.br\/fazendinha\/files\/2018\/09\/566372capes-1-1.jpg\" alt=\"\" width=\"136\" height=\"60\" \/><\/a><\/p>\n<p>&nbsp;<\/p>\n<p><a href=\"https:\/\/www.periodicos.capes.gov.br\/\" target=\"_blank\" rel=\"noopener noreferrer\">CAPES (Coordena\u00e7\u00e3o de Aperfei\u00e7oamento de Pessoal de N\u00edvel Superior).<\/a><\/p>\n<p>&nbsp;<\/p>\n<p><a href=\"http:\/\/www.faperj.br\/\" target=\"_blank\" rel=\"noopener noreferrer\"><img loading=\"lazy\" decoding=\"async\" class=\"size-full wp-image-11 alignleft\" src=\"https:\/\/institucional.ufrrj.br\/fazendinha\/files\/2018\/09\/faperj.jpg\" alt=\"\" width=\"136\" height=\"57\" \/><\/a><\/p>\n<p>&nbsp;<\/p>\n<p><a href=\"http:\/\/www.faperj.br\/\" target=\"_blank\" rel=\"noopener noreferrer\"><em>Funda\u00e7\u00e3o de Amparo \u00e0 Pesquisa do Estado do Rio de Janeiro<\/em>\u00a0\u2013\u00a0<em>FAPERJ<\/em>.<\/a><\/p>\n<p>&nbsp;<\/p>\n<p>&nbsp;<\/p>\n<p><a href=\"http:\/\/www.cnpq.br\/\" target=\"_blank\" rel=\"noopener noreferrer\"><img loading=\"lazy\" decoding=\"async\" class=\"size-full wp-image-10 alignleft\" src=\"https:\/\/institucional.ufrrj.br\/fazendinha\/files\/2018\/09\/cnpq2.png\" alt=\"\" width=\"120\" height=\"49\" \/><\/a><\/p>\n<p><a href=\"http:\/\/www.cnpq.br\/\" target=\"_blank\" rel=\"noopener noreferrer\">Conselho Nacional de Desenvolvimento Cient\u00edfico e Tecnol\u00f3gico.<\/a><\/p>\n<p>&nbsp;<\/p>\n","protected":false},"excerpt":{"rendered":"<p>Ao longo de mais de 25 anos, a Fazendinha vem propiciando a forma\u00e7\u00e3o de recursos humanos e o desenvolvimento de <a class=\"read-more\" href=\"https:\/\/institucional.ufrrj.br\/fazendinha\/teses-e-dissertacoes-do-programa-de-pos-graduacao-em-engenharia-agricola-e-ambiental-no-sipa\/ \" >&#8230; <span class=\"font-italic\">leia mais <i class=\"fas fa-angle-right\"><\/i><\/span><\/a><\/p>\n","protected":false},"author":743,"featured_media":0,"parent":0,"menu_order":0,"comment_status":"closed","ping_status":"closed","template":"","meta":{"_acf_changed":false,"footnotes":""},"class_list":["post-1763","page","type-page","status-publish","hentry"],"yoast_head":"<!-- This site is optimized with the Yoast SEO plugin v27.2 - https:\/\/yoast.com\/product\/yoast-seo-wordpress\/ -->\n<title>Teses e Disserta\u00e7\u00f5es do Programa de P\u00f3s-Gradua\u00e7\u00e3o em Engenharia Agr\u00edcola e Ambiental no SIPA - Fazendinha<\/title>\n<meta name=\"robots\" content=\"index, follow, max-snippet:-1, max-image-preview:large, max-video-preview:-1\" \/>\n<link rel=\"canonical\" href=\"https:\/\/institucional.ufrrj.br\/fazendinha\/teses-e-dissertacoes-do-programa-de-pos-graduacao-em-engenharia-agricola-e-ambiental-no-sipa\/\" \/>\n<meta property=\"og:locale\" content=\"pt_BR\" \/>\n<meta property=\"og:type\" content=\"article\" \/>\n<meta property=\"og:title\" content=\"Teses e Disserta\u00e7\u00f5es do Programa de P\u00f3s-Gradua\u00e7\u00e3o em Engenharia Agr\u00edcola e Ambiental no SIPA - Fazendinha\" \/>\n<meta property=\"og:description\" content=\"Ao longo de mais de 25 anos, a Fazendinha vem propiciando a forma\u00e7\u00e3o de recursos humanos e o desenvolvimento de ... leia mais\" \/>\n<meta property=\"og:url\" content=\"https:\/\/institucional.ufrrj.br\/fazendinha\/teses-e-dissertacoes-do-programa-de-pos-graduacao-em-engenharia-agricola-e-ambiental-no-sipa\/\" \/>\n<meta property=\"og:site_name\" content=\"Fazendinha\" \/>\n<meta property=\"article:modified_time\" content=\"2020-04-17T17:24:12+00:00\" \/>\n<meta property=\"og:image\" content=\"http:\/\/institucional.ufrrj.br\/fazendinha\/files\/2020\/04\/PGEAAmB-300x97.jpg\" \/>\n<meta name=\"twitter:card\" content=\"summary_large_image\" \/>\n<meta name=\"twitter:label1\" content=\"Est. tempo de leitura\" \/>\n\t<meta name=\"twitter:data1\" content=\"1 minuto\" \/>\n<script type=\"application\/ld+json\" class=\"yoast-schema-graph\">{\"@context\":\"https:\/\/schema.org\",\"@graph\":[{\"@type\":\"WebPage\",\"@id\":\"https:\/\/institucional.ufrrj.br\/fazendinha\/teses-e-dissertacoes-do-programa-de-pos-graduacao-em-engenharia-agricola-e-ambiental-no-sipa\/\",\"url\":\"https:\/\/institucional.ufrrj.br\/fazendinha\/teses-e-dissertacoes-do-programa-de-pos-graduacao-em-engenharia-agricola-e-ambiental-no-sipa\/\",\"name\":\"Teses e Disserta\u00e7\u00f5es do Programa de P\u00f3s-Gradua\u00e7\u00e3o em Engenharia Agr\u00edcola e Ambiental no SIPA - Fazendinha\",\"isPartOf\":{\"@id\":\"https:\/\/institucional.ufrrj.br\/fazendinha\/#website\"},\"primaryImageOfPage\":{\"@id\":\"https:\/\/institucional.ufrrj.br\/fazendinha\/teses-e-dissertacoes-do-programa-de-pos-graduacao-em-engenharia-agricola-e-ambiental-no-sipa\/#primaryimage\"},\"image\":{\"@id\":\"https:\/\/institucional.ufrrj.br\/fazendinha\/teses-e-dissertacoes-do-programa-de-pos-graduacao-em-engenharia-agricola-e-ambiental-no-sipa\/#primaryimage\"},\"thumbnailUrl\":\"http:\/\/institucional.ufrrj.br\/fazendinha\/files\/2020\/04\/PGEAAmB-300x97.jpg\",\"datePublished\":\"2020-04-15T18:43:27+00:00\",\"dateModified\":\"2020-04-17T17:24:12+00:00\",\"breadcrumb\":{\"@id\":\"https:\/\/institucional.ufrrj.br\/fazendinha\/teses-e-dissertacoes-do-programa-de-pos-graduacao-em-engenharia-agricola-e-ambiental-no-sipa\/#breadcrumb\"},\"inLanguage\":\"pt-BR\",\"potentialAction\":[{\"@type\":\"ReadAction\",\"target\":[\"https:\/\/institucional.ufrrj.br\/fazendinha\/teses-e-dissertacoes-do-programa-de-pos-graduacao-em-engenharia-agricola-e-ambiental-no-sipa\/\"]}]},{\"@type\":\"ImageObject\",\"inLanguage\":\"pt-BR\",\"@id\":\"https:\/\/institucional.ufrrj.br\/fazendinha\/teses-e-dissertacoes-do-programa-de-pos-graduacao-em-engenharia-agricola-e-ambiental-no-sipa\/#primaryimage\",\"url\":\"http:\/\/institucional.ufrrj.br\/fazendinha\/files\/2020\/04\/PGEAAmB-300x97.jpg\",\"contentUrl\":\"http:\/\/institucional.ufrrj.br\/fazendinha\/files\/2020\/04\/PGEAAmB-300x97.jpg\"},{\"@type\":\"BreadcrumbList\",\"@id\":\"https:\/\/institucional.ufrrj.br\/fazendinha\/teses-e-dissertacoes-do-programa-de-pos-graduacao-em-engenharia-agricola-e-ambiental-no-sipa\/#breadcrumb\",\"itemListElement\":[{\"@type\":\"ListItem\",\"position\":1,\"name\":\"In\u00edcio\",\"item\":\"https:\/\/institucional.ufrrj.br\/fazendinha\/\"},{\"@type\":\"ListItem\",\"position\":2,\"name\":\"Teses e Disserta\u00e7\u00f5es do Programa de P\u00f3s-Gradua\u00e7\u00e3o em Engenharia Agr\u00edcola e Ambiental no SIPA\"}]},{\"@type\":\"WebSite\",\"@id\":\"https:\/\/institucional.ufrrj.br\/fazendinha\/#website\",\"url\":\"https:\/\/institucional.ufrrj.br\/fazendinha\/\",\"name\":\"Fazendinha\",\"description\":\"S\u00f3 mais um site institucional.ufrrj.br\",\"potentialAction\":[{\"@type\":\"SearchAction\",\"target\":{\"@type\":\"EntryPoint\",\"urlTemplate\":\"https:\/\/institucional.ufrrj.br\/fazendinha\/?s={search_term_string}\"},\"query-input\":{\"@type\":\"PropertyValueSpecification\",\"valueRequired\":true,\"valueName\":\"search_term_string\"}}],\"inLanguage\":\"pt-BR\"}]}<\/script>\n<!-- \/ Yoast SEO plugin. -->","yoast_head_json":{"title":"Teses e Disserta\u00e7\u00f5es do Programa de P\u00f3s-Gradua\u00e7\u00e3o em Engenharia Agr\u00edcola e Ambiental no SIPA - Fazendinha","robots":{"index":"index","follow":"follow","max-snippet":"max-snippet:-1","max-image-preview":"max-image-preview:large","max-video-preview":"max-video-preview:-1"},"canonical":"https:\/\/institucional.ufrrj.br\/fazendinha\/teses-e-dissertacoes-do-programa-de-pos-graduacao-em-engenharia-agricola-e-ambiental-no-sipa\/","og_locale":"pt_BR","og_type":"article","og_title":"Teses e Disserta\u00e7\u00f5es do Programa de P\u00f3s-Gradua\u00e7\u00e3o em Engenharia Agr\u00edcola e Ambiental no SIPA - Fazendinha","og_description":"Ao longo de mais de 25 anos, a Fazendinha vem propiciando a forma\u00e7\u00e3o de recursos humanos e o desenvolvimento de ... leia mais","og_url":"https:\/\/institucional.ufrrj.br\/fazendinha\/teses-e-dissertacoes-do-programa-de-pos-graduacao-em-engenharia-agricola-e-ambiental-no-sipa\/","og_site_name":"Fazendinha","article_modified_time":"2020-04-17T17:24:12+00:00","og_image":[{"url":"http:\/\/institucional.ufrrj.br\/fazendinha\/files\/2020\/04\/PGEAAmB-300x97.jpg","type":"","width":"","height":""}],"twitter_card":"summary_large_image","twitter_misc":{"Est. tempo de leitura":"1 minuto"},"schema":{"@context":"https:\/\/schema.org","@graph":[{"@type":"WebPage","@id":"https:\/\/institucional.ufrrj.br\/fazendinha\/teses-e-dissertacoes-do-programa-de-pos-graduacao-em-engenharia-agricola-e-ambiental-no-sipa\/","url":"https:\/\/institucional.ufrrj.br\/fazendinha\/teses-e-dissertacoes-do-programa-de-pos-graduacao-em-engenharia-agricola-e-ambiental-no-sipa\/","name":"Teses e Disserta\u00e7\u00f5es do Programa de P\u00f3s-Gradua\u00e7\u00e3o em Engenharia Agr\u00edcola e Ambiental no SIPA - Fazendinha","isPartOf":{"@id":"https:\/\/institucional.ufrrj.br\/fazendinha\/#website"},"primaryImageOfPage":{"@id":"https:\/\/institucional.ufrrj.br\/fazendinha\/teses-e-dissertacoes-do-programa-de-pos-graduacao-em-engenharia-agricola-e-ambiental-no-sipa\/#primaryimage"},"image":{"@id":"https:\/\/institucional.ufrrj.br\/fazendinha\/teses-e-dissertacoes-do-programa-de-pos-graduacao-em-engenharia-agricola-e-ambiental-no-sipa\/#primaryimage"},"thumbnailUrl":"http:\/\/institucional.ufrrj.br\/fazendinha\/files\/2020\/04\/PGEAAmB-300x97.jpg","datePublished":"2020-04-15T18:43:27+00:00","dateModified":"2020-04-17T17:24:12+00:00","breadcrumb":{"@id":"https:\/\/institucional.ufrrj.br\/fazendinha\/teses-e-dissertacoes-do-programa-de-pos-graduacao-em-engenharia-agricola-e-ambiental-no-sipa\/#breadcrumb"},"inLanguage":"pt-BR","potentialAction":[{"@type":"ReadAction","target":["https:\/\/institucional.ufrrj.br\/fazendinha\/teses-e-dissertacoes-do-programa-de-pos-graduacao-em-engenharia-agricola-e-ambiental-no-sipa\/"]}]},{"@type":"ImageObject","inLanguage":"pt-BR","@id":"https:\/\/institucional.ufrrj.br\/fazendinha\/teses-e-dissertacoes-do-programa-de-pos-graduacao-em-engenharia-agricola-e-ambiental-no-sipa\/#primaryimage","url":"http:\/\/institucional.ufrrj.br\/fazendinha\/files\/2020\/04\/PGEAAmB-300x97.jpg","contentUrl":"http:\/\/institucional.ufrrj.br\/fazendinha\/files\/2020\/04\/PGEAAmB-300x97.jpg"},{"@type":"BreadcrumbList","@id":"https:\/\/institucional.ufrrj.br\/fazendinha\/teses-e-dissertacoes-do-programa-de-pos-graduacao-em-engenharia-agricola-e-ambiental-no-sipa\/#breadcrumb","itemListElement":[{"@type":"ListItem","position":1,"name":"In\u00edcio","item":"https:\/\/institucional.ufrrj.br\/fazendinha\/"},{"@type":"ListItem","position":2,"name":"Teses e Disserta\u00e7\u00f5es do Programa de P\u00f3s-Gradua\u00e7\u00e3o em Engenharia Agr\u00edcola e Ambiental no SIPA"}]},{"@type":"WebSite","@id":"https:\/\/institucional.ufrrj.br\/fazendinha\/#website","url":"https:\/\/institucional.ufrrj.br\/fazendinha\/","name":"Fazendinha","description":"S\u00f3 mais um site institucional.ufrrj.br","potentialAction":[{"@type":"SearchAction","target":{"@type":"EntryPoint","urlTemplate":"https:\/\/institucional.ufrrj.br\/fazendinha\/?s={search_term_string}"},"query-input":{"@type":"PropertyValueSpecification","valueRequired":true,"valueName":"search_term_string"}}],"inLanguage":"pt-BR"}]}},"acf":[],"_links":{"self":[{"href":"https:\/\/institucional.ufrrj.br\/fazendinha\/wp-json\/wp\/v2\/pages\/1763","targetHints":{"allow":["GET"]}}],"collection":[{"href":"https:\/\/institucional.ufrrj.br\/fazendinha\/wp-json\/wp\/v2\/pages"}],"about":[{"href":"https:\/\/institucional.ufrrj.br\/fazendinha\/wp-json\/wp\/v2\/types\/page"}],"author":[{"embeddable":true,"href":"https:\/\/institucional.ufrrj.br\/fazendinha\/wp-json\/wp\/v2\/users\/743"}],"replies":[{"embeddable":true,"href":"https:\/\/institucional.ufrrj.br\/fazendinha\/wp-json\/wp\/v2\/comments?post=1763"}],"version-history":[{"count":5,"href":"https:\/\/institucional.ufrrj.br\/fazendinha\/wp-json\/wp\/v2\/pages\/1763\/revisions"}],"predecessor-version":[{"id":1811,"href":"https:\/\/institucional.ufrrj.br\/fazendinha\/wp-json\/wp\/v2\/pages\/1763\/revisions\/1811"}],"wp:attachment":[{"href":"https:\/\/institucional.ufrrj.br\/fazendinha\/wp-json\/wp\/v2\/media?parent=1763"}],"curies":[{"name":"wp","href":"https:\/\/api.w.org\/{rel}","templated":true}]}}