{"id":1195,"date":"2019-09-24T19:23:22","date_gmt":"2019-09-24T22:23:22","guid":{"rendered":"http:\/\/institucional.ufrrj.br\/fazendinha\/?page_id=1195"},"modified":"2019-11-18T09:48:00","modified_gmt":"2019-11-18T12:48:00","slug":"estagio-geral","status":"publish","type":"page","link":"https:\/\/institucional.ufrrj.br\/fazendinha\/estagio-geral\/","title":{"rendered":"Est\u00e1gios"},"content":{"rendered":"<p class=\"x_MsoNormal\"><span class=\"x_gmail-MsoHyperlink\">Os est\u00e1gios na Fazendinha Agroecol\u00f3gica Km 47 s\u00e3o desenvolvidos para forma\u00e7\u00e3o educacional e capacita\u00e7\u00e3o em agricultura org\u00e2nica, tendo por base os princ\u00edpios da agroecologia.<\/span><\/p>\n<p class=\"x_MsoNormal\"><span class=\"x_gmail-MsoHyperlink\">Diversas atividades podem ser desenvolvidas pelos estagi\u00e1rios, incluindo <\/span>pr\u00e1ticas de produ\u00e7\u00e3o de substratos, mudas, semeadura, transplantio,\u00a0<span lang=\"PT\">manejo, colheita, p\u00f3s-colheita, pecu\u00e1ria org\u00e2nica, bem como a<\/span>poio a aulas, cursos, viv\u00eancias, etc. E<span class=\"x_gmail-MsoHyperlink\">studantes tamb\u00e9m podem desenvolver pesquisas em n\u00edvel de inicia\u00e7\u00e3o cient\u00edfica, mestrado, doutorado e p\u00f3s-doutorado.\u00a0<\/span><\/p>\n<p class=\"x_MsoNormal\">Os estagi\u00e1rios s\u00e3o orientados, acompanhados e supervisionados por professores da UFRRJ, do CTUR, pesquisadores da Embrapa Agrobiologia e da Pesagro-Rio e por t\u00e9cnicos capacitados que atuam na Fazendinha.<\/p>\n<p class=\"x_MsoNormal\">De acordo com o perfil, o estagi\u00e1rio poder\u00e1 ser enquadrado em uma das seguintes modalidades:<\/p>\n<hr \/>\n<h3 class=\"x_MsoNormal\" style=\"text-align: center\"><strong><span class=\"x_gmail-MsoHyperlink\">N\u00edvel M\u00e9dio\/ T\u00e9cnico<\/span><\/strong><\/h3>\n<p>A Fazendinha Agroecol\u00f3gica Km 47 recebe principalmente alunos do Col\u00e9gio T\u00e9cnico da UFRRJ (<a href=\"http:\/\/r1.ufrrj.br\/ctur\/\" target=\"_blank\" rel=\"noopener noreferrer\">CTUR<\/a>). O est\u00e1gio supervisionado \u00e9 um procedimento did\u00e1tico-pedag\u00f3gico obrigat\u00f3rio nos cursos t\u00e9cnicos em Agroecologia, Hospedagem, Meio Ambiente e Agrimensura. As atividades desenvolvidas s\u00e3o de compet\u00eancia da Institui\u00e7\u00e3o de Ensino, e fazem parte do processo de forma\u00e7\u00e3o do profissional.<\/p>\n<p>Caracteriza-se como um conjunto de atividades de aprendizagem profissional e de complementa\u00e7\u00e3o de ensino sob a forma de v\u00e1rias modalidades institu\u00eddas segundo a especialidade de cada curso, devidamente orientadas, acompanhadas e supervisionadas pela Institui\u00e7\u00e3o.<\/p>\n<p>O aluno deve procurar a Coordena\u00e7\u00e3o do SIEE para receber todas as informa\u00e7\u00f5es necess\u00e1rias para o in\u00edcio do est\u00e1gio. A documenta\u00e7\u00e3o espec\u00edfica tamb\u00e9m encontra-se dispon\u00edvel no <a href=\"http:\/\/r1.ufrrj.br\/ctur\/siee-servico-de-integracao-escola-empresa\/\" target=\"_blank\" rel=\"noopener noreferrer\">site<\/a>.<\/p>\n<hr \/>\n<h3 class=\"x_MsoNormal\" style=\"text-align: center\"><strong><span class=\"x_gmail-MsoHyperlink\">Est\u00e1gio Volunt\u00e1rio<\/span><\/strong><\/h3>\n<p class=\"x_MsoNormal\">O est\u00e1gio volunt\u00e1rio prov\u00e9m da participa\u00e7\u00e3o espont\u00e2nea, nascida da consci\u00eancia da responsabilidade social e da solidariedade. A atividade volunt\u00e1ria \u00e9 exerc\u00edcio n\u00e3o remunerado de atividades de pesquisa, extens\u00e3o, t\u00e9cnica, e\/ou assistencial, prestadas por\u00a0pessoas f\u00edsicas externas \u00e0 UFRRJ ou por servidores na ativa ou aposentados.<\/p>\n<p class=\"x_MsoNormal\">O encaminhamento de participa\u00e7\u00e3o no Programa de Voluntariado \u00e9 feito pela <a href=\"http:\/\/portal.ufrrj.br\/pro-reitoria-de-extensao\/\" target=\"_blank\" rel=\"noopener noreferrer\">Pr\u00f3-Reitoria de Extens\u00e3o (PROEXT)<\/a>, sendo poss\u00edvel desenvolver um plano de atividades com carga hor\u00e1ria de at\u00e9 8 horas semanais. Para saber mais, entre em contato com a PROEXT por email: extensao@ufrrj.br\u00a0 ou pelo telefone: (21) 2681 \u2013 4691 \/ 4692<\/p>\n<hr \/>\n<h3 class=\"x_MsoNormal\" style=\"text-align: center\"><strong>Viv\u00eancia Acad\u00eamica<\/strong><\/h3>\n<p class=\"x_MsoNormal\">A Viv\u00eancia acad\u00eamica \u00e9 uma atividade volunt\u00e1ria e tem como objetivo contribuir para a forma\u00e7\u00e3o profissional e cidad\u00e3 dos discentes de gradua\u00e7\u00e3o da UFRRJ em atividades n\u00e3o remuneradas de ensino, pesquisa, extens\u00e3o desenvolvidas junto a unidades acad\u00eamicas e administrativas da UFRRJ, possibilitando a articula\u00e7\u00e3o teoria e pr\u00e1tica<a href=\"http:\/\/r1.ufrrj.br\/graduacao\/arquivos\/docs_legislacao\/Delib_23_CEPE_2011.pdf\" target=\"_blank\" rel=\"noopener noreferrer\"> (Delibera\u00e7\u00e3o N\u00ba 23\/ 2011, CEPE\/ UFRRJ).<\/a><\/p>\n<p class=\"x_MsoNormal\">A Carga hor\u00e1ria \u00e9 de at\u00e9 10 horas semanais e a dura\u00e7\u00e3o pode ser de 6 (seis) meses prorrog\u00e1veis por igual per\u00edodo. A Viv\u00eancia Acad\u00eamica \u00e9 considerada Atividade Complementar para efeito de integraliza\u00e7\u00e3o curricular, podendo alcan\u00e7ar o valor m\u00e1ximo de 10 pontos a cada per\u00edodo letivo.<\/p>\n<p class=\"x_MsoNormal\">No Instituto de Agronomia da UFRRJ, a Viv\u00eancia Acad\u00eamica na Fazendinha Agroecol\u00f3gica Km 47 est\u00e1 vinculada ao Programa de Viv\u00eancia em Agroecologia e Produ\u00e7\u00e3o Org\u00e2nica do Departamento de Fitotecnia. Interessados podem entrar em contato por email: fazendinha@ufrrj.br.<\/p>\n<hr \/>\n<h3 class=\"x_MsoNormal\" style=\"text-align: center\"><strong><span class=\"x_gmail-MsoHyperlink\">Est\u00e1gio Obrigat\u00f3rio (Gradua\u00e7\u00e3o)<\/span><\/strong><\/h3>\n<p class=\"x_MsoNormal\"><span class=\"x_gmail-MsoHyperlink\">O Est\u00e1gio Curricular Supervisionado Obrigat\u00f3rio tem como objetivos:<\/span><\/p>\n<p class=\"x_MsoNormal\"><span class=\"x_gmail-MsoHyperlink\">I &#8211; oferecer oportunidade de aprendizagem em ambiente profissional aos alunos do curso de gradua\u00e7\u00e3o, constituindo-se em instrumento de integra\u00e7\u00e3o, capacita\u00e7\u00e3o para o trabalho, aperfei\u00e7oamento t\u00e9cnico-cultural e cient\u00edfico, e de relacionamento humano.<\/span><\/p>\n<p class=\"x_MsoNormal\"><span class=\"x_gmail-MsoHyperlink\">II &#8211; proporcionar aprendizado de compet\u00eancias pr\u00f3prias da atividade profissional, objetivando a contextualiza\u00e7\u00e3o curricular, a articula\u00e7\u00e3o teoria-pr\u00e1tica, o desenvolvimento para a vida cidad\u00e3 e para o trabalho em geral.<\/span><\/p>\n<p class=\"x_MsoNormal\"><span class=\"x_gmail-MsoHyperlink\">O Est\u00e1gio Curricular Supervisionado Obrigat\u00f3rio \u00e9 pr\u00e9-requisito no projeto pedag\u00f3gico dos cursos de gradua\u00e7\u00e3o. Deve estar relacionado \u00e0 forma\u00e7\u00e3o educacional do estagi\u00e1rio, sendo compat\u00edvel com o Projeto Pedag\u00f3gico do Curso.\u00a0 A supervis\u00e3o do est\u00e1gio ser\u00e1 realizada de forma compartilhada pelo Orientador (Docente da UFRRJ) e pelo Supervisor vinculado \u00e0 Fazendinha Agroecol\u00f3gica Km 47. A Divis\u00e3o de Est\u00e1gios (DEST) \u00e9 o \u00f3rg\u00e3o respons\u00e1vel por fazer o cadastramento, a legaliza\u00e7\u00e3o e a formaliza\u00e7\u00e3o dos contratos de est\u00e1gio<\/span><span class=\"x_gmail-MsoHyperlink\">\u00a0na UFRRJ<\/span><span class=\"x_gmail-MsoHyperlink\">. <\/span><\/p>\n<p class=\"x_MsoNormal\"><span class=\"x_gmail-MsoHyperlink\">Para mais informa\u00e7\u00f5es <a href=\"http:\/\/r1.ufrrj.br\/graduacao\/arquivos\/docs_legislacao\/Delib_21_CEPE_2011.pdf\" target=\"_blank\" rel=\"noopener noreferrer\">clique aqui.<\/a>\u00a0<\/span><\/p>\n<p class=\"x_MsoNormal\">A jornada de atividade em est\u00e1gio n\u00e3o deve ultrapassar 6 (seis) horas di\u00e1rias e 30 (trinta) horas semanais no caso de estudantes do ensino superior.<\/p>\n<p>Para mais orienta\u00e7\u00f5es sobre o est\u00e1gio obrigat\u00f3rio <a href=\"http:\/\/institucional.ufrrj.br\/dest\/estagio\/orientacoes-para-estagio\/\" target=\"_blank\" rel=\"noopener noreferrer\">clique aqui<\/a>.<\/p>\n<hr \/>\n<p class=\"x_MsoNormal\"><span class=\"x_gmail-MsoHyperlink\"><strong>Obs:<\/strong> No Campus Serop\u00e9dica a Divis\u00e3o de Est\u00e1gios fica na sala 61 do Pavilh\u00e3o Central. No Campus Nova Igua\u00e7u<\/span><span class=\"x_gmail-MsoHyperlink\">, procurar o\u00a0<\/span><span class=\"x_gmail-MsoHyperlink\">N\u00facleo da Gradua\u00e7\u00e3o (NAGRAD-IM).<\/span><\/p>\n<hr \/>\n<p>Os estagi\u00e1rios devem se cadastrar por meio do preenchimento do <a href=\"https:\/\/institucional.ufrrj.br\/fazendinha\/formulario-de-estagios\/\" target=\"_blank\" rel=\"noopener noreferrer\">Formul\u00e1rio de Est\u00e1gio.<\/a><\/p>\n","protected":false},"excerpt":{"rendered":"<p>Os est\u00e1gios na Fazendinha Agroecol\u00f3gica Km 47 s\u00e3o desenvolvidos para forma\u00e7\u00e3o educacional e capacita\u00e7\u00e3o em agricultura org\u00e2nica, tendo por base <a class=\"read-more\" href=\"https:\/\/institucional.ufrrj.br\/fazendinha\/estagio-geral\/ \" >&#8230; <span class=\"font-italic\">leia mais <i class=\"fas fa-angle-right\"><\/i><\/span><\/a><\/p>\n","protected":false},"author":743,"featured_media":0,"parent":0,"menu_order":0,"comment_status":"closed","ping_status":"closed","template":"","meta":{"_acf_changed":false,"footnotes":""},"class_list":["post-1195","page","type-page","status-publish","hentry"],"yoast_head":"<!-- This site is optimized with the Yoast SEO plugin v27.2 - https:\/\/yoast.com\/product\/yoast-seo-wordpress\/ -->\n<title>Est\u00e1gios - Fazendinha<\/title>\n<meta name=\"robots\" content=\"index, follow, max-snippet:-1, max-image-preview:large, max-video-preview:-1\" \/>\n<link rel=\"canonical\" href=\"https:\/\/institucional.ufrrj.br\/fazendinha\/estagio-geral\/\" \/>\n<meta property=\"og:locale\" content=\"pt_BR\" \/>\n<meta property=\"og:type\" content=\"article\" \/>\n<meta property=\"og:title\" content=\"Est\u00e1gios - Fazendinha\" \/>\n<meta property=\"og:description\" content=\"Os est\u00e1gios na Fazendinha Agroecol\u00f3gica Km 47 s\u00e3o desenvolvidos para forma\u00e7\u00e3o educacional e capacita\u00e7\u00e3o em agricultura org\u00e2nica, tendo por base ... leia mais\" \/>\n<meta property=\"og:url\" content=\"https:\/\/institucional.ufrrj.br\/fazendinha\/estagio-geral\/\" \/>\n<meta property=\"og:site_name\" content=\"Fazendinha\" \/>\n<meta property=\"article:modified_time\" content=\"2019-11-18T12:48:00+00:00\" \/>\n<meta name=\"twitter:card\" content=\"summary_large_image\" \/>\n<meta name=\"twitter:label1\" content=\"Est. tempo de leitura\" \/>\n\t<meta name=\"twitter:data1\" content=\"4 minutos\" \/>\n<script type=\"application\/ld+json\" class=\"yoast-schema-graph\">{\"@context\":\"https:\/\/schema.org\",\"@graph\":[{\"@type\":\"WebPage\",\"@id\":\"https:\/\/institucional.ufrrj.br\/fazendinha\/estagio-geral\/\",\"url\":\"https:\/\/institucional.ufrrj.br\/fazendinha\/estagio-geral\/\",\"name\":\"Est\u00e1gios - Fazendinha\",\"isPartOf\":{\"@id\":\"https:\/\/institucional.ufrrj.br\/fazendinha\/#website\"},\"datePublished\":\"2019-09-24T22:23:22+00:00\",\"dateModified\":\"2019-11-18T12:48:00+00:00\",\"breadcrumb\":{\"@id\":\"https:\/\/institucional.ufrrj.br\/fazendinha\/estagio-geral\/#breadcrumb\"},\"inLanguage\":\"pt-BR\",\"potentialAction\":[{\"@type\":\"ReadAction\",\"target\":[\"https:\/\/institucional.ufrrj.br\/fazendinha\/estagio-geral\/\"]}]},{\"@type\":\"BreadcrumbList\",\"@id\":\"https:\/\/institucional.ufrrj.br\/fazendinha\/estagio-geral\/#breadcrumb\",\"itemListElement\":[{\"@type\":\"ListItem\",\"position\":1,\"name\":\"In\u00edcio\",\"item\":\"https:\/\/institucional.ufrrj.br\/fazendinha\/\"},{\"@type\":\"ListItem\",\"position\":2,\"name\":\"Est\u00e1gios\"}]},{\"@type\":\"WebSite\",\"@id\":\"https:\/\/institucional.ufrrj.br\/fazendinha\/#website\",\"url\":\"https:\/\/institucional.ufrrj.br\/fazendinha\/\",\"name\":\"Fazendinha\",\"description\":\"S\u00f3 mais um site institucional.ufrrj.br\",\"potentialAction\":[{\"@type\":\"SearchAction\",\"target\":{\"@type\":\"EntryPoint\",\"urlTemplate\":\"https:\/\/institucional.ufrrj.br\/fazendinha\/?s={search_term_string}\"},\"query-input\":{\"@type\":\"PropertyValueSpecification\",\"valueRequired\":true,\"valueName\":\"search_term_string\"}}],\"inLanguage\":\"pt-BR\"}]}<\/script>\n<!-- \/ Yoast SEO plugin. -->","yoast_head_json":{"title":"Est\u00e1gios - Fazendinha","robots":{"index":"index","follow":"follow","max-snippet":"max-snippet:-1","max-image-preview":"max-image-preview:large","max-video-preview":"max-video-preview:-1"},"canonical":"https:\/\/institucional.ufrrj.br\/fazendinha\/estagio-geral\/","og_locale":"pt_BR","og_type":"article","og_title":"Est\u00e1gios - Fazendinha","og_description":"Os est\u00e1gios na Fazendinha Agroecol\u00f3gica Km 47 s\u00e3o desenvolvidos para forma\u00e7\u00e3o educacional e capacita\u00e7\u00e3o em agricultura org\u00e2nica, tendo por base ... leia mais","og_url":"https:\/\/institucional.ufrrj.br\/fazendinha\/estagio-geral\/","og_site_name":"Fazendinha","article_modified_time":"2019-11-18T12:48:00+00:00","twitter_card":"summary_large_image","twitter_misc":{"Est. tempo de leitura":"4 minutos"},"schema":{"@context":"https:\/\/schema.org","@graph":[{"@type":"WebPage","@id":"https:\/\/institucional.ufrrj.br\/fazendinha\/estagio-geral\/","url":"https:\/\/institucional.ufrrj.br\/fazendinha\/estagio-geral\/","name":"Est\u00e1gios - Fazendinha","isPartOf":{"@id":"https:\/\/institucional.ufrrj.br\/fazendinha\/#website"},"datePublished":"2019-09-24T22:23:22+00:00","dateModified":"2019-11-18T12:48:00+00:00","breadcrumb":{"@id":"https:\/\/institucional.ufrrj.br\/fazendinha\/estagio-geral\/#breadcrumb"},"inLanguage":"pt-BR","potentialAction":[{"@type":"ReadAction","target":["https:\/\/institucional.ufrrj.br\/fazendinha\/estagio-geral\/"]}]},{"@type":"BreadcrumbList","@id":"https:\/\/institucional.ufrrj.br\/fazendinha\/estagio-geral\/#breadcrumb","itemListElement":[{"@type":"ListItem","position":1,"name":"In\u00edcio","item":"https:\/\/institucional.ufrrj.br\/fazendinha\/"},{"@type":"ListItem","position":2,"name":"Est\u00e1gios"}]},{"@type":"WebSite","@id":"https:\/\/institucional.ufrrj.br\/fazendinha\/#website","url":"https:\/\/institucional.ufrrj.br\/fazendinha\/","name":"Fazendinha","description":"S\u00f3 mais um site institucional.ufrrj.br","potentialAction":[{"@type":"SearchAction","target":{"@type":"EntryPoint","urlTemplate":"https:\/\/institucional.ufrrj.br\/fazendinha\/?s={search_term_string}"},"query-input":{"@type":"PropertyValueSpecification","valueRequired":true,"valueName":"search_term_string"}}],"inLanguage":"pt-BR"}]}},"acf":[],"_links":{"self":[{"href":"https:\/\/institucional.ufrrj.br\/fazendinha\/wp-json\/wp\/v2\/pages\/1195","targetHints":{"allow":["GET"]}}],"collection":[{"href":"https:\/\/institucional.ufrrj.br\/fazendinha\/wp-json\/wp\/v2\/pages"}],"about":[{"href":"https:\/\/institucional.ufrrj.br\/fazendinha\/wp-json\/wp\/v2\/types\/page"}],"author":[{"embeddable":true,"href":"https:\/\/institucional.ufrrj.br\/fazendinha\/wp-json\/wp\/v2\/users\/743"}],"replies":[{"embeddable":true,"href":"https:\/\/institucional.ufrrj.br\/fazendinha\/wp-json\/wp\/v2\/comments?post=1195"}],"version-history":[{"count":20,"href":"https:\/\/institucional.ufrrj.br\/fazendinha\/wp-json\/wp\/v2\/pages\/1195\/revisions"}],"predecessor-version":[{"id":1563,"href":"https:\/\/institucional.ufrrj.br\/fazendinha\/wp-json\/wp\/v2\/pages\/1195\/revisions\/1563"}],"wp:attachment":[{"href":"https:\/\/institucional.ufrrj.br\/fazendinha\/wp-json\/wp\/v2\/media?parent=1195"}],"curies":[{"name":"wp","href":"https:\/\/api.w.org\/{rel}","templated":true}]}}