{"id":73,"date":"2012-01-26T16:52:01","date_gmt":"2012-01-26T16:52:01","guid":{"rendered":"http:\/\/r1.ufrrj.br\/wp\/equi\/"},"modified":"2012-01-26T16:52:01","modified_gmt":"2012-01-26T16:52:01","slug":"abccmm","status":"publish","type":"page","link":"https:\/\/institucional.ufrrj.br\/equideocultura\/plantel\/mangalarga-marchador\/abccmm\/","title":{"rendered":"ABCCMM"},"content":{"rendered":"<p class=\"MsoBodyText\" style=\"text-align: center\"><a href=\"http:\/\/www.abccmm.org.br\/admin\/regulamentos\/arquivos\/ESTATUTO.pdf\"><strong><span style=\"font-family: 'Bookman Old Style';font-size: 12pt;font-weight: normal\">ESTATUTO DA ASSOCIA\u00c7\u00c3O BRASILEIRA<\/span><\/strong><\/a><\/p>\n<p class=\"MsoBodyText\" style=\"text-align: center\"><a href=\"http:\/\/www.abccmm.org.br\/admin\/regulamentos\/arquivos\/ESTATUTO.pdf\"><strong><span style=\"font-family: 'Bookman Old Style';font-size: 12pt;font-weight: normal\">DOS\u00a0CRIADORES DO CAVALO<\/span><\/strong><\/a><\/p>\n<p class=\"MsoBodyText\" style=\"text-align: center\"><a href=\"http:\/\/www.abccmm.org.br\/admin\/regulamentos\/arquivos\/ESTATUTO.pdf\"><strong><span style=\"font-family: 'Bookman Old Style';font-size: 12pt;font-weight: normal\">MANGALARGA MARCHADOR<\/span><\/strong><\/a><\/p>\n<p class=\"MsoNormal\">\n<p class=\"MsoNormal\">\n<h1 class=\"style1\">CAP\u00cdTULO I<\/h1>\n<p class=\"style1\">\n<h3 class=\"style1\"><strong>DA DENOMINA\u00c7\u00c3O, NATUREZA, SEDE, PRAZO DE DURA\u00c7\u00c3O E FINALIDADES<\/strong><\/h3>\n<p class=\"style1\">\n<p class=\"MsoBodyText\">\n<p class=\"MsoBodyText\"><span style=\"font-family: Arial, Helvetica, sans-serif;font-size: 12pt\">Art. 1\u00ba\u00a0<span style=\"font-size: 11px\"> <\/span><strong>A ASSOCIA\u00c7\u00c3O BRASILEIRA DOS CRIADORES DO CAVALO MANGALARGA MARCHADOR\u201d- ABCCMM,<span style=\"font-weight: normal\"> <\/span><\/strong>fundada em 16 de julho de 1949, nesta cidade de Belo Horizonte, Capital do Estado de Minas Gerais, onde tem sede e foro, ent\u00e3o com a denomina\u00e7\u00e3o de Associa\u00e7\u00e3o dos Criadores do Cavalo Marchador da Ra\u00e7a Mangalarga, uma sociedade de natureza civil, sem fins lucrativos, com personalidade jur\u00eddica pr\u00f3pria e que se reger\u00e1 pelo presente Estatuto e, no que lhe for aplic\u00e1vel, pela legisla\u00e7\u00e3o em vigor.<\/span><\/p>\n","protected":false},"excerpt":{"rendered":"<p>ESTATUTO DA ASSOCIA\u00c7\u00c3O BRASILEIRA DOS\u00a0CRIADORES DO CAVALO MANGALARGA MARCHADOR CAP\u00cdTULO I DA DENOMINA\u00c7\u00c3O, NATUREZA, SEDE, PRAZO DE DURA\u00c7\u00c3O E FINALIDADES <a class=\"read-more\" href=\"https:\/\/institucional.ufrrj.br\/equideocultura\/plantel\/mangalarga-marchador\/abccmm\/ \" >&#8230; <span class=\"font-italic\">leia mais <i class=\"fas fa-angle-right\"><\/i><\/span><\/a><\/p>\n","protected":false},"author":792,"featured_media":0,"parent":34,"menu_order":0,"comment_status":"open","ping_status":"open","template":"","meta":{"_acf_changed":false,"footnotes":""},"class_list":["post-73","page","type-page","status-publish","hentry"],"yoast_head":"<!-- This site is optimized with the Yoast SEO plugin v27.2 - https:\/\/yoast.com\/product\/yoast-seo-wordpress\/ -->\n<title>ABCCMM - Setor de Equinocultura<\/title>\n<meta name=\"robots\" content=\"index, follow, max-snippet:-1, max-image-preview:large, max-video-preview:-1\" \/>\n<link rel=\"canonical\" href=\"https:\/\/institucional.ufrrj.br\/equideocultura\/plantel\/mangalarga-marchador\/abccmm\/\" \/>\n<meta property=\"og:locale\" content=\"pt_BR\" \/>\n<meta property=\"og:type\" content=\"article\" \/>\n<meta property=\"og:title\" content=\"ABCCMM - Setor de Equinocultura\" \/>\n<meta property=\"og:description\" content=\"ESTATUTO DA ASSOCIA\u00c7\u00c3O BRASILEIRA DOS\u00a0CRIADORES DO CAVALO MANGALARGA MARCHADOR CAP\u00cdTULO I DA DENOMINA\u00c7\u00c3O, NATUREZA, SEDE, PRAZO DE DURA\u00c7\u00c3O E FINALIDADES ... leia mais\" \/>\n<meta property=\"og:url\" content=\"https:\/\/institucional.ufrrj.br\/equideocultura\/plantel\/mangalarga-marchador\/abccmm\/\" \/>\n<meta property=\"og:site_name\" content=\"Setor de Equinocultura\" \/>\n<meta name=\"twitter:card\" content=\"summary_large_image\" \/>\n<meta name=\"twitter:label1\" content=\"Est. tempo de leitura\" \/>\n\t<meta name=\"twitter:data1\" content=\"1 minuto\" \/>\n<script type=\"application\/ld+json\" class=\"yoast-schema-graph\">{\"@context\":\"https:\/\/schema.org\",\"@graph\":[{\"@type\":\"WebPage\",\"@id\":\"https:\/\/institucional.ufrrj.br\/equideocultura\/plantel\/mangalarga-marchador\/abccmm\/\",\"url\":\"https:\/\/institucional.ufrrj.br\/equideocultura\/plantel\/mangalarga-marchador\/abccmm\/\",\"name\":\"ABCCMM - Setor de Equinocultura\",\"isPartOf\":{\"@id\":\"https:\/\/institucional.ufrrj.br\/equideocultura\/#website\"},\"datePublished\":\"2012-01-26T16:52:01+00:00\",\"breadcrumb\":{\"@id\":\"https:\/\/institucional.ufrrj.br\/equideocultura\/plantel\/mangalarga-marchador\/abccmm\/#breadcrumb\"},\"inLanguage\":\"pt-BR\",\"potentialAction\":[{\"@type\":\"ReadAction\",\"target\":[\"https:\/\/institucional.ufrrj.br\/equideocultura\/plantel\/mangalarga-marchador\/abccmm\/\"]}]},{\"@type\":\"BreadcrumbList\",\"@id\":\"https:\/\/institucional.ufrrj.br\/equideocultura\/plantel\/mangalarga-marchador\/abccmm\/#breadcrumb\",\"itemListElement\":[{\"@type\":\"ListItem\",\"position\":1,\"name\":\"In\u00edcio\",\"item\":\"https:\/\/institucional.ufrrj.br\/equideocultura\/\"},{\"@type\":\"ListItem\",\"position\":2,\"name\":\"Plantel\",\"item\":\"https:\/\/institucional.ufrrj.br\/equideocultura\/plantel\/\"},{\"@type\":\"ListItem\",\"position\":3,\"name\":\"Mangalarga Marchador\",\"item\":\"https:\/\/institucional.ufrrj.br\/equideocultura\/plantel\/mangalarga-marchador\/\"},{\"@type\":\"ListItem\",\"position\":4,\"name\":\"ABCCMM\"}]},{\"@type\":\"WebSite\",\"@id\":\"https:\/\/institucional.ufrrj.br\/equideocultura\/#website\",\"url\":\"https:\/\/institucional.ufrrj.br\/equideocultura\/\",\"name\":\"Setor de Equinocultura\",\"description\":\"S\u00f3 mais um site institucional.ufrrj.br\",\"potentialAction\":[{\"@type\":\"SearchAction\",\"target\":{\"@type\":\"EntryPoint\",\"urlTemplate\":\"https:\/\/institucional.ufrrj.br\/equideocultura\/?s={search_term_string}\"},\"query-input\":{\"@type\":\"PropertyValueSpecification\",\"valueRequired\":true,\"valueName\":\"search_term_string\"}}],\"inLanguage\":\"pt-BR\"}]}<\/script>\n<!-- \/ Yoast SEO plugin. -->","yoast_head_json":{"title":"ABCCMM - Setor de Equinocultura","robots":{"index":"index","follow":"follow","max-snippet":"max-snippet:-1","max-image-preview":"max-image-preview:large","max-video-preview":"max-video-preview:-1"},"canonical":"https:\/\/institucional.ufrrj.br\/equideocultura\/plantel\/mangalarga-marchador\/abccmm\/","og_locale":"pt_BR","og_type":"article","og_title":"ABCCMM - Setor de Equinocultura","og_description":"ESTATUTO DA ASSOCIA\u00c7\u00c3O BRASILEIRA DOS\u00a0CRIADORES DO CAVALO MANGALARGA MARCHADOR CAP\u00cdTULO I DA DENOMINA\u00c7\u00c3O, NATUREZA, SEDE, PRAZO DE DURA\u00c7\u00c3O E FINALIDADES ... leia mais","og_url":"https:\/\/institucional.ufrrj.br\/equideocultura\/plantel\/mangalarga-marchador\/abccmm\/","og_site_name":"Setor de Equinocultura","twitter_card":"summary_large_image","twitter_misc":{"Est. tempo de leitura":"1 minuto"},"schema":{"@context":"https:\/\/schema.org","@graph":[{"@type":"WebPage","@id":"https:\/\/institucional.ufrrj.br\/equideocultura\/plantel\/mangalarga-marchador\/abccmm\/","url":"https:\/\/institucional.ufrrj.br\/equideocultura\/plantel\/mangalarga-marchador\/abccmm\/","name":"ABCCMM - Setor de Equinocultura","isPartOf":{"@id":"https:\/\/institucional.ufrrj.br\/equideocultura\/#website"},"datePublished":"2012-01-26T16:52:01+00:00","breadcrumb":{"@id":"https:\/\/institucional.ufrrj.br\/equideocultura\/plantel\/mangalarga-marchador\/abccmm\/#breadcrumb"},"inLanguage":"pt-BR","potentialAction":[{"@type":"ReadAction","target":["https:\/\/institucional.ufrrj.br\/equideocultura\/plantel\/mangalarga-marchador\/abccmm\/"]}]},{"@type":"BreadcrumbList","@id":"https:\/\/institucional.ufrrj.br\/equideocultura\/plantel\/mangalarga-marchador\/abccmm\/#breadcrumb","itemListElement":[{"@type":"ListItem","position":1,"name":"In\u00edcio","item":"https:\/\/institucional.ufrrj.br\/equideocultura\/"},{"@type":"ListItem","position":2,"name":"Plantel","item":"https:\/\/institucional.ufrrj.br\/equideocultura\/plantel\/"},{"@type":"ListItem","position":3,"name":"Mangalarga Marchador","item":"https:\/\/institucional.ufrrj.br\/equideocultura\/plantel\/mangalarga-marchador\/"},{"@type":"ListItem","position":4,"name":"ABCCMM"}]},{"@type":"WebSite","@id":"https:\/\/institucional.ufrrj.br\/equideocultura\/#website","url":"https:\/\/institucional.ufrrj.br\/equideocultura\/","name":"Setor de Equinocultura","description":"S\u00f3 mais um site institucional.ufrrj.br","potentialAction":[{"@type":"SearchAction","target":{"@type":"EntryPoint","urlTemplate":"https:\/\/institucional.ufrrj.br\/equideocultura\/?s={search_term_string}"},"query-input":{"@type":"PropertyValueSpecification","valueRequired":true,"valueName":"search_term_string"}}],"inLanguage":"pt-BR"}]}},"acf":[],"_links":{"self":[{"href":"https:\/\/institucional.ufrrj.br\/equideocultura\/wp-json\/wp\/v2\/pages\/73","targetHints":{"allow":["GET"]}}],"collection":[{"href":"https:\/\/institucional.ufrrj.br\/equideocultura\/wp-json\/wp\/v2\/pages"}],"about":[{"href":"https:\/\/institucional.ufrrj.br\/equideocultura\/wp-json\/wp\/v2\/types\/page"}],"author":[{"embeddable":true,"href":"https:\/\/institucional.ufrrj.br\/equideocultura\/wp-json\/wp\/v2\/users\/792"}],"replies":[{"embeddable":true,"href":"https:\/\/institucional.ufrrj.br\/equideocultura\/wp-json\/wp\/v2\/comments?post=73"}],"version-history":[{"count":0,"href":"https:\/\/institucional.ufrrj.br\/equideocultura\/wp-json\/wp\/v2\/pages\/73\/revisions"}],"up":[{"embeddable":true,"href":"https:\/\/institucional.ufrrj.br\/equideocultura\/wp-json\/wp\/v2\/pages\/34"}],"wp:attachment":[{"href":"https:\/\/institucional.ufrrj.br\/equideocultura\/wp-json\/wp\/v2\/media?parent=73"}],"curies":[{"name":"wp","href":"https:\/\/api.w.org\/{rel}","templated":true}]}}