{"id":835,"date":"2020-05-18T15:05:08","date_gmt":"2020-05-18T18:05:08","guid":{"rendered":"http:\/\/institucional.ufrrj.br\/eext\/?page_id=835"},"modified":"2023-10-02T10:22:35","modified_gmt":"2023-10-02T13:22:35","slug":"modelos-para-banners-de-divulgacao","status":"publish","type":"page","link":"https:\/\/institucional.ufrrj.br\/eext\/modelos-para-banners-de-divulgacao\/","title":{"rendered":"Banners de divulga\u00e7\u00e3o"},"content":{"rendered":"<div id=\"pl-835\"  class=\"panel-layout\" ><div id=\"pg-835-0\"  class=\"panel-grid panel-no-style\" ><div id=\"pgc-835-0-0\"  class=\"panel-grid-cell\" ><div id=\"panel-835-0-0-0\" class=\"so-panel widget widget_text panel-first-child\" data-index=\"0\" ><h3 class=\"widget-title\">CAC &#8211; Centro de Arte e Cultura<\/h3>\t\t\t<div class=\"textwidget\"><p><img decoding=\"async\" class=\"alignleft wp-image-836 size-thumbnail\" style=\"border: 1px solid #999\" src=\"https:\/\/institucional.ufrrj.br\/eext\/files\/2020\/05\/modelos_banner_800x800_CAC01-150x150.png\" alt=\"\" width=\"150\" data-wp-editing=\"1\" srcset=\"https:\/\/institucional.ufrrj.br\/eext\/files\/2020\/05\/modelos_banner_800x800_CAC01-150x150.png 150w, https:\/\/institucional.ufrrj.br\/eext\/files\/2020\/05\/modelos_banner_800x800_CAC01-300x300.png 300w, https:\/\/institucional.ufrrj.br\/eext\/files\/2020\/05\/modelos_banner_800x800_CAC01-768x768.png 768w, https:\/\/institucional.ufrrj.br\/eext\/files\/2020\/05\/modelos_banner_800x800_CAC01-75x75.png 75w, https:\/\/institucional.ufrrj.br\/eext\/files\/2020\/05\/modelos_banner_800x800_CAC01-100x100.png 100w, https:\/\/institucional.ufrrj.br\/eext\/files\/2020\/05\/modelos_banner_800x800_CAC01.png 800w\" sizes=\"(max-width: 150px) 100vw, 150px\" \/><a href=\"https:\/\/institucional.ufrrj.br\/eext\/files\/2020\/05\/modelo_banners_800x800_CAC.pptx\" target=\"_blank\" rel=\"noopener\">Modelo de banner em Power Point &#8211; 800&#215;800 px<\/a><\/p>\n<p><a href=\"https:\/\/institucional.ufrrj.br\/eext\/files\/2020\/05\/modelos_banner_800x800_CAC.zip\" target=\"_blank\" rel=\"noopener\">Modelo de banner em Photoshop &#8211; 800&#215;800 px<\/a><\/p>\n<\/div>\n\t\t<\/div><div id=\"panel-835-0-0-1\" class=\"so-panel widget widget_text panel-last-child\" data-index=\"1\" ><h3 class=\"widget-title\">PROEXT<\/h3>\t\t\t<div class=\"textwidget\"><p><img loading=\"lazy\" decoding=\"async\" class=\"wp-image-892 size-thumbnail alignleft\" style=\"border: 1px solid #999\" src=\"https:\/\/institucional.ufrrj.br\/eext\/files\/2020\/05\/modelos_banner_800x800_PROEXT02-150x150.png\" alt=\"\" width=\"150\" height=\"150\" srcset=\"https:\/\/institucional.ufrrj.br\/eext\/files\/2020\/05\/modelos_banner_800x800_PROEXT02-150x150.png 150w, https:\/\/institucional.ufrrj.br\/eext\/files\/2020\/05\/modelos_banner_800x800_PROEXT02-300x300.png 300w, https:\/\/institucional.ufrrj.br\/eext\/files\/2020\/05\/modelos_banner_800x800_PROEXT02-768x768.png 768w, https:\/\/institucional.ufrrj.br\/eext\/files\/2020\/05\/modelos_banner_800x800_PROEXT02-75x75.png 75w, https:\/\/institucional.ufrrj.br\/eext\/files\/2020\/05\/modelos_banner_800x800_PROEXT02-100x100.png 100w, https:\/\/institucional.ufrrj.br\/eext\/files\/2020\/05\/modelos_banner_800x800_PROEXT02.png 800w\" sizes=\"auto, (max-width: 150px) 100vw, 150px\" \/><\/p>\n<p><a href=\"https:\/\/institucional.ufrrj.br\/eext\/files\/2020\/06\/modelo_banners_800x800.pptx\" target=\"_blank\" rel=\"noopener\">Modelo de banner em Power Point &#8211; 800&#215;800 px<\/a><\/p>\n<p><a href=\"https:\/\/institucional.ufrrj.br\/eext\/files\/2020\/06\/modelos_banner_800x800_PROEXT.zip\" target=\"_blank\" rel=\"noopener\">Modelo de banner em Photoshop &#8211; 800&#215;800 px<\/a><\/p>\n<\/div>\n\t\t<\/div><\/div><div id=\"pgc-835-0-1\"  class=\"panel-grid-cell\" ><div id=\"panel-835-0-1-0\" class=\"so-panel widget widget_text panel-first-child\" data-index=\"2\" ><h3 class=\"widget-title\">EPA &#8211; Escola Popular de Artes<\/h3>\t\t\t<div class=\"textwidget\"><p><img loading=\"lazy\" decoding=\"async\" class=\"alignleft wp-image-839 size-thumbnail\" style=\"border: 1px solid #999\" src=\"https:\/\/institucional.ufrrj.br\/eext\/files\/2020\/05\/modelos_banner_800x800_EPA01-150x150.png\" alt=\"\" width=\"150\" height=\"150\" srcset=\"https:\/\/institucional.ufrrj.br\/eext\/files\/2020\/05\/modelos_banner_800x800_EPA01-150x150.png 150w, https:\/\/institucional.ufrrj.br\/eext\/files\/2020\/05\/modelos_banner_800x800_EPA01-300x300.png 300w, https:\/\/institucional.ufrrj.br\/eext\/files\/2020\/05\/modelos_banner_800x800_EPA01-768x768.png 768w, https:\/\/institucional.ufrrj.br\/eext\/files\/2020\/05\/modelos_banner_800x800_EPA01-75x75.png 75w, https:\/\/institucional.ufrrj.br\/eext\/files\/2020\/05\/modelos_banner_800x800_EPA01-100x100.png 100w, https:\/\/institucional.ufrrj.br\/eext\/files\/2020\/05\/modelos_banner_800x800_EPA01.png 800w\" sizes=\"auto, (max-width: 150px) 100vw, 150px\" \/><a href=\"https:\/\/institucional.ufrrj.br\/eext\/files\/2020\/05\/modelo_banners_800x800_EPA.pptx\" target=\"_blank\" rel=\"noopener\">Modelo de banner em Power Point &#8211; 800&#215;800 px<\/a><\/p>\n<p><a href=\"https:\/\/institucional.ufrrj.br\/eext\/files\/2020\/05\/modelos_banner_800x800_EPA.zip\">Modelo de banner em Photoshop &#8211; 800&#215;800 px<\/a><\/p>\n<p>&nbsp;<\/p>\n<p>&nbsp;<\/p>\n<\/div>\n\t\t<\/div><div id=\"panel-835-0-1-1\" class=\"so-panel widget widget_text panel-last-child\" data-index=\"3\" ><h3 class=\"widget-title\">DEL &#8211; Esportes e Dan\u00e7a<\/h3>\t\t\t<div class=\"textwidget\"><p><img loading=\"lazy\" decoding=\"async\" class=\"alignleft wp-image-894 size-thumbnail\" style=\"border: 1px solid #999\" src=\"https:\/\/institucional.ufrrj.br\/eext\/files\/2020\/05\/modelos_banner_800x800_DEL01-150x150.png\" alt=\"\" width=\"150\" height=\"150\" srcset=\"https:\/\/institucional.ufrrj.br\/eext\/files\/2020\/05\/modelos_banner_800x800_DEL01-150x150.png 150w, https:\/\/institucional.ufrrj.br\/eext\/files\/2020\/05\/modelos_banner_800x800_DEL01-300x300.png 300w, https:\/\/institucional.ufrrj.br\/eext\/files\/2020\/05\/modelos_banner_800x800_DEL01-768x768.png 768w, https:\/\/institucional.ufrrj.br\/eext\/files\/2020\/05\/modelos_banner_800x800_DEL01-75x75.png 75w, https:\/\/institucional.ufrrj.br\/eext\/files\/2020\/05\/modelos_banner_800x800_DEL01-100x100.png 100w, https:\/\/institucional.ufrrj.br\/eext\/files\/2020\/05\/modelos_banner_800x800_DEL01.png 800w\" sizes=\"auto, (max-width: 150px) 100vw, 150px\" \/><\/p>\n<p><a href=\"https:\/\/institucional.ufrrj.br\/eext\/files\/2020\/05\/modelo_banners_800x800_DEL.pptx\">Modelo de banner em Power Point &#8211; 800&#215;800 px<\/a><\/p>\n<p><a href=\"https:\/\/institucional.ufrrj.br\/eext\/files\/2020\/05\/modelos_banner_800x800_DEL.zip\" target=\"_blank\" rel=\"noopener\">Modelo de banner em Photoshop &#8211; 800&#215;800 px<\/a><\/p>\n<\/div>\n\t\t<\/div><\/div><\/div><div id=\"pg-835-1\"  class=\"panel-grid panel-no-style\" ><div id=\"pgc-835-1-0\"  class=\"panel-grid-cell\" ><div id=\"panel-835-1-0-0\" class=\"so-panel widget widget_text panel-first-child panel-last-child\" data-index=\"4\" ><h3 class=\"widget-title\">Tipografia<\/h3>\t\t\t<div class=\"textwidget\"><p>As tipografias utilizadas s\u00e3o da Identidade visual da UFRRJ. A <strong>Fam\u00edlia Lato<\/strong> pode ser baixada no link:<strong><a href=\"https:\/\/fonts.google.com\/specimen\/Lato\" target=\"_blank\" rel=\"noopener\"> https:\/\/fonts.google.com\/specimen\/Lato<\/a><\/strong><br \/>\nSe n\u00e3o puder usar essas fontes, use a <strong>Fam\u00edlia Calibri<\/strong> que j\u00e1 vem instalada na maioria dos computadores<\/p>\n<\/div>\n\t\t<\/div><\/div><\/div><\/div>","protected":false},"excerpt":{"rendered":"<p>Modelo de banner em Power Point &#8211; 800&#215;800 px Modelo de banner em Photoshop &#8211; 800&#215;800 px Modelo de banner <a class=\"read-more\" href=\"https:\/\/institucional.ufrrj.br\/eext\/modelos-para-banners-de-divulgacao\/ \" >&#8230; <span class=\"font-italic\">leia mais <i class=\"fas fa-angle-right\"><\/i><\/span><\/a><\/p>\n","protected":false},"author":707,"featured_media":0,"parent":0,"menu_order":0,"comment_status":"closed","ping_status":"closed","template":"","meta":{"_acf_changed":false,"footnotes":""},"class_list":["post-835","page","type-page","status-publish","hentry"],"yoast_head":"<!-- This site is optimized with the Yoast SEO plugin v27.2 - https:\/\/yoast.com\/product\/yoast-seo-wordpress\/ -->\n<title>Banners de divulga\u00e7\u00e3o - Escola de Extens\u00e3o<\/title>\n<meta name=\"robots\" content=\"index, follow, max-snippet:-1, max-image-preview:large, max-video-preview:-1\" \/>\n<link rel=\"canonical\" href=\"https:\/\/institucional.ufrrj.br\/eext\/modelos-para-banners-de-divulgacao\/\" \/>\n<meta property=\"og:locale\" content=\"pt_BR\" \/>\n<meta property=\"og:type\" content=\"article\" \/>\n<meta property=\"og:title\" content=\"Banners de divulga\u00e7\u00e3o - Escola de Extens\u00e3o\" \/>\n<meta property=\"og:description\" content=\"Modelo de banner em Power Point - 800x800 px Modelo de banner em Photoshop - 800x800 px Modelo de banner ... leia mais\" \/>\n<meta property=\"og:url\" content=\"https:\/\/institucional.ufrrj.br\/eext\/modelos-para-banners-de-divulgacao\/\" \/>\n<meta property=\"og:site_name\" content=\"Escola de Extens\u00e3o\" \/>\n<meta property=\"article:modified_time\" content=\"2023-10-02T13:22:35+00:00\" \/>\n<meta property=\"og:image\" content=\"https:\/\/institucional.ufrrj.br\/eext\/files\/2020\/05\/modelos_banner_800x800_CAC01.png\" \/>\n\t<meta property=\"og:image:width\" content=\"800\" \/>\n\t<meta property=\"og:image:height\" content=\"800\" \/>\n\t<meta property=\"og:image:type\" content=\"image\/png\" \/>\n<meta name=\"twitter:card\" content=\"summary_large_image\" \/>\n<meta name=\"twitter:label1\" content=\"Est. tempo de leitura\" \/>\n\t<meta name=\"twitter:data1\" content=\"1 minuto\" \/>\n<script type=\"application\/ld+json\" class=\"yoast-schema-graph\">{\"@context\":\"https:\/\/schema.org\",\"@graph\":[{\"@type\":\"WebPage\",\"@id\":\"https:\/\/institucional.ufrrj.br\/eext\/modelos-para-banners-de-divulgacao\/\",\"url\":\"https:\/\/institucional.ufrrj.br\/eext\/modelos-para-banners-de-divulgacao\/\",\"name\":\"Banners de divulga\u00e7\u00e3o - Escola de Extens\u00e3o\",\"isPartOf\":{\"@id\":\"https:\/\/institucional.ufrrj.br\/eext\/#website\"},\"primaryImageOfPage\":{\"@id\":\"https:\/\/institucional.ufrrj.br\/eext\/modelos-para-banners-de-divulgacao\/#primaryimage\"},\"image\":{\"@id\":\"https:\/\/institucional.ufrrj.br\/eext\/modelos-para-banners-de-divulgacao\/#primaryimage\"},\"thumbnailUrl\":\"https:\/\/institucional.ufrrj.br\/eext\/files\/2020\/05\/modelos_banner_800x800_CAC01-150x150.png\",\"datePublished\":\"2020-05-18T18:05:08+00:00\",\"dateModified\":\"2023-10-02T13:22:35+00:00\",\"breadcrumb\":{\"@id\":\"https:\/\/institucional.ufrrj.br\/eext\/modelos-para-banners-de-divulgacao\/#breadcrumb\"},\"inLanguage\":\"pt-BR\",\"potentialAction\":[{\"@type\":\"ReadAction\",\"target\":[\"https:\/\/institucional.ufrrj.br\/eext\/modelos-para-banners-de-divulgacao\/\"]}]},{\"@type\":\"ImageObject\",\"inLanguage\":\"pt-BR\",\"@id\":\"https:\/\/institucional.ufrrj.br\/eext\/modelos-para-banners-de-divulgacao\/#primaryimage\",\"url\":\"https:\/\/institucional.ufrrj.br\/eext\/files\/2020\/05\/modelos_banner_800x800_CAC01.png\",\"contentUrl\":\"https:\/\/institucional.ufrrj.br\/eext\/files\/2020\/05\/modelos_banner_800x800_CAC01.png\",\"width\":800,\"height\":800},{\"@type\":\"BreadcrumbList\",\"@id\":\"https:\/\/institucional.ufrrj.br\/eext\/modelos-para-banners-de-divulgacao\/#breadcrumb\",\"itemListElement\":[{\"@type\":\"ListItem\",\"position\":1,\"name\":\"In\u00edcio\",\"item\":\"https:\/\/institucional.ufrrj.br\/eext\/\"},{\"@type\":\"ListItem\",\"position\":2,\"name\":\"Banners de divulga\u00e7\u00e3o\"}]},{\"@type\":\"WebSite\",\"@id\":\"https:\/\/institucional.ufrrj.br\/eext\/#website\",\"url\":\"https:\/\/institucional.ufrrj.br\/eext\/\",\"name\":\"Escola de Extens\u00e3o\",\"description\":\"S\u00f3 mais um site institucional.ufrrj.br\",\"potentialAction\":[{\"@type\":\"SearchAction\",\"target\":{\"@type\":\"EntryPoint\",\"urlTemplate\":\"https:\/\/institucional.ufrrj.br\/eext\/?s={search_term_string}\"},\"query-input\":{\"@type\":\"PropertyValueSpecification\",\"valueRequired\":true,\"valueName\":\"search_term_string\"}}],\"inLanguage\":\"pt-BR\"}]}<\/script>\n<!-- \/ Yoast SEO plugin. -->","yoast_head_json":{"title":"Banners de divulga\u00e7\u00e3o - Escola de Extens\u00e3o","robots":{"index":"index","follow":"follow","max-snippet":"max-snippet:-1","max-image-preview":"max-image-preview:large","max-video-preview":"max-video-preview:-1"},"canonical":"https:\/\/institucional.ufrrj.br\/eext\/modelos-para-banners-de-divulgacao\/","og_locale":"pt_BR","og_type":"article","og_title":"Banners de divulga\u00e7\u00e3o - Escola de Extens\u00e3o","og_description":"Modelo de banner em Power Point - 800x800 px Modelo de banner em Photoshop - 800x800 px Modelo de banner ... leia mais","og_url":"https:\/\/institucional.ufrrj.br\/eext\/modelos-para-banners-de-divulgacao\/","og_site_name":"Escola de Extens\u00e3o","article_modified_time":"2023-10-02T13:22:35+00:00","og_image":[{"width":800,"height":800,"url":"https:\/\/institucional.ufrrj.br\/eext\/files\/2020\/05\/modelos_banner_800x800_CAC01.png","type":"image\/png"}],"twitter_card":"summary_large_image","twitter_misc":{"Est. tempo de leitura":"1 minuto"},"schema":{"@context":"https:\/\/schema.org","@graph":[{"@type":"WebPage","@id":"https:\/\/institucional.ufrrj.br\/eext\/modelos-para-banners-de-divulgacao\/","url":"https:\/\/institucional.ufrrj.br\/eext\/modelos-para-banners-de-divulgacao\/","name":"Banners de divulga\u00e7\u00e3o - Escola de Extens\u00e3o","isPartOf":{"@id":"https:\/\/institucional.ufrrj.br\/eext\/#website"},"primaryImageOfPage":{"@id":"https:\/\/institucional.ufrrj.br\/eext\/modelos-para-banners-de-divulgacao\/#primaryimage"},"image":{"@id":"https:\/\/institucional.ufrrj.br\/eext\/modelos-para-banners-de-divulgacao\/#primaryimage"},"thumbnailUrl":"https:\/\/institucional.ufrrj.br\/eext\/files\/2020\/05\/modelos_banner_800x800_CAC01-150x150.png","datePublished":"2020-05-18T18:05:08+00:00","dateModified":"2023-10-02T13:22:35+00:00","breadcrumb":{"@id":"https:\/\/institucional.ufrrj.br\/eext\/modelos-para-banners-de-divulgacao\/#breadcrumb"},"inLanguage":"pt-BR","potentialAction":[{"@type":"ReadAction","target":["https:\/\/institucional.ufrrj.br\/eext\/modelos-para-banners-de-divulgacao\/"]}]},{"@type":"ImageObject","inLanguage":"pt-BR","@id":"https:\/\/institucional.ufrrj.br\/eext\/modelos-para-banners-de-divulgacao\/#primaryimage","url":"https:\/\/institucional.ufrrj.br\/eext\/files\/2020\/05\/modelos_banner_800x800_CAC01.png","contentUrl":"https:\/\/institucional.ufrrj.br\/eext\/files\/2020\/05\/modelos_banner_800x800_CAC01.png","width":800,"height":800},{"@type":"BreadcrumbList","@id":"https:\/\/institucional.ufrrj.br\/eext\/modelos-para-banners-de-divulgacao\/#breadcrumb","itemListElement":[{"@type":"ListItem","position":1,"name":"In\u00edcio","item":"https:\/\/institucional.ufrrj.br\/eext\/"},{"@type":"ListItem","position":2,"name":"Banners de divulga\u00e7\u00e3o"}]},{"@type":"WebSite","@id":"https:\/\/institucional.ufrrj.br\/eext\/#website","url":"https:\/\/institucional.ufrrj.br\/eext\/","name":"Escola de Extens\u00e3o","description":"S\u00f3 mais um site institucional.ufrrj.br","potentialAction":[{"@type":"SearchAction","target":{"@type":"EntryPoint","urlTemplate":"https:\/\/institucional.ufrrj.br\/eext\/?s={search_term_string}"},"query-input":{"@type":"PropertyValueSpecification","valueRequired":true,"valueName":"search_term_string"}}],"inLanguage":"pt-BR"}]}},"acf":[],"_links":{"self":[{"href":"https:\/\/institucional.ufrrj.br\/eext\/wp-json\/wp\/v2\/pages\/835","targetHints":{"allow":["GET"]}}],"collection":[{"href":"https:\/\/institucional.ufrrj.br\/eext\/wp-json\/wp\/v2\/pages"}],"about":[{"href":"https:\/\/institucional.ufrrj.br\/eext\/wp-json\/wp\/v2\/types\/page"}],"author":[{"embeddable":true,"href":"https:\/\/institucional.ufrrj.br\/eext\/wp-json\/wp\/v2\/users\/707"}],"replies":[{"embeddable":true,"href":"https:\/\/institucional.ufrrj.br\/eext\/wp-json\/wp\/v2\/comments?post=835"}],"version-history":[{"count":58,"href":"https:\/\/institucional.ufrrj.br\/eext\/wp-json\/wp\/v2\/pages\/835\/revisions"}],"predecessor-version":[{"id":5455,"href":"https:\/\/institucional.ufrrj.br\/eext\/wp-json\/wp\/v2\/pages\/835\/revisions\/5455"}],"wp:attachment":[{"href":"https:\/\/institucional.ufrrj.br\/eext\/wp-json\/wp\/v2\/media?parent=835"}],"curies":[{"name":"wp","href":"https:\/\/api.w.org\/{rel}","templated":true}]}}