{"id":1842,"date":"2020-10-26T15:29:58","date_gmt":"2020-10-26T18:29:58","guid":{"rendered":"http:\/\/institucional.ufrrj.br\/eext\/?page_id=1842"},"modified":"2025-06-18T15:36:31","modified_gmt":"2025-06-18T18:36:31","slug":"informacoes-importantes-servidores","status":"publish","type":"page","link":"https:\/\/institucional.ufrrj.br\/eext\/informacoes-importantes-servidores\/","title":{"rendered":"Informa\u00e7\u00f5es Importantes: Servidores"},"content":{"rendered":"<p><strong>Prezado servidor, por favor, antes de submeter sua proposta de curso de extens\u00e3o ou enviar e-mail com seus questionamentos, leia at\u00e9 o fim estas informa\u00e7\u00f5es sobre o funcionamento da EExt, o Edital vigente ou acesse nosso <\/strong><strong><a href=\"https:\/\/institucional.ufrrj.br\/eext\/faq-servidores\/\"><span style=\"color: #000080\">FAQ<\/span><\/a><\/strong><strong>, para dirimir suas d\u00favidas.<\/strong><\/p>\n<h4><span style=\"color: #1e90ff\">Refer\u00eancia ao Edital<\/span><\/h4>\n<p>A Pr\u00f3-Reitoria de Extens\u00e3o (PROEXT), atrav\u00e9s da Escola de Extens\u00e3o (Eext) est\u00e1 com <a href=\"https:\/\/institucional.ufrrj.br\/eext\/editais\/\">editais abertos (dispon\u00edveis em https:\/\/institucional.ufrrj.br\/eext\/editais\/)<\/a>\u00a0para submiss\u00e3o de propostas de cursos de extens\u00e3o e cursos de p\u00f3s-gradua\u00e7\u00e3o <i>lato sensu<\/i>. Todas as propostas dever\u00e3o seguir, rigorosamente, o edital pertinente. No caso dos cursos de extens\u00e3o, toda proposta submetida dever\u00e1, obrigatoriamente, ser vinculada ao edital.<\/p>\n<h4><span style=\"color: #1e90ff\">Quem poder\u00e1 submeter sua proposta de curso de extens\u00e3o?<\/span><\/h4>\n<p><strong>Curso de extens\u00e3o<\/strong><br \/>\nPoder\u00e3o inscrever propostas de cursos de extens\u00e3o Servidores, docentes (efetivos e substitutos) e t\u00e9cnicos administrativos, pertencentes ao quadro da UFRRJ. A Proposta do curso (A\u00e7\u00e3o de Extens\u00e3o) submetida pelo servidor (Coordenador) dever\u00e1 apresentar conson\u00e2ncia com sua \u00e1rea de atua\u00e7\u00e3o espec\u00edfica dentro da Institui\u00e7\u00e3o (UFRRJ), com tem\u00e1tica que contemple a forma\u00e7\u00e3o ou experi\u00eancia profissional do proponente.<\/p>\n<p><strong>Curso lato sensu<\/strong><br \/>\nPoder\u00e3o inscrever propostas de cursos lato sensu Servidores Docentes efetivos pertencentes ao quadro da UFRRJ.<\/p>\n<h4><span style=\"color: #1e90ff\">Categoria dos Cursos<\/span><\/h4>\n<p>Os Editais regulamentam o oferecimento de cursos de extens\u00e3o nas seguintes categorias:<\/p>\n<p><strong>a) Cursos de Treinamento \u2013 de 30 horas a 59 horas<\/strong><br \/>\nCurso com objetivo de treinar em atividades profissionais espec\u00edficas.<\/p>\n<p><strong>b) Cursos de Capacita\u00e7\u00e3o \u2013 de 60 horas a 89 horas<\/strong><br \/>\nObjetiva a forma\u00e7\u00e3o inicial socializando conhecimentos sistematizados e divulgando t\u00e9cnicas dentro de uma \u00e1rea de conhecimento espec\u00edfico ou de atua\u00e7\u00e3o profissional, com vistas ao aprimoramento do desempenho profissional.<\/p>\n<p><strong>c) Cursos de Atualiza\u00e7\u00e3o \u2013 90 horas a 179 horas<\/strong><br \/>\nObjetiva a forma\u00e7\u00e3o continuada do profissional em sua \u00e1rea de atua\u00e7\u00e3o atrav\u00e9s da amplia\u00e7\u00e3o de conhecimento, habilidades ou t\u00e9cnicas.<\/p>\n<p><strong>d) Cursos de Aperfei\u00e7oamento \u2013 carga hor\u00e1ria m\u00ednima de 180 horas<\/strong><br \/>\nDestinados a graduados de cursos superiores para atualizar e melhorar conhecimentos e t\u00e9cnicas de trabalho, mas tamb\u00e9m para outros segmentos de n\u00edvel m\u00e9dio, t\u00e9cnico e profissional que visem complementar forma\u00e7\u00e3o ou habilidades em temas espec\u00edficos, com carga hor\u00e1ria m\u00ednima de 180 horas; est\u00e3o inclu\u00eddos nessa categoria os cursos voltados para o exerc\u00edcio profissional (qualifica\u00e7\u00e3o).<\/p>\n<p><strong>e) Cursos de P\u00f3s-gradua\u00e7\u00e3o Lato Sensu \u2013 Especializa\u00e7\u00e3o de car\u00e1ter eventual &#8211; carga hor\u00e1ria m\u00ednima acima de 360 horas<\/strong><br \/>\nCursos n\u00e3o pertencentes ao \u00e2mbito regulamentar das atividades regulares de ensino da p\u00f3s-gradua\u00e7\u00e3o lato sensu no \u00e2mbito da PROPPG.<\/p>\n<p>Ap\u00f3s aprovada a proposta do curso (A\u00e7\u00e3o de Extens\u00e3o), o coordenador (proponente do curso) dever\u00e1 executar a\u00e7\u00e3o e gerenciar inscri\u00e7\u00f5es, bem como gerenciar a plataforma de aulas escolhida por ele. Todas as informa\u00e7\u00f5es necess\u00e1rias constam nos editais vigentes.<\/p>\n<h4><span style=\"color: #1e90ff\">Entendendo o Processo<\/span><\/h4>\n<p>Para auxiliar os interessados em submeter cursos de extens\u00e3o e gerenci\u00e1-los, a Eext desenvolveu os materiais abaixo:<\/p>\n<p><strong>Fluxograma:<\/strong> confira este v\u00eddeo para explicar as a\u00e7\u00f5es de forma simples e did\u00e1tica.<\/p>\n<p><iframe loading=\"lazy\" title=\"Entendendo a Aplica\u00e7\u00e3o de Cursos na Eext\" width=\"500\" height=\"375\" src=\"https:\/\/www.youtube.com\/embed\/Iw4Pt-pis8M?feature=oembed\" frameborder=\"0\" allow=\"accelerometer; autoplay; clipboard-write; encrypted-media; gyroscope; picture-in-picture; web-share\" referrerpolicy=\"strict-origin-when-cross-origin\" allowfullscreen><\/iframe><\/p>\n<p><strong>Tutoriais:<\/strong> acesse o passo a passo em v\u00eddeo ou em PDF <strong><a href=\"https:\/\/institucional.ufrrj.br\/eext\/tutoriais-servidores-2\/\"><span style=\"color: #000080\">aqui<\/span><\/a><\/strong>.<\/p>\n<p><strong>FAQ:<\/strong> caso possua outras d\u00favidas, acesse as perguntas mais frequentes dos professores <strong><a href=\"https:\/\/institucional.ufrrj.br\/eext\/faq-servidores\/\"><span style=\"color: #000080\">aqui<\/span><\/a><\/strong>.<\/p>\n","protected":false},"excerpt":{"rendered":"<p>Prezado servidor, por favor, antes de submeter sua proposta de curso de extens\u00e3o ou enviar e-mail com seus questionamentos, leia <a class=\"read-more\" href=\"https:\/\/institucional.ufrrj.br\/eext\/informacoes-importantes-servidores\/ \" >&#8230; <span class=\"font-italic\">leia mais <i class=\"fas fa-angle-right\"><\/i><\/span><\/a><\/p>\n","protected":false},"author":772,"featured_media":0,"parent":0,"menu_order":0,"comment_status":"closed","ping_status":"closed","template":"","meta":{"_acf_changed":false,"footnotes":""},"class_list":["post-1842","page","type-page","status-publish","hentry"],"yoast_head":"<!-- This site is optimized with the Yoast SEO plugin v27.2 - https:\/\/yoast.com\/product\/yoast-seo-wordpress\/ -->\n<title>Informa\u00e7\u00f5es Importantes: Servidores - Escola de Extens\u00e3o<\/title>\n<meta name=\"robots\" content=\"index, follow, max-snippet:-1, max-image-preview:large, max-video-preview:-1\" \/>\n<link rel=\"canonical\" href=\"https:\/\/institucional.ufrrj.br\/eext\/informacoes-importantes-servidores\/\" \/>\n<meta property=\"og:locale\" content=\"pt_BR\" \/>\n<meta property=\"og:type\" content=\"article\" \/>\n<meta property=\"og:title\" content=\"Informa\u00e7\u00f5es Importantes: Servidores - Escola de Extens\u00e3o\" \/>\n<meta property=\"og:description\" content=\"Prezado servidor, por favor, antes de submeter sua proposta de curso de extens\u00e3o ou enviar e-mail com seus questionamentos, leia ... leia mais\" \/>\n<meta property=\"og:url\" content=\"https:\/\/institucional.ufrrj.br\/eext\/informacoes-importantes-servidores\/\" \/>\n<meta property=\"og:site_name\" content=\"Escola de Extens\u00e3o\" \/>\n<meta property=\"article:modified_time\" content=\"2025-06-18T18:36:31+00:00\" \/>\n<meta name=\"twitter:card\" content=\"summary_large_image\" \/>\n<meta name=\"twitter:label1\" content=\"Est. tempo de leitura\" \/>\n\t<meta name=\"twitter:data1\" content=\"3 minutos\" \/>\n<script type=\"application\/ld+json\" class=\"yoast-schema-graph\">{\"@context\":\"https:\/\/schema.org\",\"@graph\":[{\"@type\":\"WebPage\",\"@id\":\"https:\/\/institucional.ufrrj.br\/eext\/informacoes-importantes-servidores\/\",\"url\":\"https:\/\/institucional.ufrrj.br\/eext\/informacoes-importantes-servidores\/\",\"name\":\"Informa\u00e7\u00f5es Importantes: Servidores - Escola de Extens\u00e3o\",\"isPartOf\":{\"@id\":\"https:\/\/institucional.ufrrj.br\/eext\/#website\"},\"datePublished\":\"2020-10-26T18:29:58+00:00\",\"dateModified\":\"2025-06-18T18:36:31+00:00\",\"breadcrumb\":{\"@id\":\"https:\/\/institucional.ufrrj.br\/eext\/informacoes-importantes-servidores\/#breadcrumb\"},\"inLanguage\":\"pt-BR\",\"potentialAction\":[{\"@type\":\"ReadAction\",\"target\":[\"https:\/\/institucional.ufrrj.br\/eext\/informacoes-importantes-servidores\/\"]}]},{\"@type\":\"BreadcrumbList\",\"@id\":\"https:\/\/institucional.ufrrj.br\/eext\/informacoes-importantes-servidores\/#breadcrumb\",\"itemListElement\":[{\"@type\":\"ListItem\",\"position\":1,\"name\":\"In\u00edcio\",\"item\":\"https:\/\/institucional.ufrrj.br\/eext\/\"},{\"@type\":\"ListItem\",\"position\":2,\"name\":\"Informa\u00e7\u00f5es Importantes: Servidores\"}]},{\"@type\":\"WebSite\",\"@id\":\"https:\/\/institucional.ufrrj.br\/eext\/#website\",\"url\":\"https:\/\/institucional.ufrrj.br\/eext\/\",\"name\":\"Escola de Extens\u00e3o\",\"description\":\"S\u00f3 mais um site institucional.ufrrj.br\",\"potentialAction\":[{\"@type\":\"SearchAction\",\"target\":{\"@type\":\"EntryPoint\",\"urlTemplate\":\"https:\/\/institucional.ufrrj.br\/eext\/?s={search_term_string}\"},\"query-input\":{\"@type\":\"PropertyValueSpecification\",\"valueRequired\":true,\"valueName\":\"search_term_string\"}}],\"inLanguage\":\"pt-BR\"}]}<\/script>\n<!-- \/ Yoast SEO plugin. -->","yoast_head_json":{"title":"Informa\u00e7\u00f5es Importantes: Servidores - Escola de Extens\u00e3o","robots":{"index":"index","follow":"follow","max-snippet":"max-snippet:-1","max-image-preview":"max-image-preview:large","max-video-preview":"max-video-preview:-1"},"canonical":"https:\/\/institucional.ufrrj.br\/eext\/informacoes-importantes-servidores\/","og_locale":"pt_BR","og_type":"article","og_title":"Informa\u00e7\u00f5es Importantes: Servidores - Escola de Extens\u00e3o","og_description":"Prezado servidor, por favor, antes de submeter sua proposta de curso de extens\u00e3o ou enviar e-mail com seus questionamentos, leia ... leia mais","og_url":"https:\/\/institucional.ufrrj.br\/eext\/informacoes-importantes-servidores\/","og_site_name":"Escola de Extens\u00e3o","article_modified_time":"2025-06-18T18:36:31+00:00","twitter_card":"summary_large_image","twitter_misc":{"Est. tempo de leitura":"3 minutos"},"schema":{"@context":"https:\/\/schema.org","@graph":[{"@type":"WebPage","@id":"https:\/\/institucional.ufrrj.br\/eext\/informacoes-importantes-servidores\/","url":"https:\/\/institucional.ufrrj.br\/eext\/informacoes-importantes-servidores\/","name":"Informa\u00e7\u00f5es Importantes: Servidores - Escola de Extens\u00e3o","isPartOf":{"@id":"https:\/\/institucional.ufrrj.br\/eext\/#website"},"datePublished":"2020-10-26T18:29:58+00:00","dateModified":"2025-06-18T18:36:31+00:00","breadcrumb":{"@id":"https:\/\/institucional.ufrrj.br\/eext\/informacoes-importantes-servidores\/#breadcrumb"},"inLanguage":"pt-BR","potentialAction":[{"@type":"ReadAction","target":["https:\/\/institucional.ufrrj.br\/eext\/informacoes-importantes-servidores\/"]}]},{"@type":"BreadcrumbList","@id":"https:\/\/institucional.ufrrj.br\/eext\/informacoes-importantes-servidores\/#breadcrumb","itemListElement":[{"@type":"ListItem","position":1,"name":"In\u00edcio","item":"https:\/\/institucional.ufrrj.br\/eext\/"},{"@type":"ListItem","position":2,"name":"Informa\u00e7\u00f5es Importantes: Servidores"}]},{"@type":"WebSite","@id":"https:\/\/institucional.ufrrj.br\/eext\/#website","url":"https:\/\/institucional.ufrrj.br\/eext\/","name":"Escola de Extens\u00e3o","description":"S\u00f3 mais um site institucional.ufrrj.br","potentialAction":[{"@type":"SearchAction","target":{"@type":"EntryPoint","urlTemplate":"https:\/\/institucional.ufrrj.br\/eext\/?s={search_term_string}"},"query-input":{"@type":"PropertyValueSpecification","valueRequired":true,"valueName":"search_term_string"}}],"inLanguage":"pt-BR"}]}},"acf":[],"_links":{"self":[{"href":"https:\/\/institucional.ufrrj.br\/eext\/wp-json\/wp\/v2\/pages\/1842","targetHints":{"allow":["GET"]}}],"collection":[{"href":"https:\/\/institucional.ufrrj.br\/eext\/wp-json\/wp\/v2\/pages"}],"about":[{"href":"https:\/\/institucional.ufrrj.br\/eext\/wp-json\/wp\/v2\/types\/page"}],"author":[{"embeddable":true,"href":"https:\/\/institucional.ufrrj.br\/eext\/wp-json\/wp\/v2\/users\/772"}],"replies":[{"embeddable":true,"href":"https:\/\/institucional.ufrrj.br\/eext\/wp-json\/wp\/v2\/comments?post=1842"}],"version-history":[{"count":23,"href":"https:\/\/institucional.ufrrj.br\/eext\/wp-json\/wp\/v2\/pages\/1842\/revisions"}],"predecessor-version":[{"id":6407,"href":"https:\/\/institucional.ufrrj.br\/eext\/wp-json\/wp\/v2\/pages\/1842\/revisions\/6407"}],"wp:attachment":[{"href":"https:\/\/institucional.ufrrj.br\/eext\/wp-json\/wp\/v2\/media?parent=1842"}],"curies":[{"name":"wp","href":"https:\/\/api.w.org\/{rel}","templated":true}]}}