{"id":1738,"date":"2020-09-25T12:16:09","date_gmt":"2020-09-25T15:16:09","guid":{"rendered":"http:\/\/institucional.ufrrj.br\/eext\/?page_id=1738"},"modified":"2023-09-13T10:18:39","modified_gmt":"2023-09-13T13:18:39","slug":"faq-alunos","status":"publish","type":"page","link":"https:\/\/institucional.ufrrj.br\/eext\/faq-alunos\/","title":{"rendered":"Perguntas e Respostas"},"content":{"rendered":"<p>Para facilitar o atendimento ao p\u00fablico em geral, criamos duas p\u00e1ginas com as d\u00favidas mais frequentes e suas devidas respostas. As p\u00e1ginas est\u00e3o separadas de acordo com o p\u00fablico: uma com as d\u00favidas dos alunos e outra com as d\u00favidas de professores respons\u00e1veis pelos cursos cadastrados.<\/p>\n<p>Voc\u00ea pode clicar aqui e seguir para a pr\u00f3xima p\u00e1gina: <strong><a href=\"https:\/\/institucional.ufrrj.br\/eext\/faq-servidores\/\" target=\"_blank\" rel=\"noopener noreferrer\"><span style=\"color: #000080\">D\u00favidas Frequentes dos Servidores<\/span><\/a><\/strong>.<\/p>\n<h2><span style=\"color: #004388\">D\u00favidas Frequentes dos Alunos<\/span><\/h2>\n<p>Clique nas perguntas que forem do seu interesse para visualizar as respostas.<\/p>\n<h4><span style=\"color: #1e90ff\">QUEM PODE PARTICIPAR<\/span><\/h4>\n<div class=\"su-spoiler su-spoiler-style-fancy su-spoiler-icon-chevron su-spoiler-closed\" data-scroll-offset=\"0\" data-anchor-in-url=\"no\"><div class=\"su-spoiler-title\" tabindex=\"0\" role=\"button\"><span class=\"su-spoiler-icon\"><\/span><strong>1. Alunos de outras institui\u00e7\u00f5es poder\u00e3o participar?<\/strong><\/div><div class=\"su-spoiler-content su-u-clearfix su-u-trim\">Qualquer pessoa poder\u00e1 participar dos cursos de extens\u00e3o oferecidos pela Escola de Extens\u00e3o (Eext), desde que se enquadre no perfil do p\u00fablico-alvo (interno e externo), exigido para cada curso. Todas as informa\u00e7\u00f5es sobre os cursos, e o link para inscri\u00e7\u00e3o, estar\u00e3o dispon\u00edveis no site da Eext.<\/div><\/div>\n<div class=\"su-spoiler su-spoiler-style-fancy su-spoiler-icon-chevron su-spoiler-closed\" data-scroll-offset=\"0\" data-anchor-in-url=\"no\"><div class=\"su-spoiler-title\" tabindex=\"0\" role=\"button\"><span class=\"su-spoiler-icon\"><\/span><strong>2. Como aluno (a) da UFRRJ, sou obrigado a fazer algum curso de extens\u00e3o?<\/strong><\/div><div class=\"su-spoiler-content su-u-clearfix su-u-trim\">Os cursos de extens\u00e3o n\u00e3o s\u00e3o obrigat\u00f3rios.<\/div><\/div>\n<h4><span style=\"color: #1e90ff\">INSCRI\u00c7\u00d5ES<\/span><\/h4>\n<div class=\"su-spoiler su-spoiler-style-fancy su-spoiler-icon-chevron su-spoiler-closed\" data-scroll-offset=\"0\" data-anchor-in-url=\"no\"><div class=\"su-spoiler-title\" tabindex=\"0\" role=\"button\"><span class=\"su-spoiler-icon\"><\/span><strong>3. Como fa\u00e7o a inscri\u00e7\u00e3o?<\/strong><\/div><div class=\"su-spoiler-content su-u-clearfix su-u-trim\">\n<p>Os interessados dever\u00e3o acessar a \u00a0<a href=\"https:\/\/institucional.ufrrj.br\/eext\/cursos\/\" target=\"_blank\" rel=\"noopener\">p\u00e1gina de \u201cCursos\u201d<\/a> da Escola de Extens\u00e3o e clicar no link do curso desejado, que ir\u00e1 direcionar para o SIGAA. As inscri\u00e7\u00f5es ser\u00e3o feitas exclusivamente no SIGAA.<\/p>\n<p>Para tirar as d\u00favidas de cadastro, fa\u00e7a o download do <a href=\"https:\/\/institucional.ufrrj.br\/eext\/files\/2023\/09\/Tutorial_de_Extensao_Atualizado.pdf\" target=\"_blank\" rel=\"noopener\"><span style=\"color: #000000\">&#8220;<\/span>Tutorial para inscri\u00e7\u00e3o em cursos de extens\u00e3o (.pdf)<span style=\"color: #000000\">\u201d.<\/span><\/a><\/p>\n<p>As vagas s\u00e3o limitadas e o per\u00edodo de inscri\u00e7\u00e3o vai das 00h do primeiro dia de inscri\u00e7\u00e3o at\u00e9 as 23:59h do \u00faltimo dia, ou enquanto houver vaga.<\/p>\n<\/div><\/div>\n<div class=\"su-spoiler su-spoiler-style-fancy su-spoiler-icon-chevron su-spoiler-closed\" data-scroll-offset=\"0\" data-anchor-in-url=\"no\"><div class=\"su-spoiler-title\" tabindex=\"0\" role=\"button\"><span class=\"su-spoiler-icon\"><\/span><strong>4. Que horas o sistema abre para inscri\u00e7\u00f5es dos cursos?<\/strong><\/div><div class=\"su-spoiler-content su-u-clearfix su-u-trim\">Normalmente, as inscri\u00e7\u00f5es ficam abertas durante, pelo menos, 5 dias corridos. O hor\u00e1rio para inscri\u00e7\u00f5es vai das 00h do primeiro dia at\u00e9 as 23:59h do \u00faltimo dia.<br \/>\nO aluno dever\u00e1 acompanhar as divulga\u00e7\u00f5es feitas no site e no facebook da Eext e nas redes sociais da UFRRJ.<\/div><\/div>\n<div class=\"su-spoiler su-spoiler-style-fancy su-spoiler-icon-chevron su-spoiler-closed\" data-scroll-offset=\"0\" data-anchor-in-url=\"no\"><div class=\"su-spoiler-title\" tabindex=\"0\" role=\"button\"><span class=\"su-spoiler-icon\"><\/span><strong>5. Os cursos de extens\u00e3o s\u00e3o gratuitos?<\/strong><\/div><div class=\"su-spoiler-content su-u-clearfix su-u-trim\">Sim. At\u00e9 o momento, todos os cursos de extens\u00e3o est\u00e3o sendo oferecidos de forma gratuita.<\/div><\/div>\n<div class=\"su-spoiler su-spoiler-style-fancy su-spoiler-icon-chevron su-spoiler-closed\" data-scroll-offset=\"0\" data-anchor-in-url=\"no\"><div class=\"su-spoiler-title\" tabindex=\"0\" role=\"button\"><span class=\"su-spoiler-icon\"><\/span><strong>6. Onde ser\u00e1 feita a divulga\u00e7\u00e3o dos cursos?<\/strong><\/div><div class=\"su-spoiler-content su-u-clearfix su-u-trim\">A divulga\u00e7\u00e3o ser\u00e1 feita no site e no facebook da Eext e nas redes sociais da UFRRJ.<\/div><\/div>\n<div class=\"su-spoiler su-spoiler-style-fancy su-spoiler-icon-chevron su-spoiler-closed\" data-scroll-offset=\"0\" data-anchor-in-url=\"no\"><div class=\"su-spoiler-title\" tabindex=\"0\" role=\"button\"><span class=\"su-spoiler-icon\"><\/span><strong>7. Quais cursos est\u00e3o dispon\u00edveis?<\/strong><\/div><div class=\"su-spoiler-content su-u-clearfix su-u-trim\">Todos os cursos de extens\u00e3o dispon\u00edveis estar\u00e3o relacionados na <a href=\"https:\/\/institucional.ufrrj.br\/eext\/cursos\/\" target=\"_blank\" rel=\"noopener noreferrer\">p\u00e1gina de &#8220;Cursos&#8221;<\/a> da Escola de Extens\u00e3o.<\/div><\/div>\n<div class=\"su-spoiler su-spoiler-style-fancy su-spoiler-icon-chevron su-spoiler-closed\" data-scroll-offset=\"0\" data-anchor-in-url=\"no\"><div class=\"su-spoiler-title\" tabindex=\"0\" role=\"button\"><span class=\"su-spoiler-icon\"><\/span><strong>8. Posso me inscrever em mais de um curso?<\/strong><\/div><div class=\"su-spoiler-content su-u-clearfix su-u-trim\">Sim. Desde que se encaixe no perfil solicitado pelo curso no ato da inscri\u00e7\u00e3o.<\/div><\/div>\n<div class=\"su-spoiler su-spoiler-style-fancy su-spoiler-icon-chevron su-spoiler-closed\" data-scroll-offset=\"0\" data-anchor-in-url=\"no\"><div class=\"su-spoiler-title\" tabindex=\"0\" role=\"button\"><span class=\"su-spoiler-icon\"><\/span><strong>9. H\u00e1 a possibilidade de abrir mais vagas ou incluir algum aluno que n\u00e3o tenha conseguido se inscrever dentro do limite de vagas?<\/strong><\/div><div class=\"su-spoiler-content su-u-clearfix su-u-trim\">A amplia\u00e7\u00e3o do n\u00famero de vagas depende do professor respons\u00e1vel.<\/div><\/div>\n<h4><span style=\"color: #1e90ff\">AULAS<\/span><\/h4>\n<div class=\"su-spoiler su-spoiler-style-fancy su-spoiler-icon-chevron su-spoiler-closed\" data-scroll-offset=\"0\" data-anchor-in-url=\"no\"><div class=\"su-spoiler-title\" tabindex=\"0\" role=\"button\"><span class=\"su-spoiler-icon\"><\/span><strong>10. As aulas ser\u00e3o online ou presenciais?<\/strong><\/div><div class=\"su-spoiler-content su-u-clearfix su-u-trim\"> Acordando com as orienta\u00e7\u00f5es determinadas pela Portaria n\u00ba 3054\/22 \u2013 REI, de 13\/05\/2022, que estabelece o retorno pleno das atividades acad\u00eamico-administrativas da UFRRJ ao modo presencial, a EExt passa a considerar vi\u00e1vel de avalia\u00e7\u00e3o e execu\u00e7\u00e3o propostas de cursos de extens\u00e3o nas modalidades a dist\u00e2ncia, semipresencial e presencial.<\/div><\/div>\n<div class=\"su-spoiler su-spoiler-style-fancy su-spoiler-icon-chevron su-spoiler-closed\" data-scroll-offset=\"0\" data-anchor-in-url=\"no\"><div class=\"su-spoiler-title\" tabindex=\"0\" role=\"button\"><span class=\"su-spoiler-icon\"><\/span><strong>11. \u00c9 poss\u00edvel participar como ouvinte?<\/strong><\/div><div class=\"su-spoiler-content su-u-clearfix su-u-trim\">As vagas s\u00e3o limitadas e s\u00f3 poder\u00e1 participar o aluno que consiga se inscrever no SIGAA e se enquadre no perfil do p\u00fablico-alvo (interno e externo), exigido para cada curso.<\/div><\/div>\n<div class=\"su-spoiler su-spoiler-style-fancy su-spoiler-icon-chevron su-spoiler-closed\" data-scroll-offset=\"0\" data-anchor-in-url=\"no\"><div class=\"su-spoiler-title\" tabindex=\"0\" role=\"button\"><span class=\"su-spoiler-icon\"><\/span><strong>12. N\u00e3o recebi e-mail informando sobre o hor\u00e1rio das aulas ou como acessar o conte\u00fado. Como proceder?<\/strong><\/div><div class=\"su-spoiler-content su-u-clearfix su-u-trim\">Voc\u00ea dever\u00e1 fazer o cadastro na plataforma de aulas. Qualquer d\u00favida sobre as aulas ou a plataforma, entrar em contato como o professor respons\u00e1vel pelo curso.<\/div><\/div>\n<div class=\"su-spoiler su-spoiler-style-fancy su-spoiler-icon-chevron su-spoiler-closed\" data-scroll-offset=\"0\" data-anchor-in-url=\"no\"><div class=\"su-spoiler-title\" tabindex=\"0\" role=\"button\"><span class=\"su-spoiler-icon\"><\/span><strong>13. Existe a possibilidade do material do curso ser divulgado para quem n\u00e3o conseguiu fazer a inscri\u00e7\u00e3o?<\/strong><\/div><div class=\"su-spoiler-content su-u-clearfix su-u-trim\">Somente o professor respons\u00e1vel poder\u00e1 lhe informar.<\/div><\/div>\n<h4><span style=\"color: #1e90ff\">CERTIFICADOS<\/span><\/h4>\n<div class=\"su-spoiler su-spoiler-style-fancy su-spoiler-icon-chevron su-spoiler-closed\" data-scroll-offset=\"0\" data-anchor-in-url=\"no\"><div class=\"su-spoiler-title\" tabindex=\"0\" role=\"button\"><span class=\"su-spoiler-icon\"><\/span><strong>14. Os alunos receber\u00e3o certificados?<\/strong><\/div><div class=\"su-spoiler-content su-u-clearfix su-u-trim\">\n<p>Sim. Os certificados ser\u00e3o liberados, no sistema, pelo menos 30 dias ap\u00f3s o t\u00e9rmino do curso.<\/p>\n<p>Apenas os inscritos no curso de extens\u00e3o, via <a href=\"https:\/\/www.gov.br\/pt-br\" target=\"_blank\" rel=\"noopener\">gov.br<\/a>, e que atingirem a m\u00e9dia de frequ\u00eancia, estipulada pelo coordenador do curso, poder\u00e3o emitir seu pr\u00f3prio certificado. Para tanto, basta acessar sua p\u00e1gina de aluno (<a href=\"https:\/\/sigaa.ufrrj.br\/sigaa\/public\/servicos_digitais\/extensao\/loginCursosEventosExtensao.jsf\" target=\"_blank\" rel=\"noopener\">https:\/\/sigaa.ufrrj.br\/sigaa\/public\/servicos_digitais\/extensao\/loginCursosEventosExtensao.jsf<\/a>) e clicar em \u201cemitir certificado\u201d.<\/p>\n<\/div><\/div>\n<div class=\"su-spoiler su-spoiler-style-fancy su-spoiler-icon-chevron su-spoiler-closed\" data-scroll-offset=\"0\" data-anchor-in-url=\"no\"><div class=\"su-spoiler-title\" tabindex=\"0\" role=\"button\"><span class=\"su-spoiler-icon\"><\/span><strong>15. Os cursos que est\u00e3o sendo oferecidos dar\u00e3o certificado de horas complementares?<\/strong><\/div><div class=\"su-spoiler-content su-u-clearfix su-u-trim\">Todos os cursos de extens\u00e3o, oferecidos pela Escola de Extens\u00e3o, emitir\u00e3o certificados, desde que o aluno fa\u00e7a sua inscri\u00e7\u00e3o pelo SIGAA, atrav\u00e9s do link que ser\u00e1 disponibilizado no site da Escola de Extens\u00e3o. No entanto, somente os cursos que fizerem parte da curriculariza\u00e7\u00e3o poder\u00e3o ser utilizados como horas complementares. Para tanto, o aluno dever\u00e1 se informar com o professor respons\u00e1vel pelo curso.<\/div><\/div>\n<h4><span style=\"color: #1e90ff\">PROBLEMAS DE ACESSO<\/span><\/h4>\n<div class=\"su-accordion su-u-trim\">\n<div class=\"su-spoiler su-spoiler-style-fancy su-spoiler-icon-chevron su-spoiler-closed\" data-scroll-offset=\"0\" data-anchor-in-url=\"no\"><div class=\"su-spoiler-title\" tabindex=\"0\" role=\"button\"><span class=\"su-spoiler-icon\"><\/span><strong>16. <\/strong><strong>Estou tendo problemas para efetuar minha inscri\u00e7\u00e3o no curso. Como proceder?<\/strong><\/p>\n<p><\/div><div class=\"su-spoiler-content su-u-clearfix su-u-trim\">Acesse o <a href=\"https:\/\/institucional.ufrrj.br\/eext\/files\/2023\/09\/Tutorial_de_Extensao_Atualizado.pdf\" target=\"_blank\" rel=\"noopener\"><span style=\"color: #000000\">&#8220;<\/span>Tutorial para inscri\u00e7\u00e3o em cursos de extens\u00e3o (.pdf)<span style=\"color: #000000\">\u201d<\/span><\/a><span style=\"color: #000000\">\u00a0<\/span>e acompanhe o passo a passo. Caso o problema persista, voc\u00ea dever\u00e1 entrar em contato com a COTIC (<a href=\"https:\/\/institucional.ufrrj.br\/ajudasig\/interface\/\" target=\"_blank\" rel=\"noopener\">https:\/\/institucional.ufrrj.br\/ajudasig\/interface\/<\/a>).<\/div><\/div>\n<div class=\"su-spoiler su-spoiler-style-fancy su-spoiler-icon-chevron su-spoiler-closed\" data-scroll-offset=\"0\" data-anchor-in-url=\"no\"><div class=\"su-spoiler-title\" tabindex=\"0\" role=\"button\"><span class=\"su-spoiler-icon\"><\/span><strong>17. Durante meu cadastro no SIGAA est\u00e1 ocorrendo erro de seguran\u00e7a, informando que o link pode roubar minhas informa\u00e7\u00f5es. Como proceder?<\/strong><\/div><div class=\"su-spoiler-content su-u-clearfix su-u-trim\">Muito provavelmente o erro pode estar acontecendo por voc\u00ea estar acessando atrav\u00e9s do navegador Chrome. Neste link: <a href=\"https:\/\/support.google.com\/chrome\/answer\/99020?co=GENIE.Platform%3DDesktop&amp;hl=pt-BR\">https:\/\/support.google.com\/chrome\/answer\/99020?co=GENIE.Platform%3DDesktop&amp;hl=pt-BR<\/a> encontram-se algumas formas de acessar conte\u00fados e sites \u201cn\u00e3o seguros\u201d. Caso o problema persista, entre em contato com a COTIC (<a href=\"https:\/\/institucional.ufrrj.br\/ajudasig\/interface\/\" target=\"_blank\" rel=\"noopener noreferrer\">https:\/\/institucional.ufrrj.br\/ajudasig\/interface\/<\/a>), pois esse \u00e9 um problema t\u00e9cnico.<\/div><\/div>\n<div class=\"su-spoiler su-spoiler-style-fancy su-spoiler-icon-chevron su-spoiler-closed\" data-scroll-offset=\"0\" data-anchor-in-url=\"no\"><div class=\"su-spoiler-title\" tabindex=\"0\" role=\"button\"><span class=\"su-spoiler-icon\"><\/span><strong>18. N\u00e3o consigo me inscrever na plataforma de aulas com o login e senha do SIGAA. O que fazer?<\/strong><\/div><div class=\"su-spoiler-content su-u-clearfix su-u-trim\">O aluno ter\u00e1 que fazer duas inscri\u00e7\u00f5es, com cadastros diferentes. Primeiramente, dever\u00e3o acessar a\u00a0<a href=\"https:\/\/institucional.ufrrj.br\/eext\/cursos\/\" target=\"_blank\" rel=\"noopener noreferrer\">p\u00e1gina de &#8220;Cursos&#8221;<\/a> do site da Eext e, no curso desejado, clicar no link disponibilizado para a inscri\u00e7\u00e3o. Este link direcionar\u00e1 para o SIGAA, onde dever\u00e1 ser feita a inscri\u00e7\u00e3o (o link s\u00f3 ser\u00e1 v\u00e1lido durante o per\u00edodo determinado para a inscri\u00e7\u00e3o). A segunda inscri\u00e7\u00e3o dever\u00e1 ser feita, conforme o caso, na plataforma onde as aulas ser\u00e3o ministradas, cujo link ser\u00e1 informado pelo professor em momento oportuno.<\/div><\/div>\n<div class=\"su-spoiler su-spoiler-style-fancy su-spoiler-icon-chevron su-spoiler-closed\" data-scroll-offset=\"0\" data-anchor-in-url=\"no\"><div class=\"su-spoiler-title\" tabindex=\"0\" role=\"button\"><span class=\"su-spoiler-icon\"><\/span><strong>19. Eu recebi um link para acessar as aulas na plataforma de aulas. Entretanto, eu n\u00e3o consigo fazer o login na plataforma, pois eu n\u00e3o tenho cadastro na Proext. Como devo proceder?<\/strong><\/div><div class=\"su-spoiler-content su-u-clearfix su-u-trim\">O aluno ter\u00e1 que fazer duas inscri\u00e7\u00f5es, com cadastros diferentes. Primeiramente, dever\u00e3o acessar a\u00a0<a href=\"https:\/\/institucional.ufrrj.br\/eext\/cursos\/\" target=\"_blank\" rel=\"noopener noreferrer\">p\u00e1gina de &#8220;Cursos&#8221;<\/a> do site da Eext e, no curso desejado, clicar no link disponibilizado para a inscri\u00e7\u00e3o. Este link direcionar\u00e1 para o SIGAA, onde dever\u00e1 ser feita a inscri\u00e7\u00e3o (o link s\u00f3 ser\u00e1 v\u00e1lido durante o per\u00edodo determinado para a inscri\u00e7\u00e3o). A segunda inscri\u00e7\u00e3o dever\u00e1 ser feita, conforme o caso, na plataforma onde as aulas ser\u00e3o ministradas, cujo link ser\u00e1 informado pelo professor em momento oportuno.<\/div><\/div>\n<\/div>\n","protected":false},"excerpt":{"rendered":"<p>Para facilitar o atendimento ao p\u00fablico em geral, criamos duas p\u00e1ginas com as d\u00favidas mais frequentes e suas devidas respostas. <a class=\"read-more\" href=\"https:\/\/institucional.ufrrj.br\/eext\/faq-alunos\/ \" >&#8230; <span class=\"font-italic\">leia mais <i class=\"fas fa-angle-right\"><\/i><\/span><\/a><\/p>\n","protected":false},"author":772,"featured_media":0,"parent":0,"menu_order":0,"comment_status":"closed","ping_status":"closed","template":"","meta":{"_acf_changed":false,"footnotes":""},"class_list":["post-1738","page","type-page","status-publish","hentry"],"yoast_head":"<!-- This site is optimized with the Yoast SEO plugin v27.2 - https:\/\/yoast.com\/product\/yoast-seo-wordpress\/ -->\n<title>Perguntas e Respostas - Escola de Extens\u00e3o<\/title>\n<meta name=\"robots\" content=\"index, follow, max-snippet:-1, max-image-preview:large, max-video-preview:-1\" \/>\n<link rel=\"canonical\" href=\"https:\/\/institucional.ufrrj.br\/eext\/faq-alunos\/\" \/>\n<meta property=\"og:locale\" content=\"pt_BR\" \/>\n<meta property=\"og:type\" content=\"article\" \/>\n<meta property=\"og:title\" content=\"Perguntas e Respostas - Escola de Extens\u00e3o\" \/>\n<meta property=\"og:description\" content=\"Para facilitar o atendimento ao p\u00fablico em geral, criamos duas p\u00e1ginas com as d\u00favidas mais frequentes e suas devidas respostas. ... leia mais\" \/>\n<meta property=\"og:url\" content=\"https:\/\/institucional.ufrrj.br\/eext\/faq-alunos\/\" \/>\n<meta property=\"og:site_name\" content=\"Escola de Extens\u00e3o\" \/>\n<meta property=\"article:modified_time\" content=\"2023-09-13T13:18:39+00:00\" \/>\n<meta name=\"twitter:card\" content=\"summary_large_image\" \/>\n<meta name=\"twitter:label1\" content=\"Est. tempo de leitura\" \/>\n\t<meta name=\"twitter:data1\" content=\"7 minutos\" \/>\n<script type=\"application\/ld+json\" class=\"yoast-schema-graph\">{\"@context\":\"https:\/\/schema.org\",\"@graph\":[{\"@type\":\"WebPage\",\"@id\":\"https:\/\/institucional.ufrrj.br\/eext\/faq-alunos\/\",\"url\":\"https:\/\/institucional.ufrrj.br\/eext\/faq-alunos\/\",\"name\":\"Perguntas e Respostas - Escola de Extens\u00e3o\",\"isPartOf\":{\"@id\":\"https:\/\/institucional.ufrrj.br\/eext\/#website\"},\"datePublished\":\"2020-09-25T15:16:09+00:00\",\"dateModified\":\"2023-09-13T13:18:39+00:00\",\"breadcrumb\":{\"@id\":\"https:\/\/institucional.ufrrj.br\/eext\/faq-alunos\/#breadcrumb\"},\"inLanguage\":\"pt-BR\",\"potentialAction\":[{\"@type\":\"ReadAction\",\"target\":[\"https:\/\/institucional.ufrrj.br\/eext\/faq-alunos\/\"]}]},{\"@type\":\"BreadcrumbList\",\"@id\":\"https:\/\/institucional.ufrrj.br\/eext\/faq-alunos\/#breadcrumb\",\"itemListElement\":[{\"@type\":\"ListItem\",\"position\":1,\"name\":\"In\u00edcio\",\"item\":\"https:\/\/institucional.ufrrj.br\/eext\/\"},{\"@type\":\"ListItem\",\"position\":2,\"name\":\"Perguntas e Respostas\"}]},{\"@type\":\"WebSite\",\"@id\":\"https:\/\/institucional.ufrrj.br\/eext\/#website\",\"url\":\"https:\/\/institucional.ufrrj.br\/eext\/\",\"name\":\"Escola de Extens\u00e3o\",\"description\":\"S\u00f3 mais um site institucional.ufrrj.br\",\"potentialAction\":[{\"@type\":\"SearchAction\",\"target\":{\"@type\":\"EntryPoint\",\"urlTemplate\":\"https:\/\/institucional.ufrrj.br\/eext\/?s={search_term_string}\"},\"query-input\":{\"@type\":\"PropertyValueSpecification\",\"valueRequired\":true,\"valueName\":\"search_term_string\"}}],\"inLanguage\":\"pt-BR\"}]}<\/script>\n<!-- \/ Yoast SEO plugin. -->","yoast_head_json":{"title":"Perguntas e Respostas - Escola de Extens\u00e3o","robots":{"index":"index","follow":"follow","max-snippet":"max-snippet:-1","max-image-preview":"max-image-preview:large","max-video-preview":"max-video-preview:-1"},"canonical":"https:\/\/institucional.ufrrj.br\/eext\/faq-alunos\/","og_locale":"pt_BR","og_type":"article","og_title":"Perguntas e Respostas - Escola de Extens\u00e3o","og_description":"Para facilitar o atendimento ao p\u00fablico em geral, criamos duas p\u00e1ginas com as d\u00favidas mais frequentes e suas devidas respostas. ... leia mais","og_url":"https:\/\/institucional.ufrrj.br\/eext\/faq-alunos\/","og_site_name":"Escola de Extens\u00e3o","article_modified_time":"2023-09-13T13:18:39+00:00","twitter_card":"summary_large_image","twitter_misc":{"Est. tempo de leitura":"7 minutos"},"schema":{"@context":"https:\/\/schema.org","@graph":[{"@type":"WebPage","@id":"https:\/\/institucional.ufrrj.br\/eext\/faq-alunos\/","url":"https:\/\/institucional.ufrrj.br\/eext\/faq-alunos\/","name":"Perguntas e Respostas - Escola de Extens\u00e3o","isPartOf":{"@id":"https:\/\/institucional.ufrrj.br\/eext\/#website"},"datePublished":"2020-09-25T15:16:09+00:00","dateModified":"2023-09-13T13:18:39+00:00","breadcrumb":{"@id":"https:\/\/institucional.ufrrj.br\/eext\/faq-alunos\/#breadcrumb"},"inLanguage":"pt-BR","potentialAction":[{"@type":"ReadAction","target":["https:\/\/institucional.ufrrj.br\/eext\/faq-alunos\/"]}]},{"@type":"BreadcrumbList","@id":"https:\/\/institucional.ufrrj.br\/eext\/faq-alunos\/#breadcrumb","itemListElement":[{"@type":"ListItem","position":1,"name":"In\u00edcio","item":"https:\/\/institucional.ufrrj.br\/eext\/"},{"@type":"ListItem","position":2,"name":"Perguntas e Respostas"}]},{"@type":"WebSite","@id":"https:\/\/institucional.ufrrj.br\/eext\/#website","url":"https:\/\/institucional.ufrrj.br\/eext\/","name":"Escola de Extens\u00e3o","description":"S\u00f3 mais um site institucional.ufrrj.br","potentialAction":[{"@type":"SearchAction","target":{"@type":"EntryPoint","urlTemplate":"https:\/\/institucional.ufrrj.br\/eext\/?s={search_term_string}"},"query-input":{"@type":"PropertyValueSpecification","valueRequired":true,"valueName":"search_term_string"}}],"inLanguage":"pt-BR"}]}},"acf":[],"_links":{"self":[{"href":"https:\/\/institucional.ufrrj.br\/eext\/wp-json\/wp\/v2\/pages\/1738","targetHints":{"allow":["GET"]}}],"collection":[{"href":"https:\/\/institucional.ufrrj.br\/eext\/wp-json\/wp\/v2\/pages"}],"about":[{"href":"https:\/\/institucional.ufrrj.br\/eext\/wp-json\/wp\/v2\/types\/page"}],"author":[{"embeddable":true,"href":"https:\/\/institucional.ufrrj.br\/eext\/wp-json\/wp\/v2\/users\/772"}],"replies":[{"embeddable":true,"href":"https:\/\/institucional.ufrrj.br\/eext\/wp-json\/wp\/v2\/comments?post=1738"}],"version-history":[{"count":32,"href":"https:\/\/institucional.ufrrj.br\/eext\/wp-json\/wp\/v2\/pages\/1738\/revisions"}],"predecessor-version":[{"id":5440,"href":"https:\/\/institucional.ufrrj.br\/eext\/wp-json\/wp\/v2\/pages\/1738\/revisions\/5440"}],"wp:attachment":[{"href":"https:\/\/institucional.ufrrj.br\/eext\/wp-json\/wp\/v2\/media?parent=1738"}],"curies":[{"name":"wp","href":"https:\/\/api.w.org\/{rel}","templated":true}]}}