{"id":21105,"date":"2020-10-08T11:29:37","date_gmt":"2020-10-08T14:29:37","guid":{"rendered":"http:\/\/institucional.ufrrj.br\/dmsa\/?page_id=21105"},"modified":"2023-02-15T14:56:59","modified_gmt":"2023-02-15T17:56:59","slug":"inexigibilidade-finalizadas","status":"publish","type":"page","link":"https:\/\/institucional.ufrrj.br\/dmsa\/inexigibilidade\/inexigibilidade-finalizadas\/","title":{"rendered":"Inexigibilidade finalizadas"},"content":{"rendered":"<h3><span style=\"color: #3a5e0a\">Rela\u00e7\u00e3o de processos de Inexigibilidade realizados nos anos de 2017 a 2022<\/span><\/h3>\n<h4 style=\"text-align: left\">A UFRRJ por meio da Portaria n\u00b0 1.204\/2020, de 30 de mar\u00e7o de 2020 &#8211; GABREI regulamentou a tramita\u00e7\u00e3o de processos administrativos eletr\u00f4nicos, estabelecendo par\u00e2metros para seu funcionamento. De acordo com o documento, todos os processos administrativos cadastrados no Sistema Integrado de Gest\u00e3o (SIG), depois de 18 de mar\u00e7o de 2020, v\u00e3o circular exclusivamente na forma eletr\u00f4nica (com exce\u00e7\u00f5es previstas no Decreto n\u00ba 8.539\/2015).<\/h4>\n<h4 style=\"text-align: left\">A portaria estabeleceu que ser\u00e3o eletr\u00f4nicas as etapas de \u201cabertura, cria\u00e7\u00e3o e movimenta\u00e7\u00e3o de documentos e processos administrativos\u201d, al\u00e9m de \u201cdespachos, pareceres, decis\u00f5es e demais dilig\u00eancias, por meio de campo edit\u00e1vel no SIG\u201d.<\/h4>\n<h4>Os processos que s\u00e3o eletr\u00f4nicos ou h\u00edbridos podem ser consultados por meio do Portal do SIPAC. Confira o passo a passo atrav\u00e9s desse link: <img loading=\"lazy\" decoding=\"async\" class=\"alignnone wp-image-10411 size-full\" src=\"https:\/\/institucional.ufrrj.br\/dmsa\/files\/2015\/10\/link.png\" alt=\"\" width=\"16\" height=\"16\" \/>\u00a0 <a href=\"https:\/\/institucional.ufrrj.br\/ajudasig\/2021\/03\/03\/consultando-processos-atraves-do-portal-publico-do-sipac\/\" target=\"_blank\" rel=\"noopener noreferrer\">Manual processo eletr\u00f4nico.<\/a><\/h4>\n<p>&nbsp;<\/p>\n<p><span style=\"color: #333333\"><a style=\"color: #333333\" href=\"https:\/\/institucional.ufrrj.br\/dmsa\/files\/2023\/02\/Inexigibilidade-2017.pdf\">Inexigibilidades 2017<\/a><\/span><\/p>\n<p>&nbsp;<\/p>\n<p><span style=\"color: #333333\"><a style=\"color: #333333\" href=\"https:\/\/institucional.ufrrj.br\/dmsa\/files\/2023\/02\/Inexigibilidade-2018.pdf\">Inexigibilidades 2018<\/a><\/span><\/p>\n<p>&nbsp;<\/p>\n<p><span style=\"color: #333333\"><a style=\"color: #333333\" href=\"https:\/\/institucional.ufrrj.br\/dmsa\/files\/2023\/02\/Inexigibilidade-2019.pdf\">Inexigibilidades 2019<\/a><\/span><\/p>\n<p>&nbsp;<\/p>\n<p><span style=\"color: #333333\"><a style=\"color: #333333\" href=\"https:\/\/institucional.ufrrj.br\/dmsa\/files\/2023\/02\/Inexigibilidade-2020.pdf\">Inexigibilidades 2020<\/a><\/span><\/p>\n<p>&nbsp;<\/p>\n<p><span style=\"color: #333333\"><a style=\"color: #333333\" href=\"https:\/\/institucional.ufrrj.br\/dmsa\/files\/2023\/02\/Inexigibilidade-2021.pdf\">Inexigibilidades 2021<\/a><\/span><\/p>\n<p>&nbsp;<\/p>\n<p><span style=\"color: #333333\"><a style=\"color: #333333\" href=\"https:\/\/institucional.ufrrj.br\/dmsa\/files\/2023\/02\/Inexigibilidade-2022.pdf\">Inexigibilidades 2022<\/a><\/span><\/p>\n","protected":false},"excerpt":{"rendered":"<p>Rela\u00e7\u00e3o de processos de Inexigibilidade realizados nos anos de 2017 a 2022 A UFRRJ por meio da Portaria n\u00b0 1.204\/2020, de 30 de mar\u00e7o de 2020 &#8211; GABREI regulamentou a tramita\u00e7\u00e3o de processos administrativos eletr\u00f4nicos, estabelecendo par\u00e2metros para seu funcionamento. De acordo com o documento, todos os processos administrativos cadastrados no Sistema Integrado de Gest\u00e3o [&hellip;]<\/p>\n","protected":false},"author":634,"featured_media":0,"parent":16670,"menu_order":0,"comment_status":"closed","ping_status":"closed","template":"","meta":{"footnotes":""},"class_list":["post-21105","page","type-page","status-publish","hentry"],"yoast_head":"<!-- This site is optimized with the Yoast SEO plugin v27.2 - https:\/\/yoast.com\/product\/yoast-seo-wordpress\/ -->\n<title>Inexigibilidade finalizadas - dmsa<\/title>\n<meta name=\"robots\" content=\"index, follow, max-snippet:-1, max-image-preview:large, max-video-preview:-1\" \/>\n<link rel=\"canonical\" href=\"https:\/\/institucional.ufrrj.br\/dmsa\/inexigibilidade\/inexigibilidade-finalizadas\/\" \/>\n<meta property=\"og:locale\" content=\"pt_BR\" \/>\n<meta property=\"og:type\" content=\"article\" \/>\n<meta property=\"og:title\" content=\"Inexigibilidade finalizadas - dmsa\" \/>\n<meta property=\"og:description\" content=\"Rela\u00e7\u00e3o de processos de Inexigibilidade realizados nos anos de 2017 a 2022 A UFRRJ por meio da Portaria n\u00b0 1.204\/2020, de 30 de mar\u00e7o de 2020 &#8211; GABREI regulamentou a tramita\u00e7\u00e3o de processos administrativos eletr\u00f4nicos, estabelecendo par\u00e2metros para seu funcionamento. De acordo com o documento, todos os processos administrativos cadastrados no Sistema Integrado de Gest\u00e3o [&hellip;]\" \/>\n<meta property=\"og:url\" content=\"https:\/\/institucional.ufrrj.br\/dmsa\/inexigibilidade\/inexigibilidade-finalizadas\/\" \/>\n<meta property=\"og:site_name\" content=\"dmsa\" \/>\n<meta property=\"article:modified_time\" content=\"2023-02-15T17:56:59+00:00\" \/>\n<meta property=\"og:image\" content=\"http:\/\/institucional.ufrrj.br\/dmsa\/files\/2015\/10\/link.png\" \/>\n<meta name=\"twitter:card\" content=\"summary_large_image\" \/>\n<meta name=\"twitter:label1\" content=\"Est. tempo de leitura\" \/>\n\t<meta name=\"twitter:data1\" content=\"1 minuto\" \/>\n<script type=\"application\/ld+json\" class=\"yoast-schema-graph\">{\"@context\":\"https:\/\/schema.org\",\"@graph\":[{\"@type\":\"WebPage\",\"@id\":\"https:\/\/institucional.ufrrj.br\/dmsa\/inexigibilidade\/inexigibilidade-finalizadas\/\",\"url\":\"https:\/\/institucional.ufrrj.br\/dmsa\/inexigibilidade\/inexigibilidade-finalizadas\/\",\"name\":\"Inexigibilidade finalizadas - dmsa\",\"isPartOf\":{\"@id\":\"https:\/\/institucional.ufrrj.br\/dmsa\/#website\"},\"primaryImageOfPage\":{\"@id\":\"https:\/\/institucional.ufrrj.br\/dmsa\/inexigibilidade\/inexigibilidade-finalizadas\/#primaryimage\"},\"image\":{\"@id\":\"https:\/\/institucional.ufrrj.br\/dmsa\/inexigibilidade\/inexigibilidade-finalizadas\/#primaryimage\"},\"thumbnailUrl\":\"http:\/\/institucional.ufrrj.br\/dmsa\/files\/2015\/10\/link.png\",\"datePublished\":\"2020-10-08T14:29:37+00:00\",\"dateModified\":\"2023-02-15T17:56:59+00:00\",\"breadcrumb\":{\"@id\":\"https:\/\/institucional.ufrrj.br\/dmsa\/inexigibilidade\/inexigibilidade-finalizadas\/#breadcrumb\"},\"inLanguage\":\"pt-BR\",\"potentialAction\":[{\"@type\":\"ReadAction\",\"target\":[\"https:\/\/institucional.ufrrj.br\/dmsa\/inexigibilidade\/inexigibilidade-finalizadas\/\"]}]},{\"@type\":\"ImageObject\",\"inLanguage\":\"pt-BR\",\"@id\":\"https:\/\/institucional.ufrrj.br\/dmsa\/inexigibilidade\/inexigibilidade-finalizadas\/#primaryimage\",\"url\":\"http:\/\/institucional.ufrrj.br\/dmsa\/files\/2015\/10\/link.png\",\"contentUrl\":\"http:\/\/institucional.ufrrj.br\/dmsa\/files\/2015\/10\/link.png\"},{\"@type\":\"BreadcrumbList\",\"@id\":\"https:\/\/institucional.ufrrj.br\/dmsa\/inexigibilidade\/inexigibilidade-finalizadas\/#breadcrumb\",\"itemListElement\":[{\"@type\":\"ListItem\",\"position\":1,\"name\":\"In\u00edcio\",\"item\":\"https:\/\/institucional.ufrrj.br\/dmsa\/\"},{\"@type\":\"ListItem\",\"position\":2,\"name\":\"Inexigibilidade\",\"item\":\"https:\/\/institucional.ufrrj.br\/dmsa\/inexigibilidade\/\"},{\"@type\":\"ListItem\",\"position\":3,\"name\":\"Inexigibilidade finalizadas\"}]},{\"@type\":\"WebSite\",\"@id\":\"https:\/\/institucional.ufrrj.br\/dmsa\/#website\",\"url\":\"https:\/\/institucional.ufrrj.br\/dmsa\/\",\"name\":\"dmsa\",\"description\":\" Site institucional.ufrrj.br\",\"potentialAction\":[{\"@type\":\"SearchAction\",\"target\":{\"@type\":\"EntryPoint\",\"urlTemplate\":\"https:\/\/institucional.ufrrj.br\/dmsa\/?s={search_term_string}\"},\"query-input\":{\"@type\":\"PropertyValueSpecification\",\"valueRequired\":true,\"valueName\":\"search_term_string\"}}],\"inLanguage\":\"pt-BR\"}]}<\/script>\n<!-- \/ Yoast SEO plugin. -->","yoast_head_json":{"title":"Inexigibilidade finalizadas - dmsa","robots":{"index":"index","follow":"follow","max-snippet":"max-snippet:-1","max-image-preview":"max-image-preview:large","max-video-preview":"max-video-preview:-1"},"canonical":"https:\/\/institucional.ufrrj.br\/dmsa\/inexigibilidade\/inexigibilidade-finalizadas\/","og_locale":"pt_BR","og_type":"article","og_title":"Inexigibilidade finalizadas - dmsa","og_description":"Rela\u00e7\u00e3o de processos de Inexigibilidade realizados nos anos de 2017 a 2022 A UFRRJ por meio da Portaria n\u00b0 1.204\/2020, de 30 de mar\u00e7o de 2020 &#8211; GABREI regulamentou a tramita\u00e7\u00e3o de processos administrativos eletr\u00f4nicos, estabelecendo par\u00e2metros para seu funcionamento. De acordo com o documento, todos os processos administrativos cadastrados no Sistema Integrado de Gest\u00e3o [&hellip;]","og_url":"https:\/\/institucional.ufrrj.br\/dmsa\/inexigibilidade\/inexigibilidade-finalizadas\/","og_site_name":"dmsa","article_modified_time":"2023-02-15T17:56:59+00:00","og_image":[{"url":"http:\/\/institucional.ufrrj.br\/dmsa\/files\/2015\/10\/link.png","type":"","width":"","height":""}],"twitter_card":"summary_large_image","twitter_misc":{"Est. tempo de leitura":"1 minuto"},"schema":{"@context":"https:\/\/schema.org","@graph":[{"@type":"WebPage","@id":"https:\/\/institucional.ufrrj.br\/dmsa\/inexigibilidade\/inexigibilidade-finalizadas\/","url":"https:\/\/institucional.ufrrj.br\/dmsa\/inexigibilidade\/inexigibilidade-finalizadas\/","name":"Inexigibilidade finalizadas - dmsa","isPartOf":{"@id":"https:\/\/institucional.ufrrj.br\/dmsa\/#website"},"primaryImageOfPage":{"@id":"https:\/\/institucional.ufrrj.br\/dmsa\/inexigibilidade\/inexigibilidade-finalizadas\/#primaryimage"},"image":{"@id":"https:\/\/institucional.ufrrj.br\/dmsa\/inexigibilidade\/inexigibilidade-finalizadas\/#primaryimage"},"thumbnailUrl":"http:\/\/institucional.ufrrj.br\/dmsa\/files\/2015\/10\/link.png","datePublished":"2020-10-08T14:29:37+00:00","dateModified":"2023-02-15T17:56:59+00:00","breadcrumb":{"@id":"https:\/\/institucional.ufrrj.br\/dmsa\/inexigibilidade\/inexigibilidade-finalizadas\/#breadcrumb"},"inLanguage":"pt-BR","potentialAction":[{"@type":"ReadAction","target":["https:\/\/institucional.ufrrj.br\/dmsa\/inexigibilidade\/inexigibilidade-finalizadas\/"]}]},{"@type":"ImageObject","inLanguage":"pt-BR","@id":"https:\/\/institucional.ufrrj.br\/dmsa\/inexigibilidade\/inexigibilidade-finalizadas\/#primaryimage","url":"http:\/\/institucional.ufrrj.br\/dmsa\/files\/2015\/10\/link.png","contentUrl":"http:\/\/institucional.ufrrj.br\/dmsa\/files\/2015\/10\/link.png"},{"@type":"BreadcrumbList","@id":"https:\/\/institucional.ufrrj.br\/dmsa\/inexigibilidade\/inexigibilidade-finalizadas\/#breadcrumb","itemListElement":[{"@type":"ListItem","position":1,"name":"In\u00edcio","item":"https:\/\/institucional.ufrrj.br\/dmsa\/"},{"@type":"ListItem","position":2,"name":"Inexigibilidade","item":"https:\/\/institucional.ufrrj.br\/dmsa\/inexigibilidade\/"},{"@type":"ListItem","position":3,"name":"Inexigibilidade finalizadas"}]},{"@type":"WebSite","@id":"https:\/\/institucional.ufrrj.br\/dmsa\/#website","url":"https:\/\/institucional.ufrrj.br\/dmsa\/","name":"dmsa","description":" Site institucional.ufrrj.br","potentialAction":[{"@type":"SearchAction","target":{"@type":"EntryPoint","urlTemplate":"https:\/\/institucional.ufrrj.br\/dmsa\/?s={search_term_string}"},"query-input":{"@type":"PropertyValueSpecification","valueRequired":true,"valueName":"search_term_string"}}],"inLanguage":"pt-BR"}]}},"_links":{"self":[{"href":"https:\/\/institucional.ufrrj.br\/dmsa\/wp-json\/wp\/v2\/pages\/21105","targetHints":{"allow":["GET"]}}],"collection":[{"href":"https:\/\/institucional.ufrrj.br\/dmsa\/wp-json\/wp\/v2\/pages"}],"about":[{"href":"https:\/\/institucional.ufrrj.br\/dmsa\/wp-json\/wp\/v2\/types\/page"}],"author":[{"embeddable":true,"href":"https:\/\/institucional.ufrrj.br\/dmsa\/wp-json\/wp\/v2\/users\/634"}],"replies":[{"embeddable":true,"href":"https:\/\/institucional.ufrrj.br\/dmsa\/wp-json\/wp\/v2\/comments?post=21105"}],"version-history":[{"count":7,"href":"https:\/\/institucional.ufrrj.br\/dmsa\/wp-json\/wp\/v2\/pages\/21105\/revisions"}],"predecessor-version":[{"id":24038,"href":"https:\/\/institucional.ufrrj.br\/dmsa\/wp-json\/wp\/v2\/pages\/21105\/revisions\/24038"}],"up":[{"embeddable":true,"href":"https:\/\/institucional.ufrrj.br\/dmsa\/wp-json\/wp\/v2\/pages\/16670"}],"wp:attachment":[{"href":"https:\/\/institucional.ufrrj.br\/dmsa\/wp-json\/wp\/v2\/media?parent=21105"}],"curies":[{"name":"wp","href":"https:\/\/api.w.org\/{rel}","templated":true}]}}