{"id":20849,"date":"2020-07-29T15:47:23","date_gmt":"2020-07-29T18:47:23","guid":{"rendered":"http:\/\/institucional.ufrrj.br\/dmsa\/?page_id=20849"},"modified":"2021-11-17T15:14:20","modified_gmt":"2021-11-17T18:14:20","slug":"rdc-resultado","status":"publish","type":"page","link":"https:\/\/institucional.ufrrj.br\/dmsa\/rdc-resultado\/","title":{"rendered":"RDC Resultado"},"content":{"rendered":"<div class=\"message-body-wrapper\">\n<div dir=\"auto\" style=\"text-align: left\" data-unread-text=\"Mensagens n\u00e3o lidas\"><strong>Resultado RDC 02\/2021<\/strong><\/div>\n<\/div>\n<div dir=\"auto\" data-unread-text=\"Mensagens n\u00e3o lidas\"><\/div>\n<div dir=\"auto\" data-unread-text=\"Mensagens n\u00e3o lidas\">A Universidade Federal Rural do Rio de Janeiro torna p\u00fablico o resultado do julgamento do RDC n\u00ba 02\/2021. Objeto: Contrata\u00e7\u00e3o de empresa especializada em obras e servi\u00e7os do ramo de engenharia\/arquitetura, por meio do Regime Diferenciado de Contrata\u00e7\u00f5es P\u00fablicas (RDC), para a conclus\u00e3o da execu\u00e7\u00e3o da segunda etapa da reforma, amplia\u00e7\u00e3o e reestrutura\u00e7\u00e3o do restaurante universit\u00e1rio, no Campus de Serop\u00e9dica da UFRRJ, conforme especifica\u00e7\u00f5es do Edital e seus anexos. Sagrou-se vencedora a empresa STUDIO G CONSTRUTORA LTDA &#8211; CNPJ: 30.149.702\/0001-00. Valor Global Ata: R$ 1.807.093,06 (um milh\u00e3o, oitocentos e sete mil e noventa e tr\u00eas reais e seis centavos).<\/div>\n<div dir=\"auto\" data-unread-text=\"Mensagens n\u00e3o lidas\"><\/div>\n<div dir=\"auto\" style=\"text-align: left\" data-unread-text=\"Mensagens n\u00e3o lidas\">\n<div class=\"message-body-wrapper\">\n<div class=\"body color-primary-font-color\" dir=\"auto\" style=\"text-align: center\" data-unread-text=\"Mensagens n\u00e3o lidas\">Em 26 de outubro de 2021<br \/>\nANDERSON HENRIQUE DA SILVA<br \/>\nPresidente da comiss\u00e3o especial<\/div>\n<\/div>\n<\/div>\n<div class=\"message-body-wrapper\">\n<div class=\"body color-primary-font-color\" dir=\"auto\" style=\"text-align: center\" data-unread-text=\"Mensagens n\u00e3o lidas\"><\/div>\n<\/div>\n<p><strong>Resultado RDC 01\/2021<\/strong><\/p>\n<p>A Universidade Federal Rural do Rio de Janeiro torna p\u00fablico o resultado do julgamento do RDC n\u00ba 01\/2021. Objeto: Contrata\u00e7\u00e3o de pessoa jur\u00eddica para Adequa\u00e7\u00e3o dos cabos alimentadores dos blocos de Unidades habitacionais 01, 02 e 03 &#8211; Novo Pr\u00e9dio do Hotel Universit\u00e1rio campus Serop\u00e9dica &#8211; UFRRJ, conforme especifica\u00e7\u00f5es do Edital e seus anexos. Sagrou-se vencedora a empresa ARTENG CONTRU\u00c7\u00d5ES E INSTALA\u00c7\u00d5ES LTDA. &#8211; ME \u2013 CNPJ: 22.064.269\/0001-74. Valor Global da Ata: R$ 416.246,25.<\/p>\n<p style=\"text-align: center\">Luiz Carlos Leoc\u00e1dio<\/p>\n<p style=\"text-align: center\">Presidente da comiss\u00e3o especial \u2013 RDC 01\/2021<\/p>\n<p style=\"text-align: center\">27\/07\/2021<\/p>\n<div class=\"body color-primary-font-color\" dir=\"auto\" style=\"text-align: center\" data-unread-text=\"Mensagens n\u00e3o lidas\"><\/div>\n<p><strong>Resultado RDC 03\/2020<\/strong><\/p>\n<p style=\"text-align: left\">A Universidade Federal Rural do Rio de Janeiro torna p\u00fablico o resultado do julgamento do RDC n\u00ba 03\/2020. Objeto: Contrata\u00e7\u00e3o de empresa especializada em constru\u00e7\u00e3o civil, por meio do Regime Diferenciado de Contrata\u00e7\u00f5es P\u00fablicas (RDC), para a execu\u00e7\u00e3o de constru\u00e7\u00e3o de guarita do Instituto Multidisciplinar, no Campus Nova Igua\u00e7u da UFRRJ, com o fornecimento de materiais e m\u00e3o de obra, (empreitada por pre\u00e7o Global), conforme especifica\u00e7\u00f5es do Edital e seus anexos. Sagrou-se vencedora a empresa RENOVA CONSTRUCAO E REFORMA LTDA &#8211; CNPJ: 32.903.596\/0001-26. Valor Global da Ata: R$354.071,96.<\/p>\n<p style=\"text-align: center\">Rio de Janeiro, 23 de Dezembro de 2020.<br \/>\nANDERSON HENRIQUE DA SILVA<br \/>\nPresidente da comiss\u00e3o especial &#8211; RDC 03\/2020<\/p>\n<p>&nbsp;<\/p>\n","protected":false},"excerpt":{"rendered":"<p>Resultado RDC 02\/2021 A Universidade Federal Rural do Rio de Janeiro torna p\u00fablico o resultado do julgamento do RDC n\u00ba 02\/2021. Objeto: Contrata\u00e7\u00e3o de empresa especializada em obras e servi\u00e7os do ramo de engenharia\/arquitetura, por meio do Regime Diferenciado de Contrata\u00e7\u00f5es P\u00fablicas (RDC), para a conclus\u00e3o da execu\u00e7\u00e3o da segunda etapa da reforma, amplia\u00e7\u00e3o e [&hellip;]<\/p>\n","protected":false},"author":728,"featured_media":0,"parent":0,"menu_order":0,"comment_status":"closed","ping_status":"closed","template":"","meta":{"footnotes":""},"class_list":["post-20849","page","type-page","status-publish","hentry"],"yoast_head":"<!-- This site is optimized with the Yoast SEO plugin v27.2 - https:\/\/yoast.com\/product\/yoast-seo-wordpress\/ -->\n<title>RDC Resultado - dmsa<\/title>\n<meta name=\"robots\" content=\"index, follow, max-snippet:-1, max-image-preview:large, max-video-preview:-1\" \/>\n<link rel=\"canonical\" href=\"https:\/\/institucional.ufrrj.br\/dmsa\/rdc-resultado\/\" \/>\n<meta property=\"og:locale\" content=\"pt_BR\" \/>\n<meta property=\"og:type\" content=\"article\" \/>\n<meta property=\"og:title\" content=\"RDC Resultado - dmsa\" \/>\n<meta property=\"og:description\" content=\"Resultado RDC 02\/2021 A Universidade Federal Rural do Rio de Janeiro torna p\u00fablico o resultado do julgamento do RDC n\u00ba 02\/2021. Objeto: Contrata\u00e7\u00e3o de empresa especializada em obras e servi\u00e7os do ramo de engenharia\/arquitetura, por meio do Regime Diferenciado de Contrata\u00e7\u00f5es P\u00fablicas (RDC), para a conclus\u00e3o da execu\u00e7\u00e3o da segunda etapa da reforma, amplia\u00e7\u00e3o e [&hellip;]\" \/>\n<meta property=\"og:url\" content=\"https:\/\/institucional.ufrrj.br\/dmsa\/rdc-resultado\/\" \/>\n<meta property=\"og:site_name\" content=\"dmsa\" \/>\n<meta property=\"article:modified_time\" content=\"2021-11-17T18:14:20+00:00\" \/>\n<meta name=\"twitter:card\" content=\"summary_large_image\" \/>\n<meta name=\"twitter:label1\" content=\"Est. tempo de leitura\" \/>\n\t<meta name=\"twitter:data1\" content=\"2 minutos\" \/>\n<script type=\"application\/ld+json\" class=\"yoast-schema-graph\">{\"@context\":\"https:\/\/schema.org\",\"@graph\":[{\"@type\":\"WebPage\",\"@id\":\"https:\/\/institucional.ufrrj.br\/dmsa\/rdc-resultado\/\",\"url\":\"https:\/\/institucional.ufrrj.br\/dmsa\/rdc-resultado\/\",\"name\":\"RDC Resultado - dmsa\",\"isPartOf\":{\"@id\":\"https:\/\/institucional.ufrrj.br\/dmsa\/#website\"},\"datePublished\":\"2020-07-29T18:47:23+00:00\",\"dateModified\":\"2021-11-17T18:14:20+00:00\",\"breadcrumb\":{\"@id\":\"https:\/\/institucional.ufrrj.br\/dmsa\/rdc-resultado\/#breadcrumb\"},\"inLanguage\":\"pt-BR\",\"potentialAction\":[{\"@type\":\"ReadAction\",\"target\":[\"https:\/\/institucional.ufrrj.br\/dmsa\/rdc-resultado\/\"]}]},{\"@type\":\"BreadcrumbList\",\"@id\":\"https:\/\/institucional.ufrrj.br\/dmsa\/rdc-resultado\/#breadcrumb\",\"itemListElement\":[{\"@type\":\"ListItem\",\"position\":1,\"name\":\"In\u00edcio\",\"item\":\"https:\/\/institucional.ufrrj.br\/dmsa\/\"},{\"@type\":\"ListItem\",\"position\":2,\"name\":\"RDC Resultado\"}]},{\"@type\":\"WebSite\",\"@id\":\"https:\/\/institucional.ufrrj.br\/dmsa\/#website\",\"url\":\"https:\/\/institucional.ufrrj.br\/dmsa\/\",\"name\":\"dmsa\",\"description\":\" Site institucional.ufrrj.br\",\"potentialAction\":[{\"@type\":\"SearchAction\",\"target\":{\"@type\":\"EntryPoint\",\"urlTemplate\":\"https:\/\/institucional.ufrrj.br\/dmsa\/?s={search_term_string}\"},\"query-input\":{\"@type\":\"PropertyValueSpecification\",\"valueRequired\":true,\"valueName\":\"search_term_string\"}}],\"inLanguage\":\"pt-BR\"}]}<\/script>\n<!-- \/ Yoast SEO plugin. -->","yoast_head_json":{"title":"RDC Resultado - dmsa","robots":{"index":"index","follow":"follow","max-snippet":"max-snippet:-1","max-image-preview":"max-image-preview:large","max-video-preview":"max-video-preview:-1"},"canonical":"https:\/\/institucional.ufrrj.br\/dmsa\/rdc-resultado\/","og_locale":"pt_BR","og_type":"article","og_title":"RDC Resultado - dmsa","og_description":"Resultado RDC 02\/2021 A Universidade Federal Rural do Rio de Janeiro torna p\u00fablico o resultado do julgamento do RDC n\u00ba 02\/2021. Objeto: Contrata\u00e7\u00e3o de empresa especializada em obras e servi\u00e7os do ramo de engenharia\/arquitetura, por meio do Regime Diferenciado de Contrata\u00e7\u00f5es P\u00fablicas (RDC), para a conclus\u00e3o da execu\u00e7\u00e3o da segunda etapa da reforma, amplia\u00e7\u00e3o e [&hellip;]","og_url":"https:\/\/institucional.ufrrj.br\/dmsa\/rdc-resultado\/","og_site_name":"dmsa","article_modified_time":"2021-11-17T18:14:20+00:00","twitter_card":"summary_large_image","twitter_misc":{"Est. tempo de leitura":"2 minutos"},"schema":{"@context":"https:\/\/schema.org","@graph":[{"@type":"WebPage","@id":"https:\/\/institucional.ufrrj.br\/dmsa\/rdc-resultado\/","url":"https:\/\/institucional.ufrrj.br\/dmsa\/rdc-resultado\/","name":"RDC Resultado - dmsa","isPartOf":{"@id":"https:\/\/institucional.ufrrj.br\/dmsa\/#website"},"datePublished":"2020-07-29T18:47:23+00:00","dateModified":"2021-11-17T18:14:20+00:00","breadcrumb":{"@id":"https:\/\/institucional.ufrrj.br\/dmsa\/rdc-resultado\/#breadcrumb"},"inLanguage":"pt-BR","potentialAction":[{"@type":"ReadAction","target":["https:\/\/institucional.ufrrj.br\/dmsa\/rdc-resultado\/"]}]},{"@type":"BreadcrumbList","@id":"https:\/\/institucional.ufrrj.br\/dmsa\/rdc-resultado\/#breadcrumb","itemListElement":[{"@type":"ListItem","position":1,"name":"In\u00edcio","item":"https:\/\/institucional.ufrrj.br\/dmsa\/"},{"@type":"ListItem","position":2,"name":"RDC Resultado"}]},{"@type":"WebSite","@id":"https:\/\/institucional.ufrrj.br\/dmsa\/#website","url":"https:\/\/institucional.ufrrj.br\/dmsa\/","name":"dmsa","description":" Site institucional.ufrrj.br","potentialAction":[{"@type":"SearchAction","target":{"@type":"EntryPoint","urlTemplate":"https:\/\/institucional.ufrrj.br\/dmsa\/?s={search_term_string}"},"query-input":{"@type":"PropertyValueSpecification","valueRequired":true,"valueName":"search_term_string"}}],"inLanguage":"pt-BR"}]}},"_links":{"self":[{"href":"https:\/\/institucional.ufrrj.br\/dmsa\/wp-json\/wp\/v2\/pages\/20849","targetHints":{"allow":["GET"]}}],"collection":[{"href":"https:\/\/institucional.ufrrj.br\/dmsa\/wp-json\/wp\/v2\/pages"}],"about":[{"href":"https:\/\/institucional.ufrrj.br\/dmsa\/wp-json\/wp\/v2\/types\/page"}],"author":[{"embeddable":true,"href":"https:\/\/institucional.ufrrj.br\/dmsa\/wp-json\/wp\/v2\/users\/728"}],"replies":[{"embeddable":true,"href":"https:\/\/institucional.ufrrj.br\/dmsa\/wp-json\/wp\/v2\/comments?post=20849"}],"version-history":[{"count":13,"href":"https:\/\/institucional.ufrrj.br\/dmsa\/wp-json\/wp\/v2\/pages\/20849\/revisions"}],"predecessor-version":[{"id":22621,"href":"https:\/\/institucional.ufrrj.br\/dmsa\/wp-json\/wp\/v2\/pages\/20849\/revisions\/22621"}],"wp:attachment":[{"href":"https:\/\/institucional.ufrrj.br\/dmsa\/wp-json\/wp\/v2\/media?parent=20849"}],"curies":[{"name":"wp","href":"https:\/\/api.w.org\/{rel}","templated":true}]}}