{"id":13009,"date":"2016-08-10T13:19:27","date_gmt":"2016-08-10T13:19:27","guid":{"rendered":"http:\/\/institucional.ufrrj.br\/dmsa\/?page_id=13009"},"modified":"2018-10-17T15:09:05","modified_gmt":"2018-10-17T18:09:05","slug":"servico","status":"publish","type":"page","link":"https:\/\/institucional.ufrrj.br\/dmsa\/catalogos\/servico\/","title":{"rendered":"Servi\u00e7o"},"content":{"rendered":"<p><a href=\"https:\/\/institucional.ufrrj.br\/dmsa\/files\/2018\/09\/Cronograma-consumo-2020.pdf\" target=\"_blank\" rel=\"noopener\">\u00a0CONTROLE DE PRAGAS E VETORES URBANOS<\/a><a href=\"https:\/\/institucional.ufrrj.br\/dmsa\/files\/2018\/10\/Cat\u00e1logo-SERV-DEDETIZA\u00c7\u00c3O.pdf\" target=\"_blank\" rel=\"noopener\"><img loading=\"lazy\" decoding=\"async\" class=\"alignnone wp-image-64\" src=\"http:\/\/r1.ufrrj.br\/wp\/licitacoes\/files\/2011\/01\/icon_pdf.gif\" alt=\"\" width=\"21\" height=\"21\" border=\"0\" \/><\/a><\/p>\n","protected":false},"excerpt":{"rendered":"<p>\u00a0CONTROLE DE PRAGAS E VETORES URBANOS<\/p>\n","protected":false},"author":634,"featured_media":0,"parent":13003,"menu_order":0,"comment_status":"closed","ping_status":"closed","template":"","meta":{"footnotes":""},"class_list":["post-13009","page","type-page","status-publish","hentry"],"yoast_head":"<!-- This site is optimized with the Yoast SEO plugin v27.2 - https:\/\/yoast.com\/product\/yoast-seo-wordpress\/ -->\n<title>Servi\u00e7o - dmsa<\/title>\n<meta name=\"robots\" content=\"index, follow, max-snippet:-1, max-image-preview:large, max-video-preview:-1\" \/>\n<link rel=\"canonical\" href=\"https:\/\/institucional.ufrrj.br\/dmsa\/catalogos\/servico\/\" \/>\n<meta property=\"og:locale\" content=\"pt_BR\" \/>\n<meta property=\"og:type\" content=\"article\" \/>\n<meta property=\"og:title\" content=\"Servi\u00e7o - dmsa\" \/>\n<meta property=\"og:description\" content=\"\u00a0CONTROLE DE PRAGAS E VETORES URBANOS\" \/>\n<meta property=\"og:url\" content=\"https:\/\/institucional.ufrrj.br\/dmsa\/catalogos\/servico\/\" \/>\n<meta property=\"og:site_name\" content=\"dmsa\" \/>\n<meta property=\"article:modified_time\" content=\"2018-10-17T18:09:05+00:00\" \/>\n<meta name=\"twitter:card\" content=\"summary_large_image\" \/>\n<script type=\"application\/ld+json\" class=\"yoast-schema-graph\">{\"@context\":\"https:\/\/schema.org\",\"@graph\":[{\"@type\":\"WebPage\",\"@id\":\"https:\/\/institucional.ufrrj.br\/dmsa\/catalogos\/servico\/\",\"url\":\"https:\/\/institucional.ufrrj.br\/dmsa\/catalogos\/servico\/\",\"name\":\"Servi\u00e7o - dmsa\",\"isPartOf\":{\"@id\":\"https:\/\/institucional.ufrrj.br\/dmsa\/#website\"},\"primaryImageOfPage\":{\"@id\":\"https:\/\/institucional.ufrrj.br\/dmsa\/catalogos\/servico\/#primaryimage\"},\"image\":{\"@id\":\"https:\/\/institucional.ufrrj.br\/dmsa\/catalogos\/servico\/#primaryimage\"},\"thumbnailUrl\":\"http:\/\/r1.ufrrj.br\/wp\/licitacoes\/files\/2011\/01\/icon_pdf.gif\",\"datePublished\":\"2016-08-10T13:19:27+00:00\",\"dateModified\":\"2018-10-17T18:09:05+00:00\",\"breadcrumb\":{\"@id\":\"https:\/\/institucional.ufrrj.br\/dmsa\/catalogos\/servico\/#breadcrumb\"},\"inLanguage\":\"pt-BR\",\"potentialAction\":[{\"@type\":\"ReadAction\",\"target\":[\"https:\/\/institucional.ufrrj.br\/dmsa\/catalogos\/servico\/\"]}]},{\"@type\":\"ImageObject\",\"inLanguage\":\"pt-BR\",\"@id\":\"https:\/\/institucional.ufrrj.br\/dmsa\/catalogos\/servico\/#primaryimage\",\"url\":\"http:\/\/r1.ufrrj.br\/wp\/licitacoes\/files\/2011\/01\/icon_pdf.gif\",\"contentUrl\":\"http:\/\/r1.ufrrj.br\/wp\/licitacoes\/files\/2011\/01\/icon_pdf.gif\"},{\"@type\":\"BreadcrumbList\",\"@id\":\"https:\/\/institucional.ufrrj.br\/dmsa\/catalogos\/servico\/#breadcrumb\",\"itemListElement\":[{\"@type\":\"ListItem\",\"position\":1,\"name\":\"In\u00edcio\",\"item\":\"https:\/\/institucional.ufrrj.br\/dmsa\/\"},{\"@type\":\"ListItem\",\"position\":2,\"name\":\"Cat\u00e1logos\",\"item\":\"https:\/\/institucional.ufrrj.br\/dmsa\/catalogos\/\"},{\"@type\":\"ListItem\",\"position\":3,\"name\":\"Servi\u00e7o\"}]},{\"@type\":\"WebSite\",\"@id\":\"https:\/\/institucional.ufrrj.br\/dmsa\/#website\",\"url\":\"https:\/\/institucional.ufrrj.br\/dmsa\/\",\"name\":\"dmsa\",\"description\":\" Site institucional.ufrrj.br\",\"potentialAction\":[{\"@type\":\"SearchAction\",\"target\":{\"@type\":\"EntryPoint\",\"urlTemplate\":\"https:\/\/institucional.ufrrj.br\/dmsa\/?s={search_term_string}\"},\"query-input\":{\"@type\":\"PropertyValueSpecification\",\"valueRequired\":true,\"valueName\":\"search_term_string\"}}],\"inLanguage\":\"pt-BR\"}]}<\/script>\n<!-- \/ Yoast SEO plugin. -->","yoast_head_json":{"title":"Servi\u00e7o - dmsa","robots":{"index":"index","follow":"follow","max-snippet":"max-snippet:-1","max-image-preview":"max-image-preview:large","max-video-preview":"max-video-preview:-1"},"canonical":"https:\/\/institucional.ufrrj.br\/dmsa\/catalogos\/servico\/","og_locale":"pt_BR","og_type":"article","og_title":"Servi\u00e7o - dmsa","og_description":"\u00a0CONTROLE DE PRAGAS E VETORES URBANOS","og_url":"https:\/\/institucional.ufrrj.br\/dmsa\/catalogos\/servico\/","og_site_name":"dmsa","article_modified_time":"2018-10-17T18:09:05+00:00","twitter_card":"summary_large_image","schema":{"@context":"https:\/\/schema.org","@graph":[{"@type":"WebPage","@id":"https:\/\/institucional.ufrrj.br\/dmsa\/catalogos\/servico\/","url":"https:\/\/institucional.ufrrj.br\/dmsa\/catalogos\/servico\/","name":"Servi\u00e7o - dmsa","isPartOf":{"@id":"https:\/\/institucional.ufrrj.br\/dmsa\/#website"},"primaryImageOfPage":{"@id":"https:\/\/institucional.ufrrj.br\/dmsa\/catalogos\/servico\/#primaryimage"},"image":{"@id":"https:\/\/institucional.ufrrj.br\/dmsa\/catalogos\/servico\/#primaryimage"},"thumbnailUrl":"http:\/\/r1.ufrrj.br\/wp\/licitacoes\/files\/2011\/01\/icon_pdf.gif","datePublished":"2016-08-10T13:19:27+00:00","dateModified":"2018-10-17T18:09:05+00:00","breadcrumb":{"@id":"https:\/\/institucional.ufrrj.br\/dmsa\/catalogos\/servico\/#breadcrumb"},"inLanguage":"pt-BR","potentialAction":[{"@type":"ReadAction","target":["https:\/\/institucional.ufrrj.br\/dmsa\/catalogos\/servico\/"]}]},{"@type":"ImageObject","inLanguage":"pt-BR","@id":"https:\/\/institucional.ufrrj.br\/dmsa\/catalogos\/servico\/#primaryimage","url":"http:\/\/r1.ufrrj.br\/wp\/licitacoes\/files\/2011\/01\/icon_pdf.gif","contentUrl":"http:\/\/r1.ufrrj.br\/wp\/licitacoes\/files\/2011\/01\/icon_pdf.gif"},{"@type":"BreadcrumbList","@id":"https:\/\/institucional.ufrrj.br\/dmsa\/catalogos\/servico\/#breadcrumb","itemListElement":[{"@type":"ListItem","position":1,"name":"In\u00edcio","item":"https:\/\/institucional.ufrrj.br\/dmsa\/"},{"@type":"ListItem","position":2,"name":"Cat\u00e1logos","item":"https:\/\/institucional.ufrrj.br\/dmsa\/catalogos\/"},{"@type":"ListItem","position":3,"name":"Servi\u00e7o"}]},{"@type":"WebSite","@id":"https:\/\/institucional.ufrrj.br\/dmsa\/#website","url":"https:\/\/institucional.ufrrj.br\/dmsa\/","name":"dmsa","description":" Site institucional.ufrrj.br","potentialAction":[{"@type":"SearchAction","target":{"@type":"EntryPoint","urlTemplate":"https:\/\/institucional.ufrrj.br\/dmsa\/?s={search_term_string}"},"query-input":{"@type":"PropertyValueSpecification","valueRequired":true,"valueName":"search_term_string"}}],"inLanguage":"pt-BR"}]}},"_links":{"self":[{"href":"https:\/\/institucional.ufrrj.br\/dmsa\/wp-json\/wp\/v2\/pages\/13009","targetHints":{"allow":["GET"]}}],"collection":[{"href":"https:\/\/institucional.ufrrj.br\/dmsa\/wp-json\/wp\/v2\/pages"}],"about":[{"href":"https:\/\/institucional.ufrrj.br\/dmsa\/wp-json\/wp\/v2\/types\/page"}],"author":[{"embeddable":true,"href":"https:\/\/institucional.ufrrj.br\/dmsa\/wp-json\/wp\/v2\/users\/634"}],"replies":[{"embeddable":true,"href":"https:\/\/institucional.ufrrj.br\/dmsa\/wp-json\/wp\/v2\/comments?post=13009"}],"version-history":[{"count":3,"href":"https:\/\/institucional.ufrrj.br\/dmsa\/wp-json\/wp\/v2\/pages\/13009\/revisions"}],"predecessor-version":[{"id":16865,"href":"https:\/\/institucional.ufrrj.br\/dmsa\/wp-json\/wp\/v2\/pages\/13009\/revisions\/16865"}],"up":[{"embeddable":true,"href":"https:\/\/institucional.ufrrj.br\/dmsa\/wp-json\/wp\/v2\/pages\/13003"}],"wp:attachment":[{"href":"https:\/\/institucional.ufrrj.br\/dmsa\/wp-json\/wp\/v2\/media?parent=13009"}],"curies":[{"name":"wp","href":"https:\/\/api.w.org\/{rel}","templated":true}]}}