{"id":13005,"date":"2016-08-10T13:18:29","date_gmt":"2016-08-10T13:18:29","guid":{"rendered":"http:\/\/institucional.ufrrj.br\/dmsa\/?page_id=13005"},"modified":"2022-10-04T10:32:07","modified_gmt":"2022-10-04T13:32:07","slug":"consumo","status":"publish","type":"page","link":"https:\/\/institucional.ufrrj.br\/dmsa\/catalogos\/consumo\/","title":{"rendered":"Consumo"},"content":{"rendered":"<p><a href=\"https:\/\/institucional.ufrrj.br\/dmsa\/files\/2013\/01\/link.png\"><img loading=\"lazy\" decoding=\"async\" class=\"alignnone size-full wp-image-10168\" src=\"https:\/\/institucional.ufrrj.br\/dmsa\/files\/2013\/01\/link.png\" alt=\"link\" width=\"16\" height=\"16\" \/><\/a><a href=\"https:\/\/institucional.ufrrj.br\/dmsa\/files\/2022\/10\/3001-COMBUSTIVEIS-E-LUBRIFICANTES-AUTOMOTIVOS.pdf\"> Cat\u00e1logo grupo 30.01 &#8211; Combust\u00edveis<\/a><\/p>\n<p><a href=\"https:\/\/institucional.ufrrj.br\/dmsa\/files\/2013\/01\/link.png\"><img loading=\"lazy\" decoding=\"async\" class=\"alignnone size-full wp-image-10168\" src=\"https:\/\/institucional.ufrrj.br\/dmsa\/files\/2013\/01\/link.png\" alt=\"link\" width=\"16\" height=\"16\" \/><\/a> <a href=\"https:\/\/institucional.ufrrj.br\/dmsa\/files\/2020\/03\/Cat\u00e1logo-grupo-30.04-Gases-e-Outros-Materiais-Engarrafados-.v2.pdf\">Cat\u00e1logo grupo 30.04 &#8211; Gases e Outros Materiais Engarrafados<\/a><\/p>\n<p><a href=\"https:\/\/institucional.ufrrj.br\/dmsa\/files\/2013\/01\/link.png\"><img loading=\"lazy\" decoding=\"async\" class=\"alignnone size-full wp-image-10168\" src=\"https:\/\/institucional.ufrrj.br\/dmsa\/files\/2013\/01\/link.png\" alt=\"link\" width=\"16\" height=\"16\" \/><\/a><a href=\"https:\/\/institucional.ufrrj.br\/dmsa\/files\/2020\/01\/Cat\u00e1logo-grupo-30.04A-G\u00c1S-GLP-EX.pdf\"> Cat\u00e1logo grupo 30.04A &#8211; G\u00c1S GLP &#8211; EX<\/a><\/p>\n<p><a href=\"https:\/\/institucional.ufrrj.br\/dmsa\/files\/2013\/01\/link.png\"><img loading=\"lazy\" decoding=\"async\" class=\"alignnone size-full wp-image-10168\" src=\"https:\/\/institucional.ufrrj.br\/dmsa\/files\/2013\/01\/link.png\" alt=\"link\" width=\"16\" height=\"16\" \/><\/a><a href=\"https:\/\/institucional.ufrrj.br\/dmsa\/files\/2022\/10\/3006-ALIMENTOS-PARA-ANIMAIS.pdf\"> Cat\u00e1logo grupo 30.06 &#8211; Alimentos para Animais<\/a><\/p>\n<p><a href=\"https:\/\/institucional.ufrrj.br\/dmsa\/files\/2013\/01\/link.png\"><img loading=\"lazy\" decoding=\"async\" class=\"alignnone size-full wp-image-10168\" src=\"https:\/\/institucional.ufrrj.br\/dmsa\/files\/2013\/01\/link.png\" alt=\"link\" width=\"16\" height=\"16\" \/><\/a><a href=\"https:\/\/institucional.ufrrj.br\/dmsa\/files\/2020\/01\/Cat\u00e1logo-grupo-30.07-Gen\u00earos-alimenticios-Estoc\u00e1veis.pdf\"> Cat\u00e1logo grupo 30.07 &#8211; Gen\u00earos alimenticios Estoc\u00e1veis<\/a><\/p>\n<p><a href=\"https:\/\/institucional.ufrrj.br\/dmsa\/files\/2013\/01\/link.png\"><img loading=\"lazy\" decoding=\"async\" class=\"alignnone size-full wp-image-10168\" src=\"https:\/\/institucional.ufrrj.br\/dmsa\/files\/2013\/01\/link.png\" alt=\"link\" width=\"16\" height=\"16\" \/><\/a><a href=\"https:\/\/institucional.ufrrj.br\/dmsa\/files\/2020\/01\/Cat\u00e1logo-grupo-30.07A-Gen\u00earos-alimenticios-Hortifruti.pdf\"> Cat\u00e1logo grupo 30.07A &#8211; Gen\u00earos alimenticios Hortifruti<\/a><\/p>\n<p><a href=\"https:\/\/institucional.ufrrj.br\/dmsa\/files\/2013\/01\/link.png\"><img loading=\"lazy\" decoding=\"async\" class=\"alignnone size-full wp-image-10168\" src=\"https:\/\/institucional.ufrrj.br\/dmsa\/files\/2013\/01\/link.png\" alt=\"link\" width=\"16\" height=\"16\" \/><\/a><a href=\"https:\/\/institucional.ufrrj.br\/dmsa\/files\/2020\/01\/Cat\u00e1logo-grupo-30.07B-Gen\u00earos-alimenticios-Carnes.pdf\"> Cat\u00e1logo grupo 30.07B &#8211; Gen\u00earos alimenticios Carnes<\/a><\/p>\n<p><a href=\"https:\/\/institucional.ufrrj.br\/dmsa\/files\/2013\/01\/link.png\"><img loading=\"lazy\" decoding=\"async\" class=\"alignnone size-full wp-image-10168\" src=\"https:\/\/institucional.ufrrj.br\/dmsa\/files\/2013\/01\/link.png\" alt=\"link\" width=\"16\" height=\"16\" \/><\/a><a href=\"https:\/\/institucional.ufrrj.br\/dmsa\/files\/2020\/01\/Cat\u00e1logo-grupo-30.07C-Gen\u00earos-alimenticios-P\u00e3es-e-Bolos.pdf\"> Cat\u00e1logo grupo 30.07C &#8211; Gen\u00earos alimenticios &#8211; P\u00e3es e Bolos<\/a><\/p>\n<p><a href=\"https:\/\/institucional.ufrrj.br\/dmsa\/files\/2013\/01\/link.png\"><img loading=\"lazy\" decoding=\"async\" class=\"alignnone size-full wp-image-10168\" src=\"https:\/\/institucional.ufrrj.br\/dmsa\/files\/2013\/01\/link.png\" alt=\"link\" width=\"16\" height=\"16\" \/><\/a><a href=\"https:\/\/institucional.ufrrj.br\/dmsa\/files\/2022\/10\/3008-ANIMAIS-PARA-PESQUISA-E-ABATE.pdf\"> Cat\u00e1logo Grupo 30.08 &#8211; Animais Para Pesquisa e Abate<\/a><\/p>\n<p><a href=\"https:\/\/institucional.ufrrj.br\/dmsa\/files\/2013\/01\/link.png\"><img loading=\"lazy\" decoding=\"async\" class=\"alignnone size-full wp-image-10168\" src=\"https:\/\/institucional.ufrrj.br\/dmsa\/files\/2013\/01\/link.png\" alt=\"link\" width=\"16\" height=\"16\" \/><\/a><a href=\"https:\/\/institucional.ufrrj.br\/dmsa\/files\/2022\/10\/3009-MATERIAL-FARMACOLOGICO.pdf\"> Cat\u00e1logo Grupo 30.09 &#8211; Material Farmacol\u00f3gico<\/a><\/p>\n<p><a href=\"https:\/\/institucional.ufrrj.br\/dmsa\/files\/2013\/01\/link.png\"><img loading=\"lazy\" decoding=\"async\" class=\"alignnone size-full wp-image-10168\" src=\"https:\/\/institucional.ufrrj.br\/dmsa\/files\/2013\/01\/link.png\" alt=\"link\" width=\"16\" height=\"16\" \/><\/a><a href=\"https:\/\/institucional.ufrrj.br\/dmsa\/files\/2020\/01\/Cat\u00e1logo-grupo-30.11-Material-Qu\u00edmico.pdf\"> Cat\u00e1logo grupo 30.11 &#8211; Material Qu\u00edmico<\/a><\/p>\n<p><a href=\"https:\/\/institucional.ufrrj.br\/dmsa\/files\/2013\/01\/link.png\"><img loading=\"lazy\" decoding=\"async\" class=\"alignnone size-full wp-image-10168\" src=\"https:\/\/institucional.ufrrj.br\/dmsa\/files\/2013\/01\/link.png\" alt=\"link\" width=\"16\" height=\"16\" \/><\/a><a href=\"https:\/\/institucional.ufrrj.br\/dmsa\/files\/2020\/01\/Cat\u00e1logo-grupo-30.11A-Material-Qu\u00edmico-Controlado-Final.pdf\"> Cat\u00e1logo grupo 30.11A &#8211; Material Qu\u00edmico Controlado &#8211; Final<\/a><\/p>\n<p><a href=\"https:\/\/institucional.ufrrj.br\/dmsa\/files\/2013\/01\/link.png\"><img loading=\"lazy\" decoding=\"async\" class=\"alignnone size-full wp-image-10168\" src=\"https:\/\/institucional.ufrrj.br\/dmsa\/files\/2013\/01\/link.png\" alt=\"link\" width=\"16\" height=\"16\" \/><\/a><a href=\"https:\/\/institucional.ufrrj.br\/dmsa\/files\/2020\/01\/Cat\u00e1logo-Grupo-30.11B-Material-Qu\u00edmico-de-Piscina.pdf\"> Cat\u00e1logo Grupo 30.11B Material Qu\u00edmico de Piscina<\/a><\/p>\n<p><a href=\"https:\/\/institucional.ufrrj.br\/dmsa\/files\/2013\/01\/link.png\"><img loading=\"lazy\" decoding=\"async\" class=\"alignnone size-full wp-image-10168\" src=\"https:\/\/institucional.ufrrj.br\/dmsa\/files\/2013\/01\/link.png\" alt=\"link\" width=\"16\" height=\"16\" \/><\/a><a href=\"https:\/\/institucional.ufrrj.br\/dmsa\/files\/2022\/10\/3014-MATERIAL-EDUCATIVO-E-ESPORTIVO.pdf\"> Cat\u00e1logo grupo 30.14 &#8211; Materiais Esportivos<\/a><\/p>\n<p><a href=\"https:\/\/institucional.ufrrj.br\/dmsa\/files\/2013\/01\/link.png\"><img loading=\"lazy\" decoding=\"async\" class=\"alignnone size-full wp-image-10168\" src=\"https:\/\/institucional.ufrrj.br\/dmsa\/files\/2013\/01\/link.png\" alt=\"link\" width=\"16\" height=\"16\" \/><\/a><a href=\"https:\/\/institucional.ufrrj.br\/dmsa\/files\/2020\/01\/Cat\u00e1logo-Grupo-30.16-Material-de-Expediente.pdf\"> Cat\u00e1logo Grupo 30.16 &#8211; Material de Expediente<\/a><\/p>\n<p><a href=\"https:\/\/institucional.ufrrj.br\/dmsa\/files\/2013\/01\/link.png\"><img loading=\"lazy\" decoding=\"async\" class=\"alignnone size-full wp-image-10168\" src=\"https:\/\/institucional.ufrrj.br\/dmsa\/files\/2013\/01\/link.png\" alt=\"link\" width=\"16\" height=\"16\" \/><\/a><a href=\"https:\/\/institucional.ufrrj.br\/dmsa\/files\/2020\/01\/Cat\u00e1logo-grupo-30.16A-Material-de-Artes-Gr\u00e1ficas.pdf\"> Cat\u00e1logo grupo 30.16A &#8211; Material de Artes Gr\u00e1ficas<\/a><\/p>\n<p><a href=\"https:\/\/institucional.ufrrj.br\/dmsa\/files\/2013\/01\/link.png\"><img loading=\"lazy\" decoding=\"async\" class=\"alignnone size-full wp-image-10168\" src=\"https:\/\/institucional.ufrrj.br\/dmsa\/files\/2013\/01\/link.png\" alt=\"link\" width=\"16\" height=\"16\" \/><\/a><a href=\"https:\/\/institucional.ufrrj.br\/dmsa\/files\/2020\/01\/Cat\u00e1logo-grupo-30.16-30.16B-Material-de-Expediente-Pap\u00e9is.pdf\"> Cat\u00e1logo grupo 30.16 &#8211; 30.16B &#8211; Material de Expediente (Pap\u00e9is)<\/a><\/p>\n<p><a href=\"https:\/\/institucional.ufrrj.br\/dmsa\/files\/2013\/01\/link.png\"><img loading=\"lazy\" decoding=\"async\" class=\"alignnone size-full wp-image-10168\" src=\"https:\/\/institucional.ufrrj.br\/dmsa\/files\/2013\/01\/link.png\" alt=\"link\" width=\"16\" height=\"16\" \/><\/a><a href=\"https:\/\/institucional.ufrrj.br\/dmsa\/files\/2022\/10\/3018-MATERIAIS-E-MEDICAMENTOS-PARA-USO-VETERINARIO.pdf\"> Cat\u00e1logo grupo 30.18 &#8211; Material e Medicamentos Veterin\u00e1rios<\/a><\/p>\n<p><a href=\"https:\/\/institucional.ufrrj.br\/dmsa\/files\/2013\/01\/link.png\"><img loading=\"lazy\" decoding=\"async\" class=\"alignnone size-full wp-image-10168\" src=\"https:\/\/institucional.ufrrj.br\/dmsa\/files\/2013\/01\/link.png\" alt=\"link\" width=\"16\" height=\"16\" \/><\/a><a href=\"https:\/\/institucional.ufrrj.br\/dmsa\/files\/2022\/10\/3020-MATERIAL-DE-CAMA-E-MESA.pdf\"> Cat\u00e1logo Grupo 30.20 &#8211; Cama, mesa e banho<\/a><\/p>\n<p><a href=\"https:\/\/institucional.ufrrj.br\/dmsa\/files\/2013\/01\/link.png\"><img loading=\"lazy\" decoding=\"async\" class=\"alignnone size-full wp-image-10168\" src=\"https:\/\/institucional.ufrrj.br\/dmsa\/files\/2013\/01\/link.png\" alt=\"link\" width=\"16\" height=\"16\" \/><\/a><a href=\"https:\/\/institucional.ufrrj.br\/dmsa\/files\/2022\/10\/3021-MATERIAL-DE-COPA-E-COZINHA.pdf\"> Cat\u00e1logo Grupo 30.21 &#8211; Artigos de Copa e Cozinha<\/a><\/p>\n<p><a href=\"https:\/\/institucional.ufrrj.br\/dmsa\/files\/2013\/01\/link.png\"><img loading=\"lazy\" decoding=\"async\" class=\"alignnone size-full wp-image-10168\" src=\"https:\/\/institucional.ufrrj.br\/dmsa\/files\/2013\/01\/link.png\" alt=\"link\" width=\"16\" height=\"16\" \/><\/a><a href=\"https:\/\/institucional.ufrrj.br\/dmsa\/files\/2022\/10\/3022-MATERIAL-DE-LIMPEZA-E-PRODUTOS-DE-HIGIENIZACAO.pdf\"> Cat\u00e1logo Grupo 30.22 &#8211; Material de Limpeza e Produtos de Higieniza\u00e7\u00e3o<\/a><\/p>\n<p><a href=\"https:\/\/institucional.ufrrj.br\/dmsa\/files\/2013\/01\/link.png\"><img loading=\"lazy\" decoding=\"async\" class=\"alignnone size-full wp-image-10168\" src=\"https:\/\/institucional.ufrrj.br\/dmsa\/files\/2013\/01\/link.png\" alt=\"link\" width=\"16\" height=\"16\" \/><\/a><a href=\"https:\/\/institucional.ufrrj.br\/dmsa\/files\/2022\/10\/3023-UNIFORMES-TECIDOS-E-AVIAMENTOS.pdf\"> Cat\u00e1logo grupo 30.23 -Uniformes e Aviamentos<\/a><\/p>\n<p><a href=\"https:\/\/institucional.ufrrj.br\/dmsa\/files\/2013\/01\/link.png\"><img loading=\"lazy\" decoding=\"async\" class=\"alignnone size-full wp-image-10168\" src=\"https:\/\/institucional.ufrrj.br\/dmsa\/files\/2013\/01\/link.png\" alt=\"link\" width=\"16\" height=\"16\" \/><\/a><a href=\"https:\/\/institucional.ufrrj.br\/dmsa\/files\/2020\/01\/Cat\u00e1logo-Grupo-30.24-Material-de-Constru\u00e7\u00e3o.pdf\"> Cat\u00e1logo Grupo 30.24 &#8211; Material de Constru\u00e7\u00e3o<\/a><\/p>\n<p><a href=\"https:\/\/institucional.ufrrj.br\/dmsa\/files\/2013\/01\/link.png\"><img loading=\"lazy\" decoding=\"async\" class=\"alignnone size-full wp-image-10168\" src=\"https:\/\/institucional.ufrrj.br\/dmsa\/files\/2013\/01\/link.png\" alt=\"link\" width=\"16\" height=\"16\" \/><\/a><a href=\"https:\/\/institucional.ufrrj.br\/dmsa\/files\/2020\/01\/Cat\u00e1logo-grupo-30.24A-Material-hidr\u00e1ulico.pdf\"> Cat\u00e1logo grupo 30.24A &#8211; Material hidr\u00e1ulico<\/a><\/p>\n<p><a href=\"https:\/\/institucional.ufrrj.br\/dmsa\/files\/2013\/01\/link.png\"><img loading=\"lazy\" decoding=\"async\" class=\"alignnone size-full wp-image-10168\" src=\"https:\/\/institucional.ufrrj.br\/dmsa\/files\/2013\/01\/link.png\" alt=\"link\" width=\"16\" height=\"16\" \/><\/a><a href=\"https:\/\/institucional.ufrrj.br\/dmsa\/files\/2020\/01\/Cat\u00e1logo-Grupo-30.24B-Material-Hidr\u00e1ulico-Irriga\u00e7\u00e3o.pdf\"> Cat\u00e1logo Grupo 30.24B &#8211; Material Hidr\u00e1ulico &#8211; Irriga\u00e7\u00e3o<\/a><\/p>\n<p><a href=\"https:\/\/institucional.ufrrj.br\/dmsa\/files\/2013\/01\/link.png\"><img loading=\"lazy\" decoding=\"async\" class=\"alignnone size-full wp-image-10168\" src=\"https:\/\/institucional.ufrrj.br\/dmsa\/files\/2013\/01\/link.png\" alt=\"link\" width=\"16\" height=\"16\" \/><\/a><a href=\"https:\/\/institucional.ufrrj.br\/dmsa\/files\/2022\/10\/3026-MATERIAL-ELETRICO-E-ELETRONICO.pdf\"> Cat\u00e1logo Grupo 30.26 &#8211; Material El\u00e9trico<\/a><\/p>\n<p><a href=\"https:\/\/institucional.ufrrj.br\/dmsa\/files\/2013\/01\/link.png\"><img loading=\"lazy\" decoding=\"async\" class=\"alignnone size-full wp-image-10168\" src=\"https:\/\/institucional.ufrrj.br\/dmsa\/files\/2013\/01\/link.png\" alt=\"link\" width=\"16\" height=\"16\" \/><\/a><a href=\"https:\/\/institucional.ufrrj.br\/dmsa\/files\/2022\/10\/3028-MATERIAL-DE-PROTECAO-E-SEGURANCA.pdf\"> Cat\u00e1logo Grupo 30.28 &#8211; Material de prote\u00e7\u00e3o e seguran\u00e7a<\/a><\/p>\n<p><a href=\"https:\/\/institucional.ufrrj.br\/dmsa\/files\/2013\/01\/link.png\"><img loading=\"lazy\" decoding=\"async\" class=\"alignnone size-full wp-image-10168\" src=\"https:\/\/institucional.ufrrj.br\/dmsa\/files\/2013\/01\/link.png\" alt=\"link\" width=\"16\" height=\"16\" \/><\/a><a href=\"https:\/\/institucional.ufrrj.br\/dmsa\/files\/2022\/10\/3031-SEMENTES-MUDAS-DE-PLANTAS-E-INSUMOS.pdf\"> Cat\u00e1logo grupo 30.31 &#8211; Sementes, Mudas de Plantas e Insumos<\/a><\/p>\n<p><a href=\"https:\/\/institucional.ufrrj.br\/dmsa\/files\/2013\/01\/link.png\"><img loading=\"lazy\" decoding=\"async\" class=\"alignnone size-full wp-image-10168\" src=\"https:\/\/institucional.ufrrj.br\/dmsa\/files\/2013\/01\/link.png\" alt=\"link\" width=\"16\" height=\"16\" \/><\/a><a href=\"https:\/\/institucional.ufrrj.br\/dmsa\/files\/2021\/09\/30.35.pdf\"> Cat\u00e1logo Grupo 30.35 &#8211; Material de laborat\u00f3rio<\/a><\/p>\n<p><a href=\"https:\/\/institucional.ufrrj.br\/dmsa\/files\/2013\/01\/link.png\"><img loading=\"lazy\" decoding=\"async\" class=\"alignnone size-full wp-image-10168\" src=\"https:\/\/institucional.ufrrj.br\/dmsa\/files\/2013\/01\/link.png\" alt=\"link\" width=\"16\" height=\"16\" \/><\/a><a href=\"https:\/\/institucional.ufrrj.br\/dmsa\/files\/2021\/09\/30.36.pdf\"> Cat\u00e1logo Grupo 30.36 &#8211; Material Hospitalar<\/a><\/p>\n<p><a href=\"https:\/\/institucional.ufrrj.br\/dmsa\/files\/2013\/01\/link.png\"><img loading=\"lazy\" decoding=\"async\" class=\"alignnone size-full wp-image-10168\" src=\"https:\/\/institucional.ufrrj.br\/dmsa\/files\/2013\/01\/link.png\" alt=\"link\" width=\"16\" height=\"16\" \/><\/a><a href=\"https:\/\/institucional.ufrrj.br\/dmsa\/files\/2022\/10\/3042-FERRAMENTAS.pdf\"> Cat\u00e1logo Grupo 30.42 &#8211; Ferramentas<\/a><\/p>\n<p><a href=\"https:\/\/institucional.ufrrj.br\/dmsa\/files\/2013\/01\/link.png\"><img loading=\"lazy\" decoding=\"async\" class=\"alignnone size-full wp-image-10168\" src=\"https:\/\/institucional.ufrrj.br\/dmsa\/files\/2013\/01\/link.png\" alt=\"link\" width=\"16\" height=\"16\" \/><\/a><a href=\"https:\/\/institucional.ufrrj.br\/dmsa\/files\/2022\/10\/3044-MATERIAL-DE-SINALIZACAO.pdf\"> Cat\u00e1logo grupo 30.44 &#8211; Materiais de identifica\u00e7\u00e3o e Visualiza\u00e7\u00e3o<\/a><\/p>\n<p><a href=\"https:\/\/institucional.ufrrj.br\/dmsa\/files\/2013\/01\/link.png\"><img loading=\"lazy\" decoding=\"async\" class=\"alignnone size-full wp-image-10168\" src=\"https:\/\/institucional.ufrrj.br\/dmsa\/files\/2013\/01\/link.png\" alt=\"link\" width=\"16\" height=\"16\" \/><\/a><a href=\"https:\/\/institucional.ufrrj.br\/dmsa\/files\/2022\/10\/3099-OUTROS-MATERIAIS-DE-CONSUMO-MARAVALHA.pdf\"> Cat\u00e1logo Grupo 30.99 &#8211; Material Agr\u00edcola<\/a><\/p>\n","protected":false},"excerpt":{"rendered":"<p>Cat\u00e1logo grupo 30.01 &#8211; Combust\u00edveis Cat\u00e1logo grupo 30.04 &#8211; Gases e Outros Materiais Engarrafados Cat\u00e1logo grupo 30.04A &#8211; G\u00c1S GLP &#8211; EX Cat\u00e1logo grupo 30.06 &#8211; Alimentos para Animais Cat\u00e1logo grupo 30.07 &#8211; Gen\u00earos alimenticios Estoc\u00e1veis Cat\u00e1logo grupo 30.07A &#8211; Gen\u00earos alimenticios Hortifruti Cat\u00e1logo grupo 30.07B &#8211; Gen\u00earos alimenticios Carnes Cat\u00e1logo grupo 30.07C &#8211; Gen\u00earos [&hellip;]<\/p>\n","protected":false},"author":634,"featured_media":0,"parent":13003,"menu_order":0,"comment_status":"closed","ping_status":"closed","template":"","meta":{"footnotes":""},"class_list":["post-13005","page","type-page","status-publish","hentry"],"yoast_head":"<!-- This site is optimized with the Yoast SEO plugin v27.2 - https:\/\/yoast.com\/product\/yoast-seo-wordpress\/ -->\n<title>Consumo - dmsa<\/title>\n<meta name=\"robots\" content=\"index, follow, max-snippet:-1, max-image-preview:large, max-video-preview:-1\" \/>\n<link rel=\"canonical\" href=\"https:\/\/institucional.ufrrj.br\/dmsa\/catalogos\/consumo\/\" \/>\n<meta property=\"og:locale\" content=\"pt_BR\" \/>\n<meta property=\"og:type\" content=\"article\" \/>\n<meta property=\"og:title\" content=\"Consumo - dmsa\" \/>\n<meta property=\"og:description\" content=\"Cat\u00e1logo grupo 30.01 &#8211; Combust\u00edveis Cat\u00e1logo grupo 30.04 &#8211; Gases e Outros Materiais Engarrafados Cat\u00e1logo grupo 30.04A &#8211; G\u00c1S GLP &#8211; EX Cat\u00e1logo grupo 30.06 &#8211; Alimentos para Animais Cat\u00e1logo grupo 30.07 &#8211; Gen\u00earos alimenticios Estoc\u00e1veis Cat\u00e1logo grupo 30.07A &#8211; Gen\u00earos alimenticios Hortifruti Cat\u00e1logo grupo 30.07B &#8211; Gen\u00earos alimenticios Carnes Cat\u00e1logo grupo 30.07C &#8211; Gen\u00earos [&hellip;]\" \/>\n<meta property=\"og:url\" content=\"https:\/\/institucional.ufrrj.br\/dmsa\/catalogos\/consumo\/\" \/>\n<meta property=\"og:site_name\" content=\"dmsa\" \/>\n<meta property=\"article:modified_time\" content=\"2022-10-04T13:32:07+00:00\" \/>\n<meta property=\"og:image\" content=\"http:\/\/institucional.ufrrj.br\/dmsa\/files\/2013\/01\/link.png\" \/>\n<meta name=\"twitter:card\" content=\"summary_large_image\" \/>\n<meta name=\"twitter:label1\" content=\"Est. tempo de leitura\" \/>\n\t<meta name=\"twitter:data1\" content=\"1 minuto\" \/>\n<script type=\"application\/ld+json\" class=\"yoast-schema-graph\">{\"@context\":\"https:\/\/schema.org\",\"@graph\":[{\"@type\":\"WebPage\",\"@id\":\"https:\/\/institucional.ufrrj.br\/dmsa\/catalogos\/consumo\/\",\"url\":\"https:\/\/institucional.ufrrj.br\/dmsa\/catalogos\/consumo\/\",\"name\":\"Consumo - dmsa\",\"isPartOf\":{\"@id\":\"https:\/\/institucional.ufrrj.br\/dmsa\/#website\"},\"primaryImageOfPage\":{\"@id\":\"https:\/\/institucional.ufrrj.br\/dmsa\/catalogos\/consumo\/#primaryimage\"},\"image\":{\"@id\":\"https:\/\/institucional.ufrrj.br\/dmsa\/catalogos\/consumo\/#primaryimage\"},\"thumbnailUrl\":\"http:\/\/institucional.ufrrj.br\/dmsa\/files\/2013\/01\/link.png\",\"datePublished\":\"2016-08-10T13:18:29+00:00\",\"dateModified\":\"2022-10-04T13:32:07+00:00\",\"breadcrumb\":{\"@id\":\"https:\/\/institucional.ufrrj.br\/dmsa\/catalogos\/consumo\/#breadcrumb\"},\"inLanguage\":\"pt-BR\",\"potentialAction\":[{\"@type\":\"ReadAction\",\"target\":[\"https:\/\/institucional.ufrrj.br\/dmsa\/catalogos\/consumo\/\"]}]},{\"@type\":\"ImageObject\",\"inLanguage\":\"pt-BR\",\"@id\":\"https:\/\/institucional.ufrrj.br\/dmsa\/catalogos\/consumo\/#primaryimage\",\"url\":\"http:\/\/institucional.ufrrj.br\/dmsa\/files\/2013\/01\/link.png\",\"contentUrl\":\"http:\/\/institucional.ufrrj.br\/dmsa\/files\/2013\/01\/link.png\"},{\"@type\":\"BreadcrumbList\",\"@id\":\"https:\/\/institucional.ufrrj.br\/dmsa\/catalogos\/consumo\/#breadcrumb\",\"itemListElement\":[{\"@type\":\"ListItem\",\"position\":1,\"name\":\"In\u00edcio\",\"item\":\"https:\/\/institucional.ufrrj.br\/dmsa\/\"},{\"@type\":\"ListItem\",\"position\":2,\"name\":\"Cat\u00e1logos\",\"item\":\"https:\/\/institucional.ufrrj.br\/dmsa\/catalogos\/\"},{\"@type\":\"ListItem\",\"position\":3,\"name\":\"Consumo\"}]},{\"@type\":\"WebSite\",\"@id\":\"https:\/\/institucional.ufrrj.br\/dmsa\/#website\",\"url\":\"https:\/\/institucional.ufrrj.br\/dmsa\/\",\"name\":\"dmsa\",\"description\":\" Site institucional.ufrrj.br\",\"potentialAction\":[{\"@type\":\"SearchAction\",\"target\":{\"@type\":\"EntryPoint\",\"urlTemplate\":\"https:\/\/institucional.ufrrj.br\/dmsa\/?s={search_term_string}\"},\"query-input\":{\"@type\":\"PropertyValueSpecification\",\"valueRequired\":true,\"valueName\":\"search_term_string\"}}],\"inLanguage\":\"pt-BR\"}]}<\/script>\n<!-- \/ Yoast SEO plugin. -->","yoast_head_json":{"title":"Consumo - dmsa","robots":{"index":"index","follow":"follow","max-snippet":"max-snippet:-1","max-image-preview":"max-image-preview:large","max-video-preview":"max-video-preview:-1"},"canonical":"https:\/\/institucional.ufrrj.br\/dmsa\/catalogos\/consumo\/","og_locale":"pt_BR","og_type":"article","og_title":"Consumo - dmsa","og_description":"Cat\u00e1logo grupo 30.01 &#8211; Combust\u00edveis Cat\u00e1logo grupo 30.04 &#8211; Gases e Outros Materiais Engarrafados Cat\u00e1logo grupo 30.04A &#8211; G\u00c1S GLP &#8211; EX Cat\u00e1logo grupo 30.06 &#8211; Alimentos para Animais Cat\u00e1logo grupo 30.07 &#8211; Gen\u00earos alimenticios Estoc\u00e1veis Cat\u00e1logo grupo 30.07A &#8211; Gen\u00earos alimenticios Hortifruti Cat\u00e1logo grupo 30.07B &#8211; Gen\u00earos alimenticios Carnes Cat\u00e1logo grupo 30.07C &#8211; Gen\u00earos [&hellip;]","og_url":"https:\/\/institucional.ufrrj.br\/dmsa\/catalogos\/consumo\/","og_site_name":"dmsa","article_modified_time":"2022-10-04T13:32:07+00:00","og_image":[{"url":"http:\/\/institucional.ufrrj.br\/dmsa\/files\/2013\/01\/link.png","type":"","width":"","height":""}],"twitter_card":"summary_large_image","twitter_misc":{"Est. tempo de leitura":"1 minuto"},"schema":{"@context":"https:\/\/schema.org","@graph":[{"@type":"WebPage","@id":"https:\/\/institucional.ufrrj.br\/dmsa\/catalogos\/consumo\/","url":"https:\/\/institucional.ufrrj.br\/dmsa\/catalogos\/consumo\/","name":"Consumo - dmsa","isPartOf":{"@id":"https:\/\/institucional.ufrrj.br\/dmsa\/#website"},"primaryImageOfPage":{"@id":"https:\/\/institucional.ufrrj.br\/dmsa\/catalogos\/consumo\/#primaryimage"},"image":{"@id":"https:\/\/institucional.ufrrj.br\/dmsa\/catalogos\/consumo\/#primaryimage"},"thumbnailUrl":"http:\/\/institucional.ufrrj.br\/dmsa\/files\/2013\/01\/link.png","datePublished":"2016-08-10T13:18:29+00:00","dateModified":"2022-10-04T13:32:07+00:00","breadcrumb":{"@id":"https:\/\/institucional.ufrrj.br\/dmsa\/catalogos\/consumo\/#breadcrumb"},"inLanguage":"pt-BR","potentialAction":[{"@type":"ReadAction","target":["https:\/\/institucional.ufrrj.br\/dmsa\/catalogos\/consumo\/"]}]},{"@type":"ImageObject","inLanguage":"pt-BR","@id":"https:\/\/institucional.ufrrj.br\/dmsa\/catalogos\/consumo\/#primaryimage","url":"http:\/\/institucional.ufrrj.br\/dmsa\/files\/2013\/01\/link.png","contentUrl":"http:\/\/institucional.ufrrj.br\/dmsa\/files\/2013\/01\/link.png"},{"@type":"BreadcrumbList","@id":"https:\/\/institucional.ufrrj.br\/dmsa\/catalogos\/consumo\/#breadcrumb","itemListElement":[{"@type":"ListItem","position":1,"name":"In\u00edcio","item":"https:\/\/institucional.ufrrj.br\/dmsa\/"},{"@type":"ListItem","position":2,"name":"Cat\u00e1logos","item":"https:\/\/institucional.ufrrj.br\/dmsa\/catalogos\/"},{"@type":"ListItem","position":3,"name":"Consumo"}]},{"@type":"WebSite","@id":"https:\/\/institucional.ufrrj.br\/dmsa\/#website","url":"https:\/\/institucional.ufrrj.br\/dmsa\/","name":"dmsa","description":" Site institucional.ufrrj.br","potentialAction":[{"@type":"SearchAction","target":{"@type":"EntryPoint","urlTemplate":"https:\/\/institucional.ufrrj.br\/dmsa\/?s={search_term_string}"},"query-input":{"@type":"PropertyValueSpecification","valueRequired":true,"valueName":"search_term_string"}}],"inLanguage":"pt-BR"}]}},"_links":{"self":[{"href":"https:\/\/institucional.ufrrj.br\/dmsa\/wp-json\/wp\/v2\/pages\/13005","targetHints":{"allow":["GET"]}}],"collection":[{"href":"https:\/\/institucional.ufrrj.br\/dmsa\/wp-json\/wp\/v2\/pages"}],"about":[{"href":"https:\/\/institucional.ufrrj.br\/dmsa\/wp-json\/wp\/v2\/types\/page"}],"author":[{"embeddable":true,"href":"https:\/\/institucional.ufrrj.br\/dmsa\/wp-json\/wp\/v2\/users\/634"}],"replies":[{"embeddable":true,"href":"https:\/\/institucional.ufrrj.br\/dmsa\/wp-json\/wp\/v2\/comments?post=13005"}],"version-history":[{"count":20,"href":"https:\/\/institucional.ufrrj.br\/dmsa\/wp-json\/wp\/v2\/pages\/13005\/revisions"}],"predecessor-version":[{"id":23505,"href":"https:\/\/institucional.ufrrj.br\/dmsa\/wp-json\/wp\/v2\/pages\/13005\/revisions\/23505"}],"up":[{"embeddable":true,"href":"https:\/\/institucional.ufrrj.br\/dmsa\/wp-json\/wp\/v2\/pages\/13003"}],"wp:attachment":[{"href":"https:\/\/institucional.ufrrj.br\/dmsa\/wp-json\/wp\/v2\/media?parent=13005"}],"curies":[{"name":"wp","href":"https:\/\/api.w.org\/{rel}","templated":true}]}}