{"id":10,"date":"2015-07-13T18:44:55","date_gmt":"2015-07-13T18:44:55","guid":{"rendered":"http:\/\/institucional.ufrrj.br\/dgv\/?page_id=10"},"modified":"2018-12-13T13:26:58","modified_gmt":"2018-12-13T13:26:58","slug":"operacional","status":"publish","type":"page","link":"https:\/\/institucional.ufrrj.br\/dgv\/operacional\/","title":{"rendered":"Operacional"},"content":{"rendered":"<p>A Divis\u00e3o de Guarda e Vigil\u00e2ncia desempenha suas atividades por meio de regime de plant\u00e3o, a fim de se manter em funcionamento 24 horas por dia durante os 365 dias do ano.<\/p>\n<p>Para realizar esse trabalho de forma ininterrupta, os servidores s\u00e3o distribu\u00eddos em turmas de servi\u00e7o. Nessa distribui\u00e7\u00e3o, os vigilantes atuam em postos de servi\u00e7o e patrulhamento. Em cada turma de servi\u00e7o existe um supervisor que coordena os vigilantes.<\/p>\n<p>&nbsp;<\/p>\n<p style=\"text-align: center\"><strong><em>Documentos<\/em><\/strong><\/p>\n<p style=\"text-align: left\"><a href=\"https:\/\/institucional.ufrrj.br\/dgv\/files\/2015\/07\/pdf.gif\"><img loading=\"lazy\" decoding=\"async\" class=\"alignnone size-full wp-image-68\" src=\"https:\/\/institucional.ufrrj.br\/dgv\/files\/2015\/07\/pdf.gif\" alt=\"pdf\" width=\"40\" height=\"14\" \/><\/a>\u00a0\u00a0<a href=\"https:\/\/institucional.ufrrj.br\/dgv\/files\/2015\/07\/Vistoria-EB-11.pdf\">Vistoria EB 1<\/a><\/p>\n<p style=\"text-align: left\"><a href=\"https:\/\/institucional.ufrrj.br\/dgv\/files\/2015\/07\/pdf.gif\"><img loading=\"lazy\" decoding=\"async\" class=\"alignnone size-full wp-image-68\" src=\"https:\/\/institucional.ufrrj.br\/dgv\/files\/2015\/07\/pdf.gif\" alt=\"pdf\" width=\"40\" height=\"14\" \/><\/a>\u00a0\u00a0<a href=\"https:\/\/institucional.ufrrj.br\/dgv\/files\/2015\/07\/Vistoria-EB-2.pdf\">Vistoria EB 2<\/a><\/p>\n<p style=\"text-align: left\"><a href=\"https:\/\/institucional.ufrrj.br\/dgv\/files\/2015\/07\/pdf.gif\"><img loading=\"lazy\" decoding=\"async\" class=\"alignnone size-full wp-image-68\" src=\"https:\/\/institucional.ufrrj.br\/dgv\/files\/2015\/07\/pdf.gif\" alt=\"pdf\" width=\"40\" height=\"14\" \/><\/a>\u00a0\u00a0<a href=\"https:\/\/institucional.ufrrj.br\/dgv\/files\/2015\/07\/Vistoria-EB-3.pdf\">Vistoria EB 3<\/a><\/p>\n<p><a href=\"https:\/\/institucional.ufrrj.br\/dgv\/files\/2015\/07\/doc.gif\"><img loading=\"lazy\" decoding=\"async\" class=\"alignnone wp-image-65\" src=\"https:\/\/institucional.ufrrj.br\/dgv\/files\/2015\/07\/doc.gif\" alt=\"doc\" width=\"22\" height=\"23\" \/><\/a>\u00a0<a href=\"https:\/\/institucional.ufrrj.br\/dgv\/files\/2015\/07\/Parecer-no-0736.10-vigilante-publico-universidade-federal-autarquias-fundacoes-nao-se-incluem-na-L7102.831.doc\">Parecer no 0736.10- vigilante p\u00fablico &#8211; universidade federal- autarquias- fundacoes &#8211; nao se incluem na L7102.83<\/a><\/p>\n<p style=\"text-align: left\"><a href=\"https:\/\/institucional.ufrrj.br\/dgv\/files\/2015\/07\/PORTARIA-3642.jpg\"><img loading=\"lazy\" decoding=\"async\" class=\"alignnone size-medium wp-image-307\" src=\"https:\/\/institucional.ufrrj.br\/dgv\/files\/2015\/07\/PORTARIA-3642-212x300.jpg\" alt=\"PORTARIA 364\" width=\"212\" height=\"300\" srcset=\"https:\/\/institucional.ufrrj.br\/dgv\/files\/2015\/07\/PORTARIA-3642-212x300.jpg 212w, https:\/\/institucional.ufrrj.br\/dgv\/files\/2015\/07\/PORTARIA-3642-724x1024.jpg 724w, https:\/\/institucional.ufrrj.br\/dgv\/files\/2015\/07\/PORTARIA-3642.jpg 1653w\" sizes=\"auto, (max-width: 212px) 100vw, 212px\" \/><\/a> <a href=\"https:\/\/institucional.ufrrj.br\/dgv\/files\/2015\/07\/PROGER-542.jpg\"><img loading=\"lazy\" decoding=\"async\" class=\"alignnone size-medium wp-image-308\" src=\"https:\/\/institucional.ufrrj.br\/dgv\/files\/2015\/07\/PROGER-542-212x300.jpg\" alt=\"PROGER 54\" width=\"212\" height=\"300\" srcset=\"https:\/\/institucional.ufrrj.br\/dgv\/files\/2015\/07\/PROGER-542-212x300.jpg 212w, https:\/\/institucional.ufrrj.br\/dgv\/files\/2015\/07\/PROGER-542-724x1024.jpg 724w, https:\/\/institucional.ufrrj.br\/dgv\/files\/2015\/07\/PROGER-542.jpg 1653w\" sizes=\"auto, (max-width: 212px) 100vw, 212px\" \/><\/a> <a href=\"https:\/\/institucional.ufrrj.br\/dgv\/files\/2015\/07\/PROGER-54-12.jpg\"><img loading=\"lazy\" decoding=\"async\" class=\"alignnone size-medium wp-image-309\" src=\"https:\/\/institucional.ufrrj.br\/dgv\/files\/2015\/07\/PROGER-54-12-212x300.jpg\" alt=\"PROGER 54-1\" width=\"212\" height=\"300\" srcset=\"https:\/\/institucional.ufrrj.br\/dgv\/files\/2015\/07\/PROGER-54-12-212x300.jpg 212w, https:\/\/institucional.ufrrj.br\/dgv\/files\/2015\/07\/PROGER-54-12-724x1024.jpg 724w, https:\/\/institucional.ufrrj.br\/dgv\/files\/2015\/07\/PROGER-54-12.jpg 1653w\" sizes=\"auto, (max-width: 212px) 100vw, 212px\" \/><\/a> <a href=\"https:\/\/institucional.ufrrj.br\/dgv\/files\/2015\/07\/PROGER-54-22.jpg\"><img loading=\"lazy\" decoding=\"async\" class=\"alignnone size-medium wp-image-310\" src=\"https:\/\/institucional.ufrrj.br\/dgv\/files\/2015\/07\/PROGER-54-22-212x300.jpg\" alt=\"PROGER 54-2\" width=\"212\" height=\"300\" srcset=\"https:\/\/institucional.ufrrj.br\/dgv\/files\/2015\/07\/PROGER-54-22-212x300.jpg 212w, https:\/\/institucional.ufrrj.br\/dgv\/files\/2015\/07\/PROGER-54-22-724x1024.jpg 724w, https:\/\/institucional.ufrrj.br\/dgv\/files\/2015\/07\/PROGER-54-22.jpg 1653w\" sizes=\"auto, (max-width: 212px) 100vw, 212px\" \/><\/a> <a href=\"https:\/\/institucional.ufrrj.br\/dgv\/files\/2015\/07\/PROGER-54-32.jpg\"><img loading=\"lazy\" decoding=\"async\" class=\"alignnone size-medium wp-image-311\" src=\"https:\/\/institucional.ufrrj.br\/dgv\/files\/2015\/07\/PROGER-54-32-212x300.jpg\" alt=\"PROGER 54-3\" width=\"212\" height=\"300\" srcset=\"https:\/\/institucional.ufrrj.br\/dgv\/files\/2015\/07\/PROGER-54-32-212x300.jpg 212w, https:\/\/institucional.ufrrj.br\/dgv\/files\/2015\/07\/PROGER-54-32-724x1024.jpg 724w, https:\/\/institucional.ufrrj.br\/dgv\/files\/2015\/07\/PROGER-54-32.jpg 1653w\" sizes=\"auto, (max-width: 212px) 100vw, 212px\" \/><\/a><\/p>\n","protected":false},"excerpt":{"rendered":"<p>A Divis\u00e3o de Guarda e Vigil\u00e2ncia desempenha suas atividades por meio de regime de plant\u00e3o, a fim de se manter <a class=\"read-more leiamais\" href=\"https:\/\/institucional.ufrrj.br\/dgv\/operacional\/ \">&#8230; leia mais<\/a><\/p>\n","protected":false},"author":444,"featured_media":0,"parent":0,"menu_order":0,"comment_status":"open","ping_status":"open","template":"","meta":{"_acf_changed":false,"footnotes":""},"class_list":["post-10","page","type-page","status-publish","hentry"],"yoast_head":"<!-- This site is optimized with the Yoast SEO plugin v27.2 - https:\/\/yoast.com\/product\/yoast-seo-wordpress\/ -->\n<title>Operacional - Divis\u00e3o de Guarda e Vigil\u00e2ncia<\/title>\n<meta name=\"robots\" content=\"index, follow, max-snippet:-1, max-image-preview:large, max-video-preview:-1\" \/>\n<link rel=\"canonical\" href=\"https:\/\/institucional.ufrrj.br\/dgv\/operacional\/\" \/>\n<meta property=\"og:locale\" content=\"pt_BR\" \/>\n<meta property=\"og:type\" content=\"article\" \/>\n<meta property=\"og:title\" content=\"Operacional - Divis\u00e3o de Guarda e Vigil\u00e2ncia\" \/>\n<meta property=\"og:description\" content=\"A Divis\u00e3o de Guarda e Vigil\u00e2ncia desempenha suas atividades por meio de regime de plant\u00e3o, a fim de se manter ... leia mais\" \/>\n<meta property=\"og:url\" content=\"https:\/\/institucional.ufrrj.br\/dgv\/operacional\/\" \/>\n<meta property=\"og:site_name\" content=\"Divis\u00e3o de Guarda e Vigil\u00e2ncia\" \/>\n<meta property=\"article:modified_time\" content=\"2018-12-13T13:26:58+00:00\" \/>\n<meta property=\"og:image\" content=\"http:\/\/institucional.ufrrj.br\/dgv\/files\/2015\/07\/pdf.gif\" \/>\n<meta name=\"twitter:card\" content=\"summary_large_image\" \/>\n<meta name=\"twitter:label1\" content=\"Est. tempo de leitura\" \/>\n\t<meta name=\"twitter:data1\" content=\"1 minuto\" \/>\n<script type=\"application\/ld+json\" class=\"yoast-schema-graph\">{\"@context\":\"https:\/\/schema.org\",\"@graph\":[{\"@type\":\"WebPage\",\"@id\":\"https:\/\/institucional.ufrrj.br\/dgv\/operacional\/\",\"url\":\"https:\/\/institucional.ufrrj.br\/dgv\/operacional\/\",\"name\":\"Operacional - Divis\u00e3o de Guarda e Vigil\u00e2ncia\",\"isPartOf\":{\"@id\":\"https:\/\/institucional.ufrrj.br\/dgv\/#website\"},\"primaryImageOfPage\":{\"@id\":\"https:\/\/institucional.ufrrj.br\/dgv\/operacional\/#primaryimage\"},\"image\":{\"@id\":\"https:\/\/institucional.ufrrj.br\/dgv\/operacional\/#primaryimage\"},\"thumbnailUrl\":\"http:\/\/institucional.ufrrj.br\/dgv\/files\/2015\/07\/pdf.gif\",\"datePublished\":\"2015-07-13T18:44:55+00:00\",\"dateModified\":\"2018-12-13T13:26:58+00:00\",\"breadcrumb\":{\"@id\":\"https:\/\/institucional.ufrrj.br\/dgv\/operacional\/#breadcrumb\"},\"inLanguage\":\"pt-BR\",\"potentialAction\":[{\"@type\":\"ReadAction\",\"target\":[\"https:\/\/institucional.ufrrj.br\/dgv\/operacional\/\"]}]},{\"@type\":\"ImageObject\",\"inLanguage\":\"pt-BR\",\"@id\":\"https:\/\/institucional.ufrrj.br\/dgv\/operacional\/#primaryimage\",\"url\":\"http:\/\/institucional.ufrrj.br\/dgv\/files\/2015\/07\/pdf.gif\",\"contentUrl\":\"http:\/\/institucional.ufrrj.br\/dgv\/files\/2015\/07\/pdf.gif\"},{\"@type\":\"BreadcrumbList\",\"@id\":\"https:\/\/institucional.ufrrj.br\/dgv\/operacional\/#breadcrumb\",\"itemListElement\":[{\"@type\":\"ListItem\",\"position\":1,\"name\":\"In\u00edcio\",\"item\":\"https:\/\/institucional.ufrrj.br\/dgv\/\"},{\"@type\":\"ListItem\",\"position\":2,\"name\":\"Operacional\"}]},{\"@type\":\"WebSite\",\"@id\":\"https:\/\/institucional.ufrrj.br\/dgv\/#website\",\"url\":\"https:\/\/institucional.ufrrj.br\/dgv\/\",\"name\":\"Divis\u00e3o de Guarda e Vigil\u00e2ncia\",\"description\":\"Universidade Ferderal Rural do Rio de Janeiro \u2013 UFRRJ\",\"potentialAction\":[{\"@type\":\"SearchAction\",\"target\":{\"@type\":\"EntryPoint\",\"urlTemplate\":\"https:\/\/institucional.ufrrj.br\/dgv\/?s={search_term_string}\"},\"query-input\":{\"@type\":\"PropertyValueSpecification\",\"valueRequired\":true,\"valueName\":\"search_term_string\"}}],\"inLanguage\":\"pt-BR\"}]}<\/script>\n<!-- \/ Yoast SEO plugin. -->","yoast_head_json":{"title":"Operacional - Divis\u00e3o de Guarda e Vigil\u00e2ncia","robots":{"index":"index","follow":"follow","max-snippet":"max-snippet:-1","max-image-preview":"max-image-preview:large","max-video-preview":"max-video-preview:-1"},"canonical":"https:\/\/institucional.ufrrj.br\/dgv\/operacional\/","og_locale":"pt_BR","og_type":"article","og_title":"Operacional - Divis\u00e3o de Guarda e Vigil\u00e2ncia","og_description":"A Divis\u00e3o de Guarda e Vigil\u00e2ncia desempenha suas atividades por meio de regime de plant\u00e3o, a fim de se manter ... leia mais","og_url":"https:\/\/institucional.ufrrj.br\/dgv\/operacional\/","og_site_name":"Divis\u00e3o de Guarda e Vigil\u00e2ncia","article_modified_time":"2018-12-13T13:26:58+00:00","og_image":[{"url":"http:\/\/institucional.ufrrj.br\/dgv\/files\/2015\/07\/pdf.gif","type":"","width":"","height":""}],"twitter_card":"summary_large_image","twitter_misc":{"Est. tempo de leitura":"1 minuto"},"schema":{"@context":"https:\/\/schema.org","@graph":[{"@type":"WebPage","@id":"https:\/\/institucional.ufrrj.br\/dgv\/operacional\/","url":"https:\/\/institucional.ufrrj.br\/dgv\/operacional\/","name":"Operacional - Divis\u00e3o de Guarda e Vigil\u00e2ncia","isPartOf":{"@id":"https:\/\/institucional.ufrrj.br\/dgv\/#website"},"primaryImageOfPage":{"@id":"https:\/\/institucional.ufrrj.br\/dgv\/operacional\/#primaryimage"},"image":{"@id":"https:\/\/institucional.ufrrj.br\/dgv\/operacional\/#primaryimage"},"thumbnailUrl":"http:\/\/institucional.ufrrj.br\/dgv\/files\/2015\/07\/pdf.gif","datePublished":"2015-07-13T18:44:55+00:00","dateModified":"2018-12-13T13:26:58+00:00","breadcrumb":{"@id":"https:\/\/institucional.ufrrj.br\/dgv\/operacional\/#breadcrumb"},"inLanguage":"pt-BR","potentialAction":[{"@type":"ReadAction","target":["https:\/\/institucional.ufrrj.br\/dgv\/operacional\/"]}]},{"@type":"ImageObject","inLanguage":"pt-BR","@id":"https:\/\/institucional.ufrrj.br\/dgv\/operacional\/#primaryimage","url":"http:\/\/institucional.ufrrj.br\/dgv\/files\/2015\/07\/pdf.gif","contentUrl":"http:\/\/institucional.ufrrj.br\/dgv\/files\/2015\/07\/pdf.gif"},{"@type":"BreadcrumbList","@id":"https:\/\/institucional.ufrrj.br\/dgv\/operacional\/#breadcrumb","itemListElement":[{"@type":"ListItem","position":1,"name":"In\u00edcio","item":"https:\/\/institucional.ufrrj.br\/dgv\/"},{"@type":"ListItem","position":2,"name":"Operacional"}]},{"@type":"WebSite","@id":"https:\/\/institucional.ufrrj.br\/dgv\/#website","url":"https:\/\/institucional.ufrrj.br\/dgv\/","name":"Divis\u00e3o de Guarda e Vigil\u00e2ncia","description":"Universidade Ferderal Rural do Rio de Janeiro \u2013 UFRRJ","potentialAction":[{"@type":"SearchAction","target":{"@type":"EntryPoint","urlTemplate":"https:\/\/institucional.ufrrj.br\/dgv\/?s={search_term_string}"},"query-input":{"@type":"PropertyValueSpecification","valueRequired":true,"valueName":"search_term_string"}}],"inLanguage":"pt-BR"}]}},"acf":[],"_links":{"self":[{"href":"https:\/\/institucional.ufrrj.br\/dgv\/wp-json\/wp\/v2\/pages\/10","targetHints":{"allow":["GET"]}}],"collection":[{"href":"https:\/\/institucional.ufrrj.br\/dgv\/wp-json\/wp\/v2\/pages"}],"about":[{"href":"https:\/\/institucional.ufrrj.br\/dgv\/wp-json\/wp\/v2\/types\/page"}],"author":[{"embeddable":true,"href":"https:\/\/institucional.ufrrj.br\/dgv\/wp-json\/wp\/v2\/users\/444"}],"replies":[{"embeddable":true,"href":"https:\/\/institucional.ufrrj.br\/dgv\/wp-json\/wp\/v2\/comments?post=10"}],"version-history":[{"count":6,"href":"https:\/\/institucional.ufrrj.br\/dgv\/wp-json\/wp\/v2\/pages\/10\/revisions"}],"predecessor-version":[{"id":540,"href":"https:\/\/institucional.ufrrj.br\/dgv\/wp-json\/wp\/v2\/pages\/10\/revisions\/540"}],"wp:attachment":[{"href":"https:\/\/institucional.ufrrj.br\/dgv\/wp-json\/wp\/v2\/media?parent=10"}],"curies":[{"name":"wp","href":"https:\/\/api.w.org\/{rel}","templated":true}]}}