{"id":6882,"date":"2019-09-30T11:11:42","date_gmt":"2019-09-30T14:11:42","guid":{"rendered":"http:\/\/institucional.ufrrj.br\/dest\/?page_id=6882"},"modified":"2024-09-20T13:01:37","modified_gmt":"2024-09-20T16:01:37","slug":"relacao-de-cursos-da-ufrrj-que-decidiram-de-acordo-com-a-deliberacao-no-148-cepe-23-de-novembro-de-2016-pela-nao-obrigatoriedade-dos-convenios","status":"publish","type":"page","link":"https:\/\/institucional.ufrrj.br\/dest\/empresa-conveniadas\/empresas-conveniadas\/relacao-de-cursos-da-ufrrj-que-decidiram-de-acordo-com-a-deliberacao-no-148-cepe-23-de-novembro-de-2016-pela-nao-obrigatoriedade-dos-convenios\/","title":{"rendered":"Rela\u00e7\u00e3o de cursos que decidiram pela n\u00e3o obrigatoriedade de conv\u00eanio"},"content":{"rendered":"<p><strong><b>Rela\u00e7\u00e3o de Cursos da UFRRJ que decidiram de acordo com a Delibera\u00e7\u00e3o N\u00ba 148\/CEPE, 23 de Novembro de 2016, que os <\/b><\/strong><strong><b>Termos<\/b><\/strong><strong><b>\u00a0<\/b><\/strong><strong><b>de Compromisso ter\u00e3o validade mesmo quando n\u00e3o forem amparados por <\/b><\/strong><strong><b>Termo <\/b><\/strong><strong><b>de Conv\u00eanio entre a UFRRJ e unidade Concedente.<\/b><\/strong><\/p>\n<p>&nbsp;<\/p>\n<table>\n<tbody>\n<tr>\n<td width=\"595\"><strong><b>CAMPUS SEROP\u00c9DICA<\/b><\/strong><\/td>\n<\/tr>\n<tr>\n<td width=\"595\">ADMINISTRA\u00c7\u00c3O (presencial)<\/td>\n<\/tr>\n<tr>\n<td width=\"595\">ADMINISTRA\u00c7\u00c3O EAD (\u00e0 dist\u00e2ncia)<\/td>\n<\/tr>\n<tr>\n<td width=\"595\">ADMINISTRA\u00c7\u00c3O P\u00daBLICA<\/td>\n<\/tr>\n<tr>\n<td width=\"595\">AGRONOMIA<\/td>\n<\/tr>\n<tr>\n<td width=\"595\">ARQUITETURA E URBANISMO<\/td>\n<\/tr>\n<tr>\n<td width=\"595\">CI\u00caNCIAS BIOL\u00d3GICAS<\/td>\n<\/tr>\n<tr>\n<td width=\"595\">CI\u00caNCIAS CONT\u00c1BEIS<\/td>\n<\/tr>\n<tr>\n<td width=\"595\">CI\u00caNCIAS ECON\u00d4MICAS<\/td>\n<\/tr>\n<tr>\n<td width=\"595\">CI\u00caNCIAS SOCIAIS<\/td>\n<\/tr>\n<tr>\n<td width=\"595\">ENGENHARIA AGR\u00cdCOLA E AMBIENTAL<\/td>\n<\/tr>\n<tr>\n<td width=\"595\">ENGENHARIA DE AGRIMENSURA E CARTOGR\u00c1FICA<\/td>\n<\/tr>\n<tr>\n<td width=\"595\">ENGENHARIA DE ALIMENTOS<\/td>\n<\/tr>\n<tr>\n<td width=\"595\">ENGENHARIA DE MATERIAIS<\/td>\n<\/tr>\n<tr>\n<td width=\"595\">ENGENHARIA FLORESTAL<\/td>\n<\/tr>\n<tr>\n<td width=\"595\">ENGENHARIA QU\u00cdMICA<\/td>\n<\/tr>\n<tr>\n<td width=\"595\">FARM\u00c1CIA<\/td>\n<\/tr>\n<tr>\n<td width=\"595\">GEOGRAFIA<\/td>\n<\/tr>\n<tr>\n<td width=\"595\">HOTELARIA<\/td>\n<\/tr>\n<tr>\n<td width=\"595\">JORNALISMO<\/td>\n<\/tr>\n<tr>\n<td width=\"595\">LICENCIATURA EM BELAS ARTES<\/td>\n<\/tr>\n<tr>\n<td width=\"595\">LICENCIATURA EM CI\u00caNCIAS AGR\u00cdCOLAS<\/td>\n<\/tr>\n<tr>\n<td width=\"595\">LICENCIATURA EM EDUCA\u00c7\u00c3O DO CAMPO<\/td>\n<\/tr>\n<tr>\n<td width=\"595\">LICENCIATURA EM EDUCA\u00c7\u00c3O F\u00cdSICA<\/td>\n<\/tr>\n<tr>\n<td width=\"595\">LICENCIATURA EM F\u00cdSICA<\/td>\n<\/tr>\n<tr>\n<td width=\"595\">LICENCIATURA EM HIST\u00d3RIA<\/td>\n<\/tr>\n<tr>\n<td width=\"595\">LICENCIATURA EM LETRAS &#8211; PORTUGU\u00caS\/INGL\u00caS\/LITERATURAS<\/td>\n<\/tr>\n<tr>\n<td width=\"595\">LICENCIATURA EM LETRAS &#8211; PORTUGU\u00caS\/LITERATURAS<\/td>\n<\/tr>\n<tr>\n<td width=\"595\">LICENCIATURA EM MATEM\u00c1TICA<\/td>\n<\/tr>\n<tr>\n<td width=\"595\">LICENCIATURA EM QU\u00cdMICA<\/td>\n<\/tr>\n<tr>\n<td width=\"595\">MEDICINA VETERIN\u00c1RIA<\/td>\n<\/tr>\n<tr>\n<td width=\"595\">PSICOLOGIA<\/td>\n<\/tr>\n<tr>\n<td width=\"595\">QU\u00cdMICA INDUSTRIAL<\/td>\n<\/tr>\n<tr>\n<td width=\"595\">RELA\u00c7\u00d5ES INTERNACIONAIS<\/td>\n<\/tr>\n<tr>\n<td width=\"595\">SERVI\u00c7O SOCIAL<\/td>\n<\/tr>\n<tr>\n<td width=\"595\">SISTEMAS DE INFORMA\u00c7\u00c3O<\/td>\n<\/tr>\n<tr>\n<td width=\"595\">ZOOTECNIA<\/td>\n<\/tr>\n<\/tbody>\n<\/table>\n<p>&nbsp;<\/p>\n<table>\n<tbody>\n<tr>\n<td width=\"595\"><strong>CAMPUS NOVA IGUA\u00c7U<\/strong><\/td>\n<\/tr>\n<tr>\n<td width=\"595\">ADMINISTRA\u00c7\u00c3O (presencial)<\/td>\n<\/tr>\n<tr>\n<td width=\"595\">CI\u00caNCIA DA COMPUTA\u00c7\u00c3O<\/td>\n<\/tr>\n<tr>\n<td width=\"595\">CI\u00caNCIAS ECON\u00d4MICAS<\/td>\n<\/tr>\n<tr>\n<td width=\"595\">LICENCIATURA EM EDUCA\u00c7\u00c3O ESPECIAL<\/td>\n<\/tr>\n<tr>\n<td width=\"595\">LICENCIATURA EM LETRAS &#8211; PORTUGU\u00caS\/ESPANHOL\/LITERATURAS\u00a0(somente est\u00e1gio em escolas)<\/td>\n<\/tr>\n<tr>\n<td width=\"595\">LICENCIATURA EM LETRAS &#8211; PORTUGU\u00caS\/LITERATURAS\u00a0(somente est\u00e1gio\u00a0em escolas)<\/td>\n<\/tr>\n<tr>\n<td width=\"595\">LICENCIATURA EM HIST\u00d3RIA (somente est\u00e1gio n\u00e3o obrigat\u00f3rio)<\/td>\n<\/tr>\n<tr>\n<td width=\"595\">LICENCIATURA EM MATEM\u00c1TICA (somente est\u00e1gio obrigat\u00f3rio\u00a0em escolas)<\/td>\n<\/tr>\n<tr>\n<td width=\"595\">PEDAGOGIA<\/td>\n<\/tr>\n<tr>\n<td width=\"595\">TURISMO<\/td>\n<\/tr>\n<tr>\n<td width=\"595\">TURISMO (CEDERJ)<\/td>\n<\/tr>\n<\/tbody>\n<\/table>\n<p>&nbsp;<\/p>\n<table>\n<tbody>\n<tr>\n<td width=\"595\"><strong>CAMPUS TR\u00caS RIOS<\/strong><\/td>\n<\/tr>\n<tr>\n<td width=\"595\">ADMINISTRA\u00c7\u00c3O (presencial)<\/td>\n<\/tr>\n<tr>\n<td width=\"595\">DIREITO<\/td>\n<\/tr>\n<tr>\n<td width=\"595\">GEST\u00c3O AMBIENTAL<\/td>\n<\/tr>\n<\/tbody>\n<\/table>\n<p>&nbsp;<\/p>\n<table>\n<tbody>\n<tr>\n<td width=\"595\"><strong>CTUR (Col\u00e9gio T\u00e9cnico da UFRRJ)<\/strong><\/td>\n<\/tr>\n<tr>\n<td width=\"595\">T\u00c9CNICO EM AGRIMENSURA<\/td>\n<\/tr>\n<tr>\n<td width=\"595\">T\u00c9CNICO EM MEIO AMBIENTE<\/td>\n<\/tr>\n<\/tbody>\n<\/table>\n","protected":false},"excerpt":{"rendered":"<p>Rela\u00e7\u00e3o de Cursos da UFRRJ que decidiram de acordo com a Delibera\u00e7\u00e3o N\u00ba 148\/CEPE, 23 de Novembro de 2016, que <a class=\"read-more\" href=\"https:\/\/institucional.ufrrj.br\/dest\/empresa-conveniadas\/empresas-conveniadas\/relacao-de-cursos-da-ufrrj-que-decidiram-de-acordo-com-a-deliberacao-no-148-cepe-23-de-novembro-de-2016-pela-nao-obrigatoriedade-dos-convenios\/ \">&#8230; <i class=\"fa fa-long-arrow-right\"><\/i><\/a><\/p>\n","protected":false},"author":576,"featured_media":0,"parent":190,"menu_order":0,"comment_status":"closed","ping_status":"closed","template":"","meta":{"_acf_changed":false,"footnotes":"","_links_to":"","_links_to_target":""},"class_list":["post-6882","page","type-page","status-publish","hentry"],"yoast_head":"<!-- This site is optimized with the Yoast SEO plugin v27.2 - https:\/\/yoast.com\/product\/yoast-seo-wordpress\/ -->\n<title>Rela\u00e7\u00e3o de cursos que decidiram pela n\u00e3o obrigatoriedade de conv\u00eanio - DEST - Divis\u00e3o de Est\u00e1gios<\/title>\n<meta name=\"robots\" content=\"index, follow, max-snippet:-1, max-image-preview:large, max-video-preview:-1\" \/>\n<link rel=\"canonical\" href=\"https:\/\/institucional.ufrrj.br\/dest\/empresa-conveniadas\/empresas-conveniadas\/relacao-de-cursos-da-ufrrj-que-decidiram-de-acordo-com-a-deliberacao-no-148-cepe-23-de-novembro-de-2016-pela-nao-obrigatoriedade-dos-convenios\/\" \/>\n<meta property=\"og:locale\" content=\"pt_BR\" \/>\n<meta property=\"og:type\" content=\"article\" \/>\n<meta property=\"og:title\" content=\"Rela\u00e7\u00e3o de cursos que decidiram pela n\u00e3o obrigatoriedade de conv\u00eanio - DEST - Divis\u00e3o de Est\u00e1gios\" \/>\n<meta property=\"og:description\" content=\"Rela\u00e7\u00e3o de Cursos da UFRRJ que decidiram de acordo com a Delibera\u00e7\u00e3o N\u00ba 148\/CEPE, 23 de Novembro de 2016, que ...\" \/>\n<meta property=\"og:url\" content=\"https:\/\/institucional.ufrrj.br\/dest\/empresa-conveniadas\/empresas-conveniadas\/relacao-de-cursos-da-ufrrj-que-decidiram-de-acordo-com-a-deliberacao-no-148-cepe-23-de-novembro-de-2016-pela-nao-obrigatoriedade-dos-convenios\/\" \/>\n<meta property=\"og:site_name\" content=\"DEST - Divis\u00e3o de Est\u00e1gios\" \/>\n<meta property=\"article:modified_time\" content=\"2024-09-20T16:01:37+00:00\" \/>\n<meta name=\"twitter:card\" content=\"summary_large_image\" \/>\n<meta name=\"twitter:label1\" content=\"Est. tempo de leitura\" \/>\n\t<meta name=\"twitter:data1\" content=\"1 minuto\" \/>\n<script type=\"application\/ld+json\" class=\"yoast-schema-graph\">{\"@context\":\"https:\/\/schema.org\",\"@graph\":[{\"@type\":\"WebPage\",\"@id\":\"https:\/\/institucional.ufrrj.br\/dest\/empresa-conveniadas\/empresas-conveniadas\/relacao-de-cursos-da-ufrrj-que-decidiram-de-acordo-com-a-deliberacao-no-148-cepe-23-de-novembro-de-2016-pela-nao-obrigatoriedade-dos-convenios\/\",\"url\":\"https:\/\/institucional.ufrrj.br\/dest\/empresa-conveniadas\/empresas-conveniadas\/relacao-de-cursos-da-ufrrj-que-decidiram-de-acordo-com-a-deliberacao-no-148-cepe-23-de-novembro-de-2016-pela-nao-obrigatoriedade-dos-convenios\/\",\"name\":\"Rela\u00e7\u00e3o de cursos que decidiram pela n\u00e3o obrigatoriedade de conv\u00eanio - DEST - Divis\u00e3o de Est\u00e1gios\",\"isPartOf\":{\"@id\":\"https:\/\/institucional.ufrrj.br\/dest\/#website\"},\"datePublished\":\"2019-09-30T14:11:42+00:00\",\"dateModified\":\"2024-09-20T16:01:37+00:00\",\"breadcrumb\":{\"@id\":\"https:\/\/institucional.ufrrj.br\/dest\/empresa-conveniadas\/empresas-conveniadas\/relacao-de-cursos-da-ufrrj-que-decidiram-de-acordo-com-a-deliberacao-no-148-cepe-23-de-novembro-de-2016-pela-nao-obrigatoriedade-dos-convenios\/#breadcrumb\"},\"inLanguage\":\"pt-BR\",\"potentialAction\":[{\"@type\":\"ReadAction\",\"target\":[\"https:\/\/institucional.ufrrj.br\/dest\/empresa-conveniadas\/empresas-conveniadas\/relacao-de-cursos-da-ufrrj-que-decidiram-de-acordo-com-a-deliberacao-no-148-cepe-23-de-novembro-de-2016-pela-nao-obrigatoriedade-dos-convenios\/\"]}]},{\"@type\":\"BreadcrumbList\",\"@id\":\"https:\/\/institucional.ufrrj.br\/dest\/empresa-conveniadas\/empresas-conveniadas\/relacao-de-cursos-da-ufrrj-que-decidiram-de-acordo-com-a-deliberacao-no-148-cepe-23-de-novembro-de-2016-pela-nao-obrigatoriedade-dos-convenios\/#breadcrumb\",\"itemListElement\":[{\"@type\":\"ListItem\",\"position\":1,\"name\":\"In\u00edcio\",\"item\":\"https:\/\/institucional.ufrrj.br\/dest\/\"},{\"@type\":\"ListItem\",\"position\":2,\"name\":\"Conv\u00eanios\",\"item\":\"https:\/\/institucional.ufrrj.br\/dest\/empresa-conveniadas\/\"},{\"@type\":\"ListItem\",\"position\":3,\"name\":\"Empresas Conveniadas\",\"item\":\"https:\/\/institucional.ufrrj.br\/dest\/empresa-conveniadas\/empresas-conveniadas\/\"},{\"@type\":\"ListItem\",\"position\":4,\"name\":\"Rela\u00e7\u00e3o de cursos que decidiram pela n\u00e3o obrigatoriedade de conv\u00eanio\"}]},{\"@type\":\"WebSite\",\"@id\":\"https:\/\/institucional.ufrrj.br\/dest\/#website\",\"url\":\"https:\/\/institucional.ufrrj.br\/dest\/\",\"name\":\"DEST - Divis\u00e3o de Est\u00e1gios\",\"description\":\"Divis\u00e3o de Est\u00e1gios\",\"potentialAction\":[{\"@type\":\"SearchAction\",\"target\":{\"@type\":\"EntryPoint\",\"urlTemplate\":\"https:\/\/institucional.ufrrj.br\/dest\/?s={search_term_string}\"},\"query-input\":{\"@type\":\"PropertyValueSpecification\",\"valueRequired\":true,\"valueName\":\"search_term_string\"}}],\"inLanguage\":\"pt-BR\"}]}<\/script>\n<!-- \/ Yoast SEO plugin. -->","yoast_head_json":{"title":"Rela\u00e7\u00e3o de cursos que decidiram pela n\u00e3o obrigatoriedade de conv\u00eanio - DEST - Divis\u00e3o de Est\u00e1gios","robots":{"index":"index","follow":"follow","max-snippet":"max-snippet:-1","max-image-preview":"max-image-preview:large","max-video-preview":"max-video-preview:-1"},"canonical":"https:\/\/institucional.ufrrj.br\/dest\/empresa-conveniadas\/empresas-conveniadas\/relacao-de-cursos-da-ufrrj-que-decidiram-de-acordo-com-a-deliberacao-no-148-cepe-23-de-novembro-de-2016-pela-nao-obrigatoriedade-dos-convenios\/","og_locale":"pt_BR","og_type":"article","og_title":"Rela\u00e7\u00e3o de cursos que decidiram pela n\u00e3o obrigatoriedade de conv\u00eanio - DEST - Divis\u00e3o de Est\u00e1gios","og_description":"Rela\u00e7\u00e3o de Cursos da UFRRJ que decidiram de acordo com a Delibera\u00e7\u00e3o N\u00ba 148\/CEPE, 23 de Novembro de 2016, que ...","og_url":"https:\/\/institucional.ufrrj.br\/dest\/empresa-conveniadas\/empresas-conveniadas\/relacao-de-cursos-da-ufrrj-que-decidiram-de-acordo-com-a-deliberacao-no-148-cepe-23-de-novembro-de-2016-pela-nao-obrigatoriedade-dos-convenios\/","og_site_name":"DEST - Divis\u00e3o de Est\u00e1gios","article_modified_time":"2024-09-20T16:01:37+00:00","twitter_card":"summary_large_image","twitter_misc":{"Est. tempo de leitura":"1 minuto"},"schema":{"@context":"https:\/\/schema.org","@graph":[{"@type":"WebPage","@id":"https:\/\/institucional.ufrrj.br\/dest\/empresa-conveniadas\/empresas-conveniadas\/relacao-de-cursos-da-ufrrj-que-decidiram-de-acordo-com-a-deliberacao-no-148-cepe-23-de-novembro-de-2016-pela-nao-obrigatoriedade-dos-convenios\/","url":"https:\/\/institucional.ufrrj.br\/dest\/empresa-conveniadas\/empresas-conveniadas\/relacao-de-cursos-da-ufrrj-que-decidiram-de-acordo-com-a-deliberacao-no-148-cepe-23-de-novembro-de-2016-pela-nao-obrigatoriedade-dos-convenios\/","name":"Rela\u00e7\u00e3o de cursos que decidiram pela n\u00e3o obrigatoriedade de conv\u00eanio - DEST - Divis\u00e3o de Est\u00e1gios","isPartOf":{"@id":"https:\/\/institucional.ufrrj.br\/dest\/#website"},"datePublished":"2019-09-30T14:11:42+00:00","dateModified":"2024-09-20T16:01:37+00:00","breadcrumb":{"@id":"https:\/\/institucional.ufrrj.br\/dest\/empresa-conveniadas\/empresas-conveniadas\/relacao-de-cursos-da-ufrrj-que-decidiram-de-acordo-com-a-deliberacao-no-148-cepe-23-de-novembro-de-2016-pela-nao-obrigatoriedade-dos-convenios\/#breadcrumb"},"inLanguage":"pt-BR","potentialAction":[{"@type":"ReadAction","target":["https:\/\/institucional.ufrrj.br\/dest\/empresa-conveniadas\/empresas-conveniadas\/relacao-de-cursos-da-ufrrj-que-decidiram-de-acordo-com-a-deliberacao-no-148-cepe-23-de-novembro-de-2016-pela-nao-obrigatoriedade-dos-convenios\/"]}]},{"@type":"BreadcrumbList","@id":"https:\/\/institucional.ufrrj.br\/dest\/empresa-conveniadas\/empresas-conveniadas\/relacao-de-cursos-da-ufrrj-que-decidiram-de-acordo-com-a-deliberacao-no-148-cepe-23-de-novembro-de-2016-pela-nao-obrigatoriedade-dos-convenios\/#breadcrumb","itemListElement":[{"@type":"ListItem","position":1,"name":"In\u00edcio","item":"https:\/\/institucional.ufrrj.br\/dest\/"},{"@type":"ListItem","position":2,"name":"Conv\u00eanios","item":"https:\/\/institucional.ufrrj.br\/dest\/empresa-conveniadas\/"},{"@type":"ListItem","position":3,"name":"Empresas Conveniadas","item":"https:\/\/institucional.ufrrj.br\/dest\/empresa-conveniadas\/empresas-conveniadas\/"},{"@type":"ListItem","position":4,"name":"Rela\u00e7\u00e3o de cursos que decidiram pela n\u00e3o obrigatoriedade de conv\u00eanio"}]},{"@type":"WebSite","@id":"https:\/\/institucional.ufrrj.br\/dest\/#website","url":"https:\/\/institucional.ufrrj.br\/dest\/","name":"DEST - Divis\u00e3o de Est\u00e1gios","description":"Divis\u00e3o de Est\u00e1gios","potentialAction":[{"@type":"SearchAction","target":{"@type":"EntryPoint","urlTemplate":"https:\/\/institucional.ufrrj.br\/dest\/?s={search_term_string}"},"query-input":{"@type":"PropertyValueSpecification","valueRequired":true,"valueName":"search_term_string"}}],"inLanguage":"pt-BR"}]}},"acf":[],"_links":{"self":[{"href":"https:\/\/institucional.ufrrj.br\/dest\/wp-json\/wp\/v2\/pages\/6882","targetHints":{"allow":["GET"]}}],"collection":[{"href":"https:\/\/institucional.ufrrj.br\/dest\/wp-json\/wp\/v2\/pages"}],"about":[{"href":"https:\/\/institucional.ufrrj.br\/dest\/wp-json\/wp\/v2\/types\/page"}],"author":[{"embeddable":true,"href":"https:\/\/institucional.ufrrj.br\/dest\/wp-json\/wp\/v2\/users\/576"}],"replies":[{"embeddable":true,"href":"https:\/\/institucional.ufrrj.br\/dest\/wp-json\/wp\/v2\/comments?post=6882"}],"version-history":[{"count":30,"href":"https:\/\/institucional.ufrrj.br\/dest\/wp-json\/wp\/v2\/pages\/6882\/revisions"}],"predecessor-version":[{"id":12127,"href":"https:\/\/institucional.ufrrj.br\/dest\/wp-json\/wp\/v2\/pages\/6882\/revisions\/12127"}],"up":[{"embeddable":true,"href":"https:\/\/institucional.ufrrj.br\/dest\/wp-json\/wp\/v2\/pages\/190"}],"wp:attachment":[{"href":"https:\/\/institucional.ufrrj.br\/dest\/wp-json\/wp\/v2\/media?parent=6882"}],"curies":[{"name":"wp","href":"https:\/\/api.w.org\/{rel}","templated":true}]}}