{"id":192,"date":"2010-12-08T15:28:33","date_gmt":"2010-12-08T15:28:33","guid":{"rendered":"http:\/\/r1.ufrrj.br\/wp\/sinteeg\/"},"modified":"2022-07-19T14:40:24","modified_gmt":"2022-07-19T17:40:24","slug":"orientacoes-para-convenios","status":"publish","type":"page","link":"https:\/\/institucional.ufrrj.br\/dest\/empresa-conveniadas\/orientacoes-para-convenios\/","title":{"rendered":"Orienta\u00e7\u00f5es para Conv\u00eanios"},"content":{"rendered":"<p>&nbsp;<\/p>\n<h3><strong>Orienta\u00e7\u00f5es para Conv\u00eanio de Est\u00e1gio\u00a0<\/strong><\/h3>\n<p>&nbsp;<\/p>\n<p>A abertura de processo para celebra\u00e7\u00e3o de conv\u00eanio de est\u00e1gio est\u00e1 sendo realizada digitalmente. \u00a0As assinaturas das Minutas devem ser realizadas eletronicamente.<\/p>\n<p>&nbsp;<\/p>\n<p>Documentos necess\u00e1rios para a celebra\u00e7\u00e3o de conv\u00eanios de est\u00e1gio junto \u00e0 UFRRJ:<\/p>\n<p>&nbsp;<\/p>\n<p>1- Memorando expedido pelo(a) Coordenador(a) do Curso de Gradua\u00e7\u00e3o solicitando a celebra\u00e7\u00e3o do Conv\u00eanio de Est\u00e1gio com a empresa. (Solicitado pelo aluno \u00e0 Coordena\u00e7\u00e3o do Curso);<\/p>\n<p>2- C\u00f3pia da c\u00e9dula de identidade e do CPF do(s) representante(s) da Institui\u00e7\u00e3o;<\/p>\n<p>3- C\u00f3pia do Ato Constitutivo, Estatuto ou Contrato Social em vigor, devidamente registrado, em se tratando de sociedades comerciais, e, no caso de sociedade por a\u00e7\u00f5es,\u00a0acompanhado de documentos de elei\u00e7\u00e3o de seus administradores;<\/p>\n<p>4- C\u00f3pia do Ato de posse\/nomea\u00e7\u00e3o do representante legal da Institui\u00e7\u00e3o (tratando-se de Institui\u00e7\u00f5es P\u00fablicas);<\/p>\n<p>5- Procura\u00e7\u00e3o (quando o nome do representante n\u00e3o constar no Contrato Social);<\/p>\n<p>6- Comprovante de Inscri\u00e7\u00e3o no CNPJ (<span style=\"color: #0000ff\"><a style=\"color: #0000ff\" href=\"http:\/\/www.receita.fazenda.gov.br\/\" target=\"_blank\" rel=\"noopener noreferrer\">www.receita.fazenda.gov.br<\/a><\/span>, Acessar Empresa, Cadastros, Comprovante de Inscri\u00e7\u00e3o e Situa\u00e7\u00e3o Cadastral no CNPJ, Acesso direto ou com senha espec\u00edfica);<\/p>\n<p>7- Minuta de conv\u00eanio (assinada eletronicamente);\u00a0<a href=\"https:\/\/institucional.ufrrj.br\/dest\/empresa-conveniadas\/minutas-de-convenio\/\" target=\"_blank\" rel=\"noopener noreferrer\"><span style=\"color: #0000ff\">https:\/\/institucional.ufrrj.br\/dest\/empresa-conveniadas\/minutas-de-convenio\/<\/span><\/a><\/p>\n<p><strong>Favor n\u00e3o datar a Minuta.<\/strong><\/p>\n<p>&nbsp;<\/p>\n<p><strong><u>IMPORTANTE<\/u><\/strong><\/p>\n<p>&nbsp;<\/p>\n<p>O prazo para a celebra\u00e7\u00e3o dos conv\u00eanios \u00e9 de at\u00e9 30 dias \u00fateis;<\/p>\n<p>O atendimento est\u00e1 sendo realizado pelo e-mail:\u00a0<span style=\"color: #0000ff\"><a style=\"color: #0000ff\" href=\"https:\/\/ruralmail.ufrrj.br\/expressolite\/mail\/\">dest@ufrrj.br<\/a><\/span>;<\/p>\n<p>Colocar no assunto do e-mail: &#8220;<strong>Conv\u00eanio de Est\u00e1gio<\/strong>&#8220;;<\/p>\n<p>Os documentos devem ser enviados por e-mail em formato PDF;<\/p>\n<p>Caso a concedente n\u00e3o possua assinatura eletr\u00f4nica, a Minuta de Conv\u00eanio de Est\u00e1gio poder\u00e1 ser assinada atrav\u00e9s do servi\u00e7o de assinatura eletr\u00f4nica disponibilizado pelo Portal do Governo Federal: GOV.BR.<\/p>\n<blockquote class=\"wp-embedded-content\" data-secret=\"vwyuCGwuT7\"><p><a href=\"https:\/\/institucional.ufrrj.br\/dest\/2021\/09\/21\/tutorial-de-cadastro-de-conta-gov-br-e-de-utilizacao-de-assinatura-eletronica-gov-br\/\">Tutorial de cadastro de conta Gov.br e de utiliza\u00e7\u00e3o de assinatura eletr\u00f4nica Gov.br.<\/a><\/p><\/blockquote>\n<p><iframe loading=\"lazy\" class=\"wp-embedded-content\" sandbox=\"allow-scripts\" security=\"restricted\" style=\"position: absolute; visibility: hidden;\" title=\"&#8220;Tutorial de cadastro de conta Gov.br e de utiliza\u00e7\u00e3o de assinatura eletr\u00f4nica Gov.br.&#8221; &#8212; DEST - Divis\u00e3o de Est\u00e1gios\" src=\"https:\/\/institucional.ufrrj.br\/dest\/2021\/09\/21\/tutorial-de-cadastro-de-conta-gov-br-e-de-utilizacao-de-assinatura-eletronica-gov-br\/embed\/#?secret=H6M3BVFjj7#?secret=vwyuCGwuT7\" data-secret=\"vwyuCGwuT7\" width=\"500\" height=\"282\" frameborder=\"0\" marginwidth=\"0\" marginheight=\"0\" scrolling=\"no\"><\/iframe><\/p>\n","protected":false},"excerpt":{"rendered":"<p>&nbsp; Orienta\u00e7\u00f5es para Conv\u00eanio de Est\u00e1gio\u00a0 &nbsp; A abertura de processo para celebra\u00e7\u00e3o de conv\u00eanio de est\u00e1gio est\u00e1 sendo realizada <a class=\"read-more\" href=\"https:\/\/institucional.ufrrj.br\/dest\/empresa-conveniadas\/orientacoes-para-convenios\/ \">&#8230; <i class=\"fa fa-long-arrow-right\"><\/i><\/a><\/p>\n","protected":false},"author":634,"featured_media":0,"parent":27,"menu_order":0,"comment_status":"open","ping_status":"open","template":"","meta":{"_acf_changed":false,"footnotes":"","_links_to":"","_links_to_target":""},"class_list":["post-192","page","type-page","status-publish","hentry"],"yoast_head":"<!-- This site is optimized with the Yoast SEO plugin v27.2 - https:\/\/yoast.com\/product\/yoast-seo-wordpress\/ -->\n<title>Orienta\u00e7\u00f5es para Conv\u00eanios - DEST - Divis\u00e3o de Est\u00e1gios<\/title>\n<meta name=\"robots\" content=\"index, follow, max-snippet:-1, max-image-preview:large, max-video-preview:-1\" \/>\n<link rel=\"canonical\" href=\"https:\/\/institucional.ufrrj.br\/dest\/empresa-conveniadas\/orientacoes-para-convenios\/\" \/>\n<meta property=\"og:locale\" content=\"pt_BR\" \/>\n<meta property=\"og:type\" content=\"article\" \/>\n<meta property=\"og:title\" content=\"Orienta\u00e7\u00f5es para Conv\u00eanios - DEST - Divis\u00e3o de Est\u00e1gios\" \/>\n<meta property=\"og:description\" content=\"&nbsp; Orienta\u00e7\u00f5es para Conv\u00eanio de Est\u00e1gio\u00a0 &nbsp; A abertura de processo para celebra\u00e7\u00e3o de conv\u00eanio de est\u00e1gio est\u00e1 sendo realizada ...\" \/>\n<meta property=\"og:url\" content=\"https:\/\/institucional.ufrrj.br\/dest\/empresa-conveniadas\/orientacoes-para-convenios\/\" \/>\n<meta property=\"og:site_name\" content=\"DEST - Divis\u00e3o de Est\u00e1gios\" \/>\n<meta property=\"article:modified_time\" content=\"2022-07-19T17:40:24+00:00\" \/>\n<meta name=\"twitter:card\" content=\"summary_large_image\" \/>\n<meta name=\"twitter:label1\" content=\"Est. tempo de leitura\" \/>\n\t<meta name=\"twitter:data1\" content=\"2 minutos\" \/>\n<script type=\"application\/ld+json\" class=\"yoast-schema-graph\">{\"@context\":\"https:\/\/schema.org\",\"@graph\":[{\"@type\":\"WebPage\",\"@id\":\"https:\/\/institucional.ufrrj.br\/dest\/empresa-conveniadas\/orientacoes-para-convenios\/\",\"url\":\"https:\/\/institucional.ufrrj.br\/dest\/empresa-conveniadas\/orientacoes-para-convenios\/\",\"name\":\"Orienta\u00e7\u00f5es para Conv\u00eanios - DEST - Divis\u00e3o de Est\u00e1gios\",\"isPartOf\":{\"@id\":\"https:\/\/institucional.ufrrj.br\/dest\/#website\"},\"datePublished\":\"2010-12-08T15:28:33+00:00\",\"dateModified\":\"2022-07-19T17:40:24+00:00\",\"breadcrumb\":{\"@id\":\"https:\/\/institucional.ufrrj.br\/dest\/empresa-conveniadas\/orientacoes-para-convenios\/#breadcrumb\"},\"inLanguage\":\"pt-BR\",\"potentialAction\":[{\"@type\":\"ReadAction\",\"target\":[\"https:\/\/institucional.ufrrj.br\/dest\/empresa-conveniadas\/orientacoes-para-convenios\/\"]}]},{\"@type\":\"BreadcrumbList\",\"@id\":\"https:\/\/institucional.ufrrj.br\/dest\/empresa-conveniadas\/orientacoes-para-convenios\/#breadcrumb\",\"itemListElement\":[{\"@type\":\"ListItem\",\"position\":1,\"name\":\"In\u00edcio\",\"item\":\"https:\/\/institucional.ufrrj.br\/dest\/\"},{\"@type\":\"ListItem\",\"position\":2,\"name\":\"Conv\u00eanios\",\"item\":\"https:\/\/institucional.ufrrj.br\/dest\/empresa-conveniadas\/\"},{\"@type\":\"ListItem\",\"position\":3,\"name\":\"Orienta\u00e7\u00f5es para Conv\u00eanios\"}]},{\"@type\":\"WebSite\",\"@id\":\"https:\/\/institucional.ufrrj.br\/dest\/#website\",\"url\":\"https:\/\/institucional.ufrrj.br\/dest\/\",\"name\":\"DEST - Divis\u00e3o de Est\u00e1gios\",\"description\":\"Divis\u00e3o de Est\u00e1gios\",\"potentialAction\":[{\"@type\":\"SearchAction\",\"target\":{\"@type\":\"EntryPoint\",\"urlTemplate\":\"https:\/\/institucional.ufrrj.br\/dest\/?s={search_term_string}\"},\"query-input\":{\"@type\":\"PropertyValueSpecification\",\"valueRequired\":true,\"valueName\":\"search_term_string\"}}],\"inLanguage\":\"pt-BR\"}]}<\/script>\n<!-- \/ Yoast SEO plugin. -->","yoast_head_json":{"title":"Orienta\u00e7\u00f5es para Conv\u00eanios - DEST - Divis\u00e3o de Est\u00e1gios","robots":{"index":"index","follow":"follow","max-snippet":"max-snippet:-1","max-image-preview":"max-image-preview:large","max-video-preview":"max-video-preview:-1"},"canonical":"https:\/\/institucional.ufrrj.br\/dest\/empresa-conveniadas\/orientacoes-para-convenios\/","og_locale":"pt_BR","og_type":"article","og_title":"Orienta\u00e7\u00f5es para Conv\u00eanios - DEST - Divis\u00e3o de Est\u00e1gios","og_description":"&nbsp; Orienta\u00e7\u00f5es para Conv\u00eanio de Est\u00e1gio\u00a0 &nbsp; A abertura de processo para celebra\u00e7\u00e3o de conv\u00eanio de est\u00e1gio est\u00e1 sendo realizada ...","og_url":"https:\/\/institucional.ufrrj.br\/dest\/empresa-conveniadas\/orientacoes-para-convenios\/","og_site_name":"DEST - Divis\u00e3o de Est\u00e1gios","article_modified_time":"2022-07-19T17:40:24+00:00","twitter_card":"summary_large_image","twitter_misc":{"Est. tempo de leitura":"2 minutos"},"schema":{"@context":"https:\/\/schema.org","@graph":[{"@type":"WebPage","@id":"https:\/\/institucional.ufrrj.br\/dest\/empresa-conveniadas\/orientacoes-para-convenios\/","url":"https:\/\/institucional.ufrrj.br\/dest\/empresa-conveniadas\/orientacoes-para-convenios\/","name":"Orienta\u00e7\u00f5es para Conv\u00eanios - DEST - Divis\u00e3o de Est\u00e1gios","isPartOf":{"@id":"https:\/\/institucional.ufrrj.br\/dest\/#website"},"datePublished":"2010-12-08T15:28:33+00:00","dateModified":"2022-07-19T17:40:24+00:00","breadcrumb":{"@id":"https:\/\/institucional.ufrrj.br\/dest\/empresa-conveniadas\/orientacoes-para-convenios\/#breadcrumb"},"inLanguage":"pt-BR","potentialAction":[{"@type":"ReadAction","target":["https:\/\/institucional.ufrrj.br\/dest\/empresa-conveniadas\/orientacoes-para-convenios\/"]}]},{"@type":"BreadcrumbList","@id":"https:\/\/institucional.ufrrj.br\/dest\/empresa-conveniadas\/orientacoes-para-convenios\/#breadcrumb","itemListElement":[{"@type":"ListItem","position":1,"name":"In\u00edcio","item":"https:\/\/institucional.ufrrj.br\/dest\/"},{"@type":"ListItem","position":2,"name":"Conv\u00eanios","item":"https:\/\/institucional.ufrrj.br\/dest\/empresa-conveniadas\/"},{"@type":"ListItem","position":3,"name":"Orienta\u00e7\u00f5es para Conv\u00eanios"}]},{"@type":"WebSite","@id":"https:\/\/institucional.ufrrj.br\/dest\/#website","url":"https:\/\/institucional.ufrrj.br\/dest\/","name":"DEST - Divis\u00e3o de Est\u00e1gios","description":"Divis\u00e3o de Est\u00e1gios","potentialAction":[{"@type":"SearchAction","target":{"@type":"EntryPoint","urlTemplate":"https:\/\/institucional.ufrrj.br\/dest\/?s={search_term_string}"},"query-input":{"@type":"PropertyValueSpecification","valueRequired":true,"valueName":"search_term_string"}}],"inLanguage":"pt-BR"}]}},"acf":[],"_links":{"self":[{"href":"https:\/\/institucional.ufrrj.br\/dest\/wp-json\/wp\/v2\/pages\/192","targetHints":{"allow":["GET"]}}],"collection":[{"href":"https:\/\/institucional.ufrrj.br\/dest\/wp-json\/wp\/v2\/pages"}],"about":[{"href":"https:\/\/institucional.ufrrj.br\/dest\/wp-json\/wp\/v2\/types\/page"}],"author":[{"embeddable":true,"href":"https:\/\/institucional.ufrrj.br\/dest\/wp-json\/wp\/v2\/users\/634"}],"replies":[{"embeddable":true,"href":"https:\/\/institucional.ufrrj.br\/dest\/wp-json\/wp\/v2\/comments?post=192"}],"version-history":[{"count":29,"href":"https:\/\/institucional.ufrrj.br\/dest\/wp-json\/wp\/v2\/pages\/192\/revisions"}],"predecessor-version":[{"id":9544,"href":"https:\/\/institucional.ufrrj.br\/dest\/wp-json\/wp\/v2\/pages\/192\/revisions\/9544"}],"up":[{"embeddable":true,"href":"https:\/\/institucional.ufrrj.br\/dest\/wp-json\/wp\/v2\/pages\/27"}],"wp:attachment":[{"href":"https:\/\/institucional.ufrrj.br\/dest\/wp-json\/wp\/v2\/media?parent=192"}],"curies":[{"name":"wp","href":"https:\/\/api.w.org\/{rel}","templated":true}]}}