{"id":15,"date":"2020-11-16T11:52:09","date_gmt":"2020-11-16T14:52:09","guid":{"rendered":"http:\/\/institucional.ufrrj.br\/cpiepe\/?page_id=15"},"modified":"2021-06-15T22:28:30","modified_gmt":"2021-06-16T01:28:30","slug":"quem-somos","status":"publish","type":"page","link":"https:\/\/institucional.ufrrj.br\/cpiepe\/quem-somos\/","title":{"rendered":"Quem Somos"},"content":{"rendered":"<div id=\"metaslider-id-31\" style=\"width: 100%;\" class=\"ml-slider-3-107-0 metaslider metaslider-flex metaslider-31 ml-slider has-dots-nav ms-theme-default\" role=\"region\" aria-label=\"New Slideshow\" data-height=\"300\" data-width=\"1110\">\n    <div id=\"metaslider_container_31\">\n        <div id=\"metaslider_31\">\n            <ul class='slides'>\n                <li style=\"display: block; width: 100%;\" class=\"slide-33 ms-image \" aria-roledescription=\"slide\" data-date=\"2020-11-18 22:22:44\" data-filename=\"IMG-20210525-WA0022-1110x300.jpg\" data-slide-type=\"image\"><img loading=\"lazy\" decoding=\"async\" src=\"https:\/\/institucional.ufrrj.br\/cpiepe\/files\/2021\/06\/IMG-20210525-WA0022-1110x300.jpg\" height=\"300\" width=\"1110\" alt=\"\" class=\"slider-31 slide-33 msDefaultImage\" \/><div class=\"caption-wrap\"><div class=\"caption\">avicultura<\/div><\/div><\/li>\n                <li style=\"display: none; width: 100%;\" class=\"slide-35 ms-image \" aria-roledescription=\"slide\" data-date=\"2020-11-18 22:23:18\" data-filename=\"IMG_2910-1110x300.jpg\" data-slide-type=\"image\"><img loading=\"lazy\" decoding=\"async\" src=\"https:\/\/institucional.ufrrj.br\/cpiepe\/files\/2020\/11\/IMG_2910-1110x300.jpg\" height=\"300\" width=\"1110\" alt=\"\" class=\"slider-31 slide-35 msDefaultImage\" \/><div class=\"caption-wrap\"><div class=\"caption\">Bovinocultura<\/div><\/div><\/li>\n                <li style=\"display: none; width: 100%;\" class=\"slide-37 ms-image \" aria-roledescription=\"slide\" data-date=\"2020-11-18 22:24:28\" data-filename=\"IMG_2920-1110x300.jpg\" data-slide-type=\"image\"><img loading=\"lazy\" decoding=\"async\" src=\"https:\/\/institucional.ufrrj.br\/cpiepe\/files\/2020\/11\/IMG_2920-1110x300.jpg\" height=\"300\" width=\"1110\" alt=\"\" class=\"slider-31 slide-37 msDefaultImage\" \/><div class=\"caption-wrap\"><div class=\"caption\">Equinocultura<\/div><\/div><\/li>\n                <li style=\"display: none; width: 100%;\" class=\"slide-39 ms-image \" aria-roledescription=\"slide\" data-date=\"2020-11-18 22:25:37\" data-filename=\"Creche-9-1110x300.jpg\" data-slide-type=\"image\"><img loading=\"lazy\" decoding=\"async\" src=\"https:\/\/institucional.ufrrj.br\/cpiepe\/files\/2020\/11\/Creche-9-1110x300.jpg\" height=\"300\" width=\"1110\" alt=\"\" class=\"slider-31 slide-39 msDefaultImage\" \/><div class=\"caption-wrap\"><div class=\"caption\">Suinocultura<\/div><\/div><\/li>\n            <\/ul>\n        <\/div>\n        \n    <\/div>\n<\/div>\n<p><strong>HIST\u00d3RICO<\/strong><\/p>\n<p style=\"text-align: justify\">A Coordenadoria de Produ\u00e7\u00e3o Integrada ao Ensino, Pesquisa e Extens\u00e3o (CPIEPE) atua em um dos maiores campus universit\u00e1rio do Brasil, a Universidade Federal Rural do Rio de Janeiro (UFRRJ). Localizado em \u00e1rea periurbana, com longa hist\u00f3ria de pesquisa aplicada \u00e0 agropecu\u00e1ria e pioneira nas \u00e1reas de agricultura com bases ecol\u00f3gicas.<\/p>\n<p style=\"text-align: justify\">A CPIEPE nasce em 3 janeiro de 2009, com intuito de ampliar a integra\u00e7\u00e3o das \u00e1reas agr\u00e1rias em um projeto \u00fanico de administra\u00e7\u00e3o p\u00fablica, permitindo assim um controle efetivo da administra\u00e7\u00e3o superior sobre a utiliza\u00e7\u00e3o das \u00e1reas pertencentes a fazenda universit\u00e1ria, universalizando e democratizando o seu uso entre todos os Institutos.<\/p>\n<p style=\"text-align: justify\">Sua estrutura organizacional \u00e9 estabelecida atrav\u00e9s de duas grandes \u00e1reas: produ\u00e7\u00e3o animal e produ\u00e7\u00e3o vegetal, vinculadas administrativamente \u00e0 Reitoria da UFRRJ, atrav\u00e9s de dois coordenadores nomeado pelo Reitor.<\/p>\n<p>&nbsp;<\/p>\n<p><strong>MISS\u00c3O<\/strong><\/p>\n<p style=\"text-align: justify\">A CPIEPE tem como miss\u00e3o propor a\u00e7\u00f5es, organizar o planejamento estrat\u00e9gico, visando \u00e0 implanta\u00e7\u00e3o da produ\u00e7\u00e3o agropecu\u00e1ria integrada ao ensino, pesquisa e extens\u00e3o, em todas as \u00e1reas f\u00edsicas da UFRRJ em parceria com movimentos sociais, agricultores, empresas e institui\u00e7\u00f5es, envolvendo as unidades acad\u00eamicas e os diversos campi da UFRRJ.<\/p>\n<p>&nbsp;<\/p>\n<p><strong>CORPO T\u00c9CNICO<\/strong><\/p>\n<p>A equipe da PRODU\u00c7\u00c3O ANIMAL\/CPIEPE \u00e9 composta por um coordenador, um respons\u00e1vel t\u00e9cnico, al\u00e9m de outros servidores t\u00e9cnicos administrativos e colaboradores terceirizados que se encontram distribu\u00eddos pelos v\u00e1rios setores de produ\u00e7\u00e3o animal da fazenda universit\u00e1ria.<\/p>\n<p style=\"text-align: justify\">As unidades de produ\u00e7\u00e3o animal sob administra\u00e7\u00e3o da CPIEPE s\u00e3o: setor de avicultura, setor de equideocultura, setor de caprinocultura, setor de cunicultura, setor de piscicultura, setor de bovinocultura, setor de reprodu\u00e7\u00e3o, setor de suinocultura, f\u00e1brica de ra\u00e7\u00e3o e sede administrativa.<\/p>\n<p>&nbsp;<\/p>\n<p><strong>LOCALIZA\u00c7\u00c3O<\/strong><\/p>\n<p>A sede administrativa est\u00e1 localizada na rua UO, S\/N, antigo pr\u00e9dio do setor de avicultura.<\/p>\n<p>&nbsp;<\/p>\n<p><strong>EQUIPE<\/strong><\/p>\n<p>Coordenador: Everton da Silva Mattos.<\/p>\n<p>Coordenador Substituto: Bruno da Silva de Vasconcelos.<\/p>\n<p>Respons\u00e1vel T\u00e9cnico: Bruno Gon\u00e7alves de Souza.<\/p>\n","protected":false},"excerpt":{"rendered":"<p>HIST\u00d3RICO A Coordenadoria de Produ\u00e7\u00e3o Integrada ao Ensino, Pesquisa e Extens\u00e3o (CPIEPE) atua em um dos maiores campus universit\u00e1rio do <a class=\"read-more\" href=\"https:\/\/institucional.ufrrj.br\/cpiepe\/quem-somos\/ \" >&#8230; <span class=\"font-italic\">leia mais <i class=\"fas fa-angle-right\"><\/i><\/span><\/a><\/p>\n","protected":false},"author":634,"featured_media":0,"parent":0,"menu_order":0,"comment_status":"closed","ping_status":"closed","template":"","meta":{"footnotes":""},"class_list":["post-15","page","type-page","status-publish","hentry"],"yoast_head":"<!-- This site is optimized with the Yoast SEO plugin v27.2 - https:\/\/yoast.com\/product\/yoast-seo-wordpress\/ -->\n<title>Quem Somos - Coordena\u00e7\u00e3o de Produ\u00e7\u00e3o Integrada ao Ensino Pesquisa e Extens\u00e3o<\/title>\n<meta name=\"robots\" content=\"index, follow, max-snippet:-1, max-image-preview:large, max-video-preview:-1\" \/>\n<link rel=\"canonical\" href=\"https:\/\/institucional.ufrrj.br\/cpiepe\/quem-somos\/\" \/>\n<meta property=\"og:locale\" content=\"pt_BR\" \/>\n<meta property=\"og:type\" content=\"article\" \/>\n<meta property=\"og:title\" content=\"Quem Somos - Coordena\u00e7\u00e3o de Produ\u00e7\u00e3o Integrada ao Ensino Pesquisa e Extens\u00e3o\" \/>\n<meta property=\"og:description\" content=\"HIST\u00d3RICO A Coordenadoria de Produ\u00e7\u00e3o Integrada ao Ensino, Pesquisa e Extens\u00e3o (CPIEPE) atua em um dos maiores campus universit\u00e1rio do ... leia mais\" \/>\n<meta property=\"og:url\" content=\"https:\/\/institucional.ufrrj.br\/cpiepe\/quem-somos\/\" \/>\n<meta property=\"og:site_name\" content=\"Coordena\u00e7\u00e3o de Produ\u00e7\u00e3o Integrada ao Ensino Pesquisa e Extens\u00e3o\" \/>\n<meta property=\"article:modified_time\" content=\"2021-06-16T01:28:30+00:00\" \/>\n<meta name=\"twitter:card\" content=\"summary_large_image\" \/>\n<meta name=\"twitter:label1\" content=\"Est. tempo de leitura\" \/>\n\t<meta name=\"twitter:data1\" content=\"2 minutos\" \/>\n<script type=\"application\/ld+json\" class=\"yoast-schema-graph\">{\"@context\":\"https:\/\/schema.org\",\"@graph\":[{\"@type\":\"WebPage\",\"@id\":\"https:\/\/institucional.ufrrj.br\/cpiepe\/quem-somos\/\",\"url\":\"https:\/\/institucional.ufrrj.br\/cpiepe\/quem-somos\/\",\"name\":\"Quem Somos - Coordena\u00e7\u00e3o de Produ\u00e7\u00e3o Integrada ao Ensino Pesquisa e Extens\u00e3o\",\"isPartOf\":{\"@id\":\"https:\/\/institucional.ufrrj.br\/cpiepe\/#website\"},\"datePublished\":\"2020-11-16T14:52:09+00:00\",\"dateModified\":\"2021-06-16T01:28:30+00:00\",\"breadcrumb\":{\"@id\":\"https:\/\/institucional.ufrrj.br\/cpiepe\/quem-somos\/#breadcrumb\"},\"inLanguage\":\"pt-BR\",\"potentialAction\":[{\"@type\":\"ReadAction\",\"target\":[\"https:\/\/institucional.ufrrj.br\/cpiepe\/quem-somos\/\"]}]},{\"@type\":\"BreadcrumbList\",\"@id\":\"https:\/\/institucional.ufrrj.br\/cpiepe\/quem-somos\/#breadcrumb\",\"itemListElement\":[{\"@type\":\"ListItem\",\"position\":1,\"name\":\"In\u00edcio\",\"item\":\"https:\/\/institucional.ufrrj.br\/cpiepe\/\"},{\"@type\":\"ListItem\",\"position\":2,\"name\":\"Quem Somos\"}]},{\"@type\":\"WebSite\",\"@id\":\"https:\/\/institucional.ufrrj.br\/cpiepe\/#website\",\"url\":\"https:\/\/institucional.ufrrj.br\/cpiepe\/\",\"name\":\"Coordena\u00e7\u00e3o de Produ\u00e7\u00e3o Integrada ao Ensino Pesquisa e Extens\u00e3o\",\"description\":\"S\u00f3 mais um site institucional.ufrrj.br\",\"potentialAction\":[{\"@type\":\"SearchAction\",\"target\":{\"@type\":\"EntryPoint\",\"urlTemplate\":\"https:\/\/institucional.ufrrj.br\/cpiepe\/?s={search_term_string}\"},\"query-input\":{\"@type\":\"PropertyValueSpecification\",\"valueRequired\":true,\"valueName\":\"search_term_string\"}}],\"inLanguage\":\"pt-BR\"}]}<\/script>\n<!-- \/ Yoast SEO plugin. -->","yoast_head_json":{"title":"Quem Somos - Coordena\u00e7\u00e3o de Produ\u00e7\u00e3o Integrada ao Ensino Pesquisa e Extens\u00e3o","robots":{"index":"index","follow":"follow","max-snippet":"max-snippet:-1","max-image-preview":"max-image-preview:large","max-video-preview":"max-video-preview:-1"},"canonical":"https:\/\/institucional.ufrrj.br\/cpiepe\/quem-somos\/","og_locale":"pt_BR","og_type":"article","og_title":"Quem Somos - Coordena\u00e7\u00e3o de Produ\u00e7\u00e3o Integrada ao Ensino Pesquisa e Extens\u00e3o","og_description":"HIST\u00d3RICO A Coordenadoria de Produ\u00e7\u00e3o Integrada ao Ensino, Pesquisa e Extens\u00e3o (CPIEPE) atua em um dos maiores campus universit\u00e1rio do ... leia mais","og_url":"https:\/\/institucional.ufrrj.br\/cpiepe\/quem-somos\/","og_site_name":"Coordena\u00e7\u00e3o de Produ\u00e7\u00e3o Integrada ao Ensino Pesquisa e Extens\u00e3o","article_modified_time":"2021-06-16T01:28:30+00:00","twitter_card":"summary_large_image","twitter_misc":{"Est. tempo de leitura":"2 minutos"},"schema":{"@context":"https:\/\/schema.org","@graph":[{"@type":"WebPage","@id":"https:\/\/institucional.ufrrj.br\/cpiepe\/quem-somos\/","url":"https:\/\/institucional.ufrrj.br\/cpiepe\/quem-somos\/","name":"Quem Somos - Coordena\u00e7\u00e3o de Produ\u00e7\u00e3o Integrada ao Ensino Pesquisa e Extens\u00e3o","isPartOf":{"@id":"https:\/\/institucional.ufrrj.br\/cpiepe\/#website"},"datePublished":"2020-11-16T14:52:09+00:00","dateModified":"2021-06-16T01:28:30+00:00","breadcrumb":{"@id":"https:\/\/institucional.ufrrj.br\/cpiepe\/quem-somos\/#breadcrumb"},"inLanguage":"pt-BR","potentialAction":[{"@type":"ReadAction","target":["https:\/\/institucional.ufrrj.br\/cpiepe\/quem-somos\/"]}]},{"@type":"BreadcrumbList","@id":"https:\/\/institucional.ufrrj.br\/cpiepe\/quem-somos\/#breadcrumb","itemListElement":[{"@type":"ListItem","position":1,"name":"In\u00edcio","item":"https:\/\/institucional.ufrrj.br\/cpiepe\/"},{"@type":"ListItem","position":2,"name":"Quem Somos"}]},{"@type":"WebSite","@id":"https:\/\/institucional.ufrrj.br\/cpiepe\/#website","url":"https:\/\/institucional.ufrrj.br\/cpiepe\/","name":"Coordena\u00e7\u00e3o de Produ\u00e7\u00e3o Integrada ao Ensino Pesquisa e Extens\u00e3o","description":"S\u00f3 mais um site institucional.ufrrj.br","potentialAction":[{"@type":"SearchAction","target":{"@type":"EntryPoint","urlTemplate":"https:\/\/institucional.ufrrj.br\/cpiepe\/?s={search_term_string}"},"query-input":{"@type":"PropertyValueSpecification","valueRequired":true,"valueName":"search_term_string"}}],"inLanguage":"pt-BR"}]}},"_links":{"self":[{"href":"https:\/\/institucional.ufrrj.br\/cpiepe\/wp-json\/wp\/v2\/pages\/15","targetHints":{"allow":["GET"]}}],"collection":[{"href":"https:\/\/institucional.ufrrj.br\/cpiepe\/wp-json\/wp\/v2\/pages"}],"about":[{"href":"https:\/\/institucional.ufrrj.br\/cpiepe\/wp-json\/wp\/v2\/types\/page"}],"author":[{"embeddable":true,"href":"https:\/\/institucional.ufrrj.br\/cpiepe\/wp-json\/wp\/v2\/users\/634"}],"replies":[{"embeddable":true,"href":"https:\/\/institucional.ufrrj.br\/cpiepe\/wp-json\/wp\/v2\/comments?post=15"}],"version-history":[{"count":10,"href":"https:\/\/institucional.ufrrj.br\/cpiepe\/wp-json\/wp\/v2\/pages\/15\/revisions"}],"predecessor-version":[{"id":307,"href":"https:\/\/institucional.ufrrj.br\/cpiepe\/wp-json\/wp\/v2\/pages\/15\/revisions\/307"}],"wp:attachment":[{"href":"https:\/\/institucional.ufrrj.br\/cpiepe\/wp-json\/wp\/v2\/media?parent=15"}],"curies":[{"name":"wp","href":"https:\/\/api.w.org\/{rel}","templated":true}]}}