{"id":67,"date":"2024-06-25T11:46:06","date_gmt":"2024-06-25T14:46:06","guid":{"rendered":"https:\/\/institucional.ufrrj.br\/cpid\/?page_id=67"},"modified":"2024-08-28T22:43:54","modified_gmt":"2024-08-29T01:43:54","slug":"setembro-amarelo","status":"publish","type":"page","link":"https:\/\/institucional.ufrrj.br\/cpid\/setembro-amarelo\/","title":{"rendered":"Setembro Amarelo"},"content":{"rendered":"\n<div class=\"wp-block-columns eplus-wrapper is-layout-flex wp-container-core-columns-is-layout-28f84493 wp-block-columns-is-layout-flex\">\n<div class=\"wp-block-column eplus-wrapper is-layout-flow wp-block-column-is-layout-flow\" style=\"flex-basis:100%\">\n<p class=\" eplus-wrapper\"><\/p>\n\n\n\n<div class=\"wp-block-columns eplus-wrapper is-layout-flex wp-container-core-columns-is-layout-28f84493 wp-block-columns-is-layout-flex\">\n<div class=\"wp-block-column eplus-wrapper is-layout-flow wp-block-column-is-layout-flow\" style=\"flex-basis:33.33%\">\n<figure class=\" wp-block-image size-large eplus-wrapper\"><img loading=\"lazy\" decoding=\"async\" width=\"1024\" height=\"1024\" src=\"https:\/\/institucional.ufrrj.br\/cpid\/files\/2024\/08\/WhatsApp-Image-2024-08-14-at-12.53.56-1024x1024.jpeg\" alt=\"\" class=\"wp-image-226\" srcset=\"https:\/\/institucional.ufrrj.br\/cpid\/files\/2024\/08\/WhatsApp-Image-2024-08-14-at-12.53.56-1024x1024.jpeg 1024w, https:\/\/institucional.ufrrj.br\/cpid\/files\/2024\/08\/WhatsApp-Image-2024-08-14-at-12.53.56-300x300.jpeg 300w, https:\/\/institucional.ufrrj.br\/cpid\/files\/2024\/08\/WhatsApp-Image-2024-08-14-at-12.53.56-150x150.jpeg 150w, https:\/\/institucional.ufrrj.br\/cpid\/files\/2024\/08\/WhatsApp-Image-2024-08-14-at-12.53.56-768x768.jpeg 768w, https:\/\/institucional.ufrrj.br\/cpid\/files\/2024\/08\/WhatsApp-Image-2024-08-14-at-12.53.56-200x200.jpeg 200w, https:\/\/institucional.ufrrj.br\/cpid\/files\/2024\/08\/WhatsApp-Image-2024-08-14-at-12.53.56-70x70.jpeg 70w, https:\/\/institucional.ufrrj.br\/cpid\/files\/2024\/08\/WhatsApp-Image-2024-08-14-at-12.53.56.jpeg 1080w\" sizes=\"auto, (max-width: 1024px) 100vw, 1024px\" \/><figcaption class=\"wp-element-caption\">Logomarca da Campanha<\/figcaption><\/figure>\n<\/div>\n\n\n\n<div class=\"wp-block-column eplus-wrapper is-layout-flow wp-block-column-is-layout-flow\" style=\"flex-basis:66.66%\">\n<p class=\" eplus-wrapper\">A finalidade \u00e9 promover o debate sobre acolhimento, sa\u00fade mental e preven\u00e7\u00e3o, al\u00e9m de discutir os n\u00edveis preocupantes de desdobramentos, entre, integrantes da comunidade acad\u00eamica. A Campanha Setembro Amarelo acontece durante todo o m\u00eas de setembro.<\/p>\n\n\n\n<p class=\" eplus-wrapper\"><\/p>\n\n\n\n<figure class=\" wp-block-image size-large is-resized eplus-wrapper\"><a href=\"https:\/\/www.instagram.com\/ufrrj_setembro_amarelo?igsh=MWdpZ3IxaWhueTR1ZQ==\"><img loading=\"lazy\" decoding=\"async\" src=\"https:\/\/institucional.ufrrj.br\/cpid\/files\/2024\/08\/ig-4-1024x986.png\" alt=\"\" class=\"wp-image-114\" width=\"95\" height=\"91\" srcset=\"https:\/\/institucional.ufrrj.br\/cpid\/files\/2024\/08\/ig-4-1024x986.png 1024w, https:\/\/institucional.ufrrj.br\/cpid\/files\/2024\/08\/ig-4-300x289.png 300w, https:\/\/institucional.ufrrj.br\/cpid\/files\/2024\/08\/ig-4-768x739.png 768w, https:\/\/institucional.ufrrj.br\/cpid\/files\/2024\/08\/ig-4-73x70.png 73w, https:\/\/institucional.ufrrj.br\/cpid\/files\/2024\/08\/ig-4.png 1122w\" sizes=\"auto, (max-width: 95px) 100vw, 95px\" \/><\/a><\/figure>\n<\/div>\n<\/div>\n<\/div>\n<\/div>\n\n\n\n<p class=\" eplus-wrapper\"><\/p>\n","protected":false},"excerpt":{"rendered":"<p>A finalidade \u00e9 promover o debate sobre acolhimento, sa\u00fade mental e preven\u00e7\u00e3o, al\u00e9m de discutir os n\u00edveis preocupantes de desdobramentos, entre, integrantes [&hellip;]<\/p>\n","protected":false},"author":853,"featured_media":0,"parent":0,"menu_order":0,"comment_status":"closed","ping_status":"closed","template":"","meta":{"_acf_changed":false,"footnotes":""},"class_list":["post-67","page","type-page","status-publish","hentry"],"yoast_head":"<!-- This site is optimized with the Yoast SEO plugin v27.2 - https:\/\/yoast.com\/product\/yoast-seo-wordpress\/ -->\n<title>Setembro Amarelo - Coordena\u00e7\u00e3o da Pol\u00edtica Institucional pela Diversidade, G\u00eanero, Etnia\/ra\u00e7a e Inclus\u00e3o<\/title>\n<meta name=\"robots\" content=\"index, follow, max-snippet:-1, max-image-preview:large, max-video-preview:-1\" \/>\n<link rel=\"canonical\" href=\"https:\/\/institucional.ufrrj.br\/cpid\/setembro-amarelo\/\" \/>\n<meta property=\"og:locale\" content=\"pt_BR\" \/>\n<meta property=\"og:type\" content=\"article\" \/>\n<meta property=\"og:title\" content=\"Setembro Amarelo - Coordena\u00e7\u00e3o da Pol\u00edtica Institucional pela Diversidade, G\u00eanero, Etnia\/ra\u00e7a e Inclus\u00e3o\" \/>\n<meta property=\"og:description\" content=\"A finalidade \u00e9 promover o debate sobre acolhimento, sa\u00fade mental e preven\u00e7\u00e3o, al\u00e9m de discutir os n\u00edveis preocupantes de desdobramentos, entre, integrantes [&hellip;]\" \/>\n<meta property=\"og:url\" content=\"https:\/\/institucional.ufrrj.br\/cpid\/setembro-amarelo\/\" \/>\n<meta property=\"og:site_name\" content=\"Coordena\u00e7\u00e3o da Pol\u00edtica Institucional pela Diversidade, G\u00eanero, Etnia\/ra\u00e7a e Inclus\u00e3o\" \/>\n<meta property=\"article:modified_time\" content=\"2024-08-29T01:43:54+00:00\" \/>\n<meta property=\"og:image\" content=\"https:\/\/institucional.ufrrj.br\/cpid\/files\/2024\/08\/WhatsApp-Image-2024-08-14-at-12.53.56-1024x1024.jpeg\" \/>\n<meta name=\"twitter:card\" content=\"summary_large_image\" \/>\n<meta name=\"twitter:label1\" content=\"Est. tempo de leitura\" \/>\n\t<meta name=\"twitter:data1\" content=\"1 minuto\" \/>\n<script type=\"application\/ld+json\" class=\"yoast-schema-graph\">{\"@context\":\"https:\/\/schema.org\",\"@graph\":[{\"@type\":\"WebPage\",\"@id\":\"https:\/\/institucional.ufrrj.br\/cpid\/setembro-amarelo\/\",\"url\":\"https:\/\/institucional.ufrrj.br\/cpid\/setembro-amarelo\/\",\"name\":\"Setembro Amarelo - Coordena\u00e7\u00e3o da Pol\u00edtica Institucional pela Diversidade, G\u00eanero, Etnia\/ra\u00e7a e Inclus\u00e3o\",\"isPartOf\":{\"@id\":\"https:\/\/institucional.ufrrj.br\/cpid\/#website\"},\"primaryImageOfPage\":{\"@id\":\"https:\/\/institucional.ufrrj.br\/cpid\/setembro-amarelo\/#primaryimage\"},\"image\":{\"@id\":\"https:\/\/institucional.ufrrj.br\/cpid\/setembro-amarelo\/#primaryimage\"},\"thumbnailUrl\":\"https:\/\/institucional.ufrrj.br\/cpid\/files\/2024\/08\/WhatsApp-Image-2024-08-14-at-12.53.56-1024x1024.jpeg\",\"datePublished\":\"2024-06-25T14:46:06+00:00\",\"dateModified\":\"2024-08-29T01:43:54+00:00\",\"breadcrumb\":{\"@id\":\"https:\/\/institucional.ufrrj.br\/cpid\/setembro-amarelo\/#breadcrumb\"},\"inLanguage\":\"pt-BR\",\"potentialAction\":[{\"@type\":\"ReadAction\",\"target\":[\"https:\/\/institucional.ufrrj.br\/cpid\/setembro-amarelo\/\"]}]},{\"@type\":\"ImageObject\",\"inLanguage\":\"pt-BR\",\"@id\":\"https:\/\/institucional.ufrrj.br\/cpid\/setembro-amarelo\/#primaryimage\",\"url\":\"https:\/\/institucional.ufrrj.br\/cpid\/files\/2024\/08\/WhatsApp-Image-2024-08-14-at-12.53.56.jpeg\",\"contentUrl\":\"https:\/\/institucional.ufrrj.br\/cpid\/files\/2024\/08\/WhatsApp-Image-2024-08-14-at-12.53.56.jpeg\",\"width\":1080,\"height\":1080},{\"@type\":\"BreadcrumbList\",\"@id\":\"https:\/\/institucional.ufrrj.br\/cpid\/setembro-amarelo\/#breadcrumb\",\"itemListElement\":[{\"@type\":\"ListItem\",\"position\":1,\"name\":\"In\u00edcio\",\"item\":\"https:\/\/institucional.ufrrj.br\/cpid\/\"},{\"@type\":\"ListItem\",\"position\":2,\"name\":\"Setembro Amarelo\"}]},{\"@type\":\"WebSite\",\"@id\":\"https:\/\/institucional.ufrrj.br\/cpid\/#website\",\"url\":\"https:\/\/institucional.ufrrj.br\/cpid\/\",\"name\":\"Coordena\u00e7\u00e3o da Pol\u00edtica Institucional pela Diversidade, G\u00eanero, Etnia\/ra\u00e7a e Inclus\u00e3o\",\"description\":\"\",\"potentialAction\":[{\"@type\":\"SearchAction\",\"target\":{\"@type\":\"EntryPoint\",\"urlTemplate\":\"https:\/\/institucional.ufrrj.br\/cpid\/?s={search_term_string}\"},\"query-input\":{\"@type\":\"PropertyValueSpecification\",\"valueRequired\":true,\"valueName\":\"search_term_string\"}}],\"inLanguage\":\"pt-BR\"}]}<\/script>\n<!-- \/ Yoast SEO plugin. -->","yoast_head_json":{"title":"Setembro Amarelo - Coordena\u00e7\u00e3o da Pol\u00edtica Institucional pela Diversidade, G\u00eanero, Etnia\/ra\u00e7a e Inclus\u00e3o","robots":{"index":"index","follow":"follow","max-snippet":"max-snippet:-1","max-image-preview":"max-image-preview:large","max-video-preview":"max-video-preview:-1"},"canonical":"https:\/\/institucional.ufrrj.br\/cpid\/setembro-amarelo\/","og_locale":"pt_BR","og_type":"article","og_title":"Setembro Amarelo - Coordena\u00e7\u00e3o da Pol\u00edtica Institucional pela Diversidade, G\u00eanero, Etnia\/ra\u00e7a e Inclus\u00e3o","og_description":"A finalidade \u00e9 promover o debate sobre acolhimento, sa\u00fade mental e preven\u00e7\u00e3o, al\u00e9m de discutir os n\u00edveis preocupantes de desdobramentos, entre, integrantes [&hellip;]","og_url":"https:\/\/institucional.ufrrj.br\/cpid\/setembro-amarelo\/","og_site_name":"Coordena\u00e7\u00e3o da Pol\u00edtica Institucional pela Diversidade, G\u00eanero, Etnia\/ra\u00e7a e Inclus\u00e3o","article_modified_time":"2024-08-29T01:43:54+00:00","og_image":[{"url":"https:\/\/institucional.ufrrj.br\/cpid\/files\/2024\/08\/WhatsApp-Image-2024-08-14-at-12.53.56-1024x1024.jpeg","type":"","width":"","height":""}],"twitter_card":"summary_large_image","twitter_misc":{"Est. tempo de leitura":"1 minuto"},"schema":{"@context":"https:\/\/schema.org","@graph":[{"@type":"WebPage","@id":"https:\/\/institucional.ufrrj.br\/cpid\/setembro-amarelo\/","url":"https:\/\/institucional.ufrrj.br\/cpid\/setembro-amarelo\/","name":"Setembro Amarelo - Coordena\u00e7\u00e3o da Pol\u00edtica Institucional pela Diversidade, G\u00eanero, Etnia\/ra\u00e7a e Inclus\u00e3o","isPartOf":{"@id":"https:\/\/institucional.ufrrj.br\/cpid\/#website"},"primaryImageOfPage":{"@id":"https:\/\/institucional.ufrrj.br\/cpid\/setembro-amarelo\/#primaryimage"},"image":{"@id":"https:\/\/institucional.ufrrj.br\/cpid\/setembro-amarelo\/#primaryimage"},"thumbnailUrl":"https:\/\/institucional.ufrrj.br\/cpid\/files\/2024\/08\/WhatsApp-Image-2024-08-14-at-12.53.56-1024x1024.jpeg","datePublished":"2024-06-25T14:46:06+00:00","dateModified":"2024-08-29T01:43:54+00:00","breadcrumb":{"@id":"https:\/\/institucional.ufrrj.br\/cpid\/setembro-amarelo\/#breadcrumb"},"inLanguage":"pt-BR","potentialAction":[{"@type":"ReadAction","target":["https:\/\/institucional.ufrrj.br\/cpid\/setembro-amarelo\/"]}]},{"@type":"ImageObject","inLanguage":"pt-BR","@id":"https:\/\/institucional.ufrrj.br\/cpid\/setembro-amarelo\/#primaryimage","url":"https:\/\/institucional.ufrrj.br\/cpid\/files\/2024\/08\/WhatsApp-Image-2024-08-14-at-12.53.56.jpeg","contentUrl":"https:\/\/institucional.ufrrj.br\/cpid\/files\/2024\/08\/WhatsApp-Image-2024-08-14-at-12.53.56.jpeg","width":1080,"height":1080},{"@type":"BreadcrumbList","@id":"https:\/\/institucional.ufrrj.br\/cpid\/setembro-amarelo\/#breadcrumb","itemListElement":[{"@type":"ListItem","position":1,"name":"In\u00edcio","item":"https:\/\/institucional.ufrrj.br\/cpid\/"},{"@type":"ListItem","position":2,"name":"Setembro Amarelo"}]},{"@type":"WebSite","@id":"https:\/\/institucional.ufrrj.br\/cpid\/#website","url":"https:\/\/institucional.ufrrj.br\/cpid\/","name":"Coordena\u00e7\u00e3o da Pol\u00edtica Institucional pela Diversidade, G\u00eanero, Etnia\/ra\u00e7a e Inclus\u00e3o","description":"","potentialAction":[{"@type":"SearchAction","target":{"@type":"EntryPoint","urlTemplate":"https:\/\/institucional.ufrrj.br\/cpid\/?s={search_term_string}"},"query-input":{"@type":"PropertyValueSpecification","valueRequired":true,"valueName":"search_term_string"}}],"inLanguage":"pt-BR"}]}},"acf":[],"_links":{"self":[{"href":"https:\/\/institucional.ufrrj.br\/cpid\/wp-json\/wp\/v2\/pages\/67","targetHints":{"allow":["GET"]}}],"collection":[{"href":"https:\/\/institucional.ufrrj.br\/cpid\/wp-json\/wp\/v2\/pages"}],"about":[{"href":"https:\/\/institucional.ufrrj.br\/cpid\/wp-json\/wp\/v2\/types\/page"}],"author":[{"embeddable":true,"href":"https:\/\/institucional.ufrrj.br\/cpid\/wp-json\/wp\/v2\/users\/853"}],"replies":[{"embeddable":true,"href":"https:\/\/institucional.ufrrj.br\/cpid\/wp-json\/wp\/v2\/comments?post=67"}],"version-history":[{"count":3,"href":"https:\/\/institucional.ufrrj.br\/cpid\/wp-json\/wp\/v2\/pages\/67\/revisions"}],"predecessor-version":[{"id":284,"href":"https:\/\/institucional.ufrrj.br\/cpid\/wp-json\/wp\/v2\/pages\/67\/revisions\/284"}],"wp:attachment":[{"href":"https:\/\/institucional.ufrrj.br\/cpid\/wp-json\/wp\/v2\/media?parent=67"}],"curies":[{"name":"wp","href":"https:\/\/api.w.org\/{rel}","templated":true}]}}