{"id":3700,"date":"2022-08-22T15:46:37","date_gmt":"2022-08-22T18:46:37","guid":{"rendered":"https:\/\/institucional.ufrrj.br\/corin\/?page_id=3700"},"modified":"2025-03-31T08:50:32","modified_gmt":"2025-03-31T11:50:32","slug":"regimentos-institucionais","status":"publish","type":"page","link":"https:\/\/institucional.ufrrj.br\/corin\/regimentos-institucionais\/","title":{"rendered":"Regimentos Institucionais\u00a0"},"content":{"rendered":"\n<p class=\" eplus-wrapper\">A portaria N\u00ba 1631\/2025 &#8211; PROPPG estabelecendo que a partir da data pelo menos 50% dos contemplados nos editais da PROPPG (Aux\u00edlios para pesquisas e mobilidade, Internacionaliza\u00e7\u00e3o e Inova\u00e7\u00e3o) sejam mulheres, respeitando os crit\u00e9rios de elegibilidade e notas m\u00ednimas de corte de cada edital. Tamb\u00e9m, as Coordena\u00e7\u00f5es e os respectivos Comit\u00eas Institucionais do Programa Institucional de Inicia\u00e7\u00e3o Cient\u00edfica e Tecnol\u00f3gica (PIBIC, PIBIC-AF, PIBITI e PIBIC-EM) da UFRRJ ter\u00e3o o prazo de at\u00e9 1 (um) ano para a implementa\u00e7\u00e3o desta norma em seus editais.<\/p>\n\n\n\n<p class=\" eplus-wrapper\">Da mesma forma, como j\u00e1 vinha acontecendo em anteriores editais institucionais, ser\u00e3o acrescidos 2 (dois) anos ao per\u00edodo de avalia\u00e7\u00e3o da produ\u00e7\u00e3o cient\u00edfica das pesquisadoras que tiveram ou adotaram filhos no per\u00edodo de 5 (cinco) anos imediatamente anteriores aos editais.<\/p>\n\n\n\n<p class=\" eplus-wrapper\">A Portaria tamb\u00e9m estabelece que os Programas de P\u00f3s-Gradua\u00e7\u00e3o da UFRRJ tenham como meta para o pr\u00f3ximo quadri\u00eanio de avalia\u00e7\u00e3o institucional da CAPES (2025-2028) a ado\u00e7\u00e3o da paridade de g\u00eanero nos seus processos seletivos, distribui\u00e7\u00e3o de bolsas e forma\u00e7\u00e3o do quadro docente, entre docentes permanentes e colaboradores, quando o quantitativo de homens se revelar predominante, respeitando os requisitos m\u00ednimos regulamentares adotados pelos documentos de \u00e1rea e pelas comiss\u00f5es espec\u00edficas de avalia\u00e7\u00e3o da CAPES.<\/p>\n\n\n\n<div data-wp-interactive=\"core\/file\" class=\" wp-block-file aligncenter eplus-wrapper\"><object data-wp-bind--hidden=\"!state.hasPdfPreview\" hidden class=\"wp-block-file__embed\" data=\"https:\/\/institucional.ufrrj.br\/corin\/files\/2025\/03\/Portaria.pdf\" type=\"application\/pdf\" style=\"width:100%;height:290px\" aria-label=\"Incorporado de Portaria.\"><\/object><a id=\"wp-block-file--media-49967b99-25dd-4a30-a6b4-cb02f894c15d\" href=\"https:\/\/institucional.ufrrj.br\/corin\/files\/2025\/03\/Portaria.pdf\">Portaria<\/a><a href=\"https:\/\/institucional.ufrrj.br\/corin\/files\/2025\/03\/Portaria.pdf\" class=\"wp-block-file__button wp-element-button\" download aria-describedby=\"wp-block-file--media-49967b99-25dd-4a30-a6b4-cb02f894c15d\">Baixar<\/a><\/div>\n","protected":false},"excerpt":{"rendered":"<p>A portaria N\u00ba 1631\/2025 &#8211; PROPPG estabelecendo que a partir da data pelo menos 50% dos contemplados nos editais da PROPPG (Aux\u00edlios [&hellip;]<\/p>\n","protected":false},"author":634,"featured_media":0,"parent":0,"menu_order":0,"comment_status":"closed","ping_status":"closed","template":"","meta":{"_acf_changed":false,"footnotes":"","_links_to":"","_links_to_target":""},"class_list":["post-3700","page","type-page","status-publish","hentry"],"yoast_head":"<!-- This site is optimized with the Yoast SEO plugin v27.2 - https:\/\/yoast.com\/product\/yoast-seo-wordpress\/ -->\n<title>Regimentos Institucionais\u00a0 - CORIN<\/title>\n<meta name=\"robots\" content=\"index, follow, max-snippet:-1, max-image-preview:large, max-video-preview:-1\" \/>\n<link rel=\"canonical\" href=\"https:\/\/institucional.ufrrj.br\/corin\/regimentos-institucionais\/\" \/>\n<meta property=\"og:locale\" content=\"pt_BR\" \/>\n<meta property=\"og:type\" content=\"article\" \/>\n<meta property=\"og:title\" content=\"Regimentos Institucionais\u00a0 - CORIN\" \/>\n<meta property=\"og:description\" content=\"A portaria N\u00ba 1631\/2025 &#8211; PROPPG estabelecendo que a partir da data pelo menos 50% dos contemplados nos editais da PROPPG (Aux\u00edlios [&hellip;]\" \/>\n<meta property=\"og:url\" content=\"https:\/\/institucional.ufrrj.br\/corin\/regimentos-institucionais\/\" \/>\n<meta property=\"og:site_name\" content=\"CORIN\" \/>\n<meta property=\"article:modified_time\" content=\"2025-03-31T11:50:32+00:00\" \/>\n<meta name=\"twitter:card\" content=\"summary_large_image\" \/>\n<meta name=\"twitter:label1\" content=\"Est. tempo de leitura\" \/>\n\t<meta name=\"twitter:data1\" content=\"1 minuto\" \/>\n<script type=\"application\/ld+json\" class=\"yoast-schema-graph\">{\"@context\":\"https:\/\/schema.org\",\"@graph\":[{\"@type\":\"WebPage\",\"@id\":\"https:\/\/institucional.ufrrj.br\/corin\/regimentos-institucionais\/\",\"url\":\"https:\/\/institucional.ufrrj.br\/corin\/regimentos-institucionais\/\",\"name\":\"Regimentos Institucionais\u00a0 - CORIN\",\"isPartOf\":{\"@id\":\"https:\/\/institucional.ufrrj.br\/corin\/#website\"},\"datePublished\":\"2022-08-22T18:46:37+00:00\",\"dateModified\":\"2025-03-31T11:50:32+00:00\",\"breadcrumb\":{\"@id\":\"https:\/\/institucional.ufrrj.br\/corin\/regimentos-institucionais\/#breadcrumb\"},\"inLanguage\":\"pt-BR\",\"potentialAction\":[{\"@type\":\"ReadAction\",\"target\":[\"https:\/\/institucional.ufrrj.br\/corin\/regimentos-institucionais\/\"]}]},{\"@type\":\"BreadcrumbList\",\"@id\":\"https:\/\/institucional.ufrrj.br\/corin\/regimentos-institucionais\/#breadcrumb\",\"itemListElement\":[{\"@type\":\"ListItem\",\"position\":1,\"name\":\"In\u00edcio\",\"item\":\"https:\/\/institucional.ufrrj.br\/corin\/\"},{\"@type\":\"ListItem\",\"position\":2,\"name\":\"Regimentos Institucionais\u00a0\"}]},{\"@type\":\"WebSite\",\"@id\":\"https:\/\/institucional.ufrrj.br\/corin\/#website\",\"url\":\"https:\/\/institucional.ufrrj.br\/corin\/\",\"name\":\"CORIN\",\"description\":\"Coordenadoria de Rela\u00e7\u00f5es Internacionais e Interinstitucionais\",\"potentialAction\":[{\"@type\":\"SearchAction\",\"target\":{\"@type\":\"EntryPoint\",\"urlTemplate\":\"https:\/\/institucional.ufrrj.br\/corin\/?s={search_term_string}\"},\"query-input\":{\"@type\":\"PropertyValueSpecification\",\"valueRequired\":true,\"valueName\":\"search_term_string\"}}],\"inLanguage\":\"pt-BR\"}]}<\/script>\n<!-- \/ Yoast SEO plugin. -->","yoast_head_json":{"title":"Regimentos Institucionais\u00a0 - CORIN","robots":{"index":"index","follow":"follow","max-snippet":"max-snippet:-1","max-image-preview":"max-image-preview:large","max-video-preview":"max-video-preview:-1"},"canonical":"https:\/\/institucional.ufrrj.br\/corin\/regimentos-institucionais\/","og_locale":"pt_BR","og_type":"article","og_title":"Regimentos Institucionais\u00a0 - CORIN","og_description":"A portaria N\u00ba 1631\/2025 &#8211; PROPPG estabelecendo que a partir da data pelo menos 50% dos contemplados nos editais da PROPPG (Aux\u00edlios [&hellip;]","og_url":"https:\/\/institucional.ufrrj.br\/corin\/regimentos-institucionais\/","og_site_name":"CORIN","article_modified_time":"2025-03-31T11:50:32+00:00","twitter_card":"summary_large_image","twitter_misc":{"Est. tempo de leitura":"1 minuto"},"schema":{"@context":"https:\/\/schema.org","@graph":[{"@type":"WebPage","@id":"https:\/\/institucional.ufrrj.br\/corin\/regimentos-institucionais\/","url":"https:\/\/institucional.ufrrj.br\/corin\/regimentos-institucionais\/","name":"Regimentos Institucionais\u00a0 - CORIN","isPartOf":{"@id":"https:\/\/institucional.ufrrj.br\/corin\/#website"},"datePublished":"2022-08-22T18:46:37+00:00","dateModified":"2025-03-31T11:50:32+00:00","breadcrumb":{"@id":"https:\/\/institucional.ufrrj.br\/corin\/regimentos-institucionais\/#breadcrumb"},"inLanguage":"pt-BR","potentialAction":[{"@type":"ReadAction","target":["https:\/\/institucional.ufrrj.br\/corin\/regimentos-institucionais\/"]}]},{"@type":"BreadcrumbList","@id":"https:\/\/institucional.ufrrj.br\/corin\/regimentos-institucionais\/#breadcrumb","itemListElement":[{"@type":"ListItem","position":1,"name":"In\u00edcio","item":"https:\/\/institucional.ufrrj.br\/corin\/"},{"@type":"ListItem","position":2,"name":"Regimentos Institucionais\u00a0"}]},{"@type":"WebSite","@id":"https:\/\/institucional.ufrrj.br\/corin\/#website","url":"https:\/\/institucional.ufrrj.br\/corin\/","name":"CORIN","description":"Coordenadoria de Rela\u00e7\u00f5es Internacionais e Interinstitucionais","potentialAction":[{"@type":"SearchAction","target":{"@type":"EntryPoint","urlTemplate":"https:\/\/institucional.ufrrj.br\/corin\/?s={search_term_string}"},"query-input":{"@type":"PropertyValueSpecification","valueRequired":true,"valueName":"search_term_string"}}],"inLanguage":"pt-BR"}]}},"acf":[],"_links":{"self":[{"href":"https:\/\/institucional.ufrrj.br\/corin\/wp-json\/wp\/v2\/pages\/3700","targetHints":{"allow":["GET"]}}],"collection":[{"href":"https:\/\/institucional.ufrrj.br\/corin\/wp-json\/wp\/v2\/pages"}],"about":[{"href":"https:\/\/institucional.ufrrj.br\/corin\/wp-json\/wp\/v2\/types\/page"}],"author":[{"embeddable":true,"href":"https:\/\/institucional.ufrrj.br\/corin\/wp-json\/wp\/v2\/users\/634"}],"replies":[{"embeddable":true,"href":"https:\/\/institucional.ufrrj.br\/corin\/wp-json\/wp\/v2\/comments?post=3700"}],"version-history":[{"count":2,"href":"https:\/\/institucional.ufrrj.br\/corin\/wp-json\/wp\/v2\/pages\/3700\/revisions"}],"predecessor-version":[{"id":5848,"href":"https:\/\/institucional.ufrrj.br\/corin\/wp-json\/wp\/v2\/pages\/3700\/revisions\/5848"}],"wp:attachment":[{"href":"https:\/\/institucional.ufrrj.br\/corin\/wp-json\/wp\/v2\/media?parent=3700"}],"curies":[{"name":"wp","href":"https:\/\/api.w.org\/{rel}","templated":true}]}}