{"id":3698,"date":"2022-08-22T15:41:26","date_gmt":"2022-08-22T18:41:26","guid":{"rendered":"https:\/\/institucional.ufrrj.br\/corin\/?page_id=3698"},"modified":"2023-09-24T18:08:32","modified_gmt":"2023-09-24T21:08:32","slug":"rede-andifes-isf","status":"publish","type":"page","link":"https:\/\/institucional.ufrrj.br\/corin\/rede-andifes-isf\/","title":{"rendered":"N\u00facleo Gestor da Rede Andifes- Isf\u00a0na UFRRJ\u00a0"},"content":{"rendered":"\n<p class=\" eplus-wrapper\">O N\u00facleo Gestor da Rede Andifes Isf na UFRRJ oferece gratuitamente cursos de idiomas- ingl\u00eas e espanhol, com foco na internacionaliza\u00e7\u00e3o. E tamb\u00e9m participa e colabora com a Oferta Coletiva da Rede Andifes Isf que semestralmente oferta cursos em 7 idiomas diferentes.<\/p>\n\n\n\n<p class=\" eplus-wrapper\">Possui como objetivo, junto \u00e0s IFES vinculadas \u00e0 Andifes que aderirem \u00e0 Rede, por meio de chamada espec\u00edfica ou carta convite, propiciar:<\/p>\n\n\n\n<ul class=\"eplus-wrapper wp-block-list\">\n<li class=\" eplus-wrapper\">A forma\u00e7\u00e3o inicial e continuada de professores de idiomas para atuarem em processos de internacionaliza\u00e7\u00e3o,<\/li>\n\n\n\n<li class=\" eplus-wrapper\">O desenvolvimento de profici\u00eancia lingu\u00edstica de:\n<ul class=\"eplus-wrapper wp-block-list\">\n<li class=\" eplus-wrapper\">Estudantes, docentes e corpo t\u00e9cnico-administrativo das IFES credenciadas;<\/li>\n\n\n\n<li class=\" eplus-wrapper\">Professores de idiomas da rede p\u00fablica de Educa\u00e7\u00e3o B\u00e1sica;<\/li>\n\n\n\n<li class=\" eplus-wrapper\">Estrangeiros (em l\u00edngua portuguesa), contribuindo para o desenvolvimento de uma pol\u00edtica lingu\u00edstica para o pa\u00eds.<\/li>\n<\/ul>\n<\/li>\n\n\n\n<li class=\" eplus-wrapper\">O trabalho em rede para o desenvolvimento de pol\u00edticas lingu\u00edsticas no Ensino Superior Brasileiro.<\/li>\n<\/ul>\n\n\n\n<p class=\" eplus-wrapper\">A Rede Andifes-IsF atuar\u00e1 em conson\u00e2ncia com as pol\u00edticas de internacionaliza\u00e7\u00e3o das IFES credenciadas e com as pol\u00edticas governamentais que as IFES se vincularem.<\/p>\n\n\n\n<p class=\" eplus-wrapper\">Assim, permite que especialistas de qualquer institui\u00e7\u00e3o de ensino superior, nacional ou internacional, se credenciem por interm\u00e9dio de chamadas espec\u00edficas para atuarem colaborativamente para o aumento do n\u00edvel de profici\u00eancia em l\u00edngua estrangeira nas IFES credenciadas, com propostas de atua\u00e7\u00e3o no trip\u00e9 ensino-pesquisa-extens\u00e3o.<\/p>\n","protected":false},"excerpt":{"rendered":"<p>O N\u00facleo Gestor da Rede Andifes Isf na UFRRJ oferece gratuitamente cursos de idiomas- ingl\u00eas e espanhol, com foco na internacionaliza\u00e7\u00e3o. E [&hellip;]<\/p>\n","protected":false},"author":634,"featured_media":0,"parent":0,"menu_order":0,"comment_status":"closed","ping_status":"closed","template":"","meta":{"_acf_changed":false,"footnotes":"","_links_to":"","_links_to_target":""},"class_list":["post-3698","page","type-page","status-publish","hentry"],"yoast_head":"<!-- This site is optimized with the Yoast SEO plugin v27.2 - https:\/\/yoast.com\/product\/yoast-seo-wordpress\/ -->\n<title>N\u00facleo Gestor da Rede Andifes- Isf\u00a0na UFRRJ\u00a0 - CORIN<\/title>\n<meta name=\"robots\" content=\"index, follow, max-snippet:-1, max-image-preview:large, max-video-preview:-1\" \/>\n<link rel=\"canonical\" href=\"https:\/\/institucional.ufrrj.br\/corin\/rede-andifes-isf\/\" \/>\n<meta property=\"og:locale\" content=\"pt_BR\" \/>\n<meta property=\"og:type\" content=\"article\" \/>\n<meta property=\"og:title\" content=\"N\u00facleo Gestor da Rede Andifes- Isf\u00a0na UFRRJ\u00a0 - CORIN\" \/>\n<meta property=\"og:description\" content=\"O N\u00facleo Gestor da Rede Andifes Isf na UFRRJ oferece gratuitamente cursos de idiomas- ingl\u00eas e espanhol, com foco na internacionaliza\u00e7\u00e3o. E [&hellip;]\" \/>\n<meta property=\"og:url\" content=\"https:\/\/institucional.ufrrj.br\/corin\/rede-andifes-isf\/\" \/>\n<meta property=\"og:site_name\" content=\"CORIN\" \/>\n<meta property=\"article:modified_time\" content=\"2023-09-24T21:08:32+00:00\" \/>\n<meta name=\"twitter:card\" content=\"summary_large_image\" \/>\n<meta name=\"twitter:label1\" content=\"Est. tempo de leitura\" \/>\n\t<meta name=\"twitter:data1\" content=\"1 minuto\" \/>\n<script type=\"application\/ld+json\" class=\"yoast-schema-graph\">{\"@context\":\"https:\/\/schema.org\",\"@graph\":[{\"@type\":\"WebPage\",\"@id\":\"https:\/\/institucional.ufrrj.br\/corin\/rede-andifes-isf\/\",\"url\":\"https:\/\/institucional.ufrrj.br\/corin\/rede-andifes-isf\/\",\"name\":\"N\u00facleo Gestor da Rede Andifes- Isf\u00a0na UFRRJ\u00a0 - CORIN\",\"isPartOf\":{\"@id\":\"https:\/\/institucional.ufrrj.br\/corin\/#website\"},\"datePublished\":\"2022-08-22T18:41:26+00:00\",\"dateModified\":\"2023-09-24T21:08:32+00:00\",\"breadcrumb\":{\"@id\":\"https:\/\/institucional.ufrrj.br\/corin\/rede-andifes-isf\/#breadcrumb\"},\"inLanguage\":\"pt-BR\",\"potentialAction\":[{\"@type\":\"ReadAction\",\"target\":[\"https:\/\/institucional.ufrrj.br\/corin\/rede-andifes-isf\/\"]}]},{\"@type\":\"BreadcrumbList\",\"@id\":\"https:\/\/institucional.ufrrj.br\/corin\/rede-andifes-isf\/#breadcrumb\",\"itemListElement\":[{\"@type\":\"ListItem\",\"position\":1,\"name\":\"In\u00edcio\",\"item\":\"https:\/\/institucional.ufrrj.br\/corin\/\"},{\"@type\":\"ListItem\",\"position\":2,\"name\":\"N\u00facleo Gestor da Rede Andifes- Isf\u00a0na UFRRJ\u00a0\"}]},{\"@type\":\"WebSite\",\"@id\":\"https:\/\/institucional.ufrrj.br\/corin\/#website\",\"url\":\"https:\/\/institucional.ufrrj.br\/corin\/\",\"name\":\"CORIN\",\"description\":\"Coordenadoria de Rela\u00e7\u00f5es Internacionais e Interinstitucionais\",\"potentialAction\":[{\"@type\":\"SearchAction\",\"target\":{\"@type\":\"EntryPoint\",\"urlTemplate\":\"https:\/\/institucional.ufrrj.br\/corin\/?s={search_term_string}\"},\"query-input\":{\"@type\":\"PropertyValueSpecification\",\"valueRequired\":true,\"valueName\":\"search_term_string\"}}],\"inLanguage\":\"pt-BR\"}]}<\/script>\n<!-- \/ Yoast SEO plugin. -->","yoast_head_json":{"title":"N\u00facleo Gestor da Rede Andifes- Isf\u00a0na UFRRJ\u00a0 - CORIN","robots":{"index":"index","follow":"follow","max-snippet":"max-snippet:-1","max-image-preview":"max-image-preview:large","max-video-preview":"max-video-preview:-1"},"canonical":"https:\/\/institucional.ufrrj.br\/corin\/rede-andifes-isf\/","og_locale":"pt_BR","og_type":"article","og_title":"N\u00facleo Gestor da Rede Andifes- Isf\u00a0na UFRRJ\u00a0 - CORIN","og_description":"O N\u00facleo Gestor da Rede Andifes Isf na UFRRJ oferece gratuitamente cursos de idiomas- ingl\u00eas e espanhol, com foco na internacionaliza\u00e7\u00e3o. E [&hellip;]","og_url":"https:\/\/institucional.ufrrj.br\/corin\/rede-andifes-isf\/","og_site_name":"CORIN","article_modified_time":"2023-09-24T21:08:32+00:00","twitter_card":"summary_large_image","twitter_misc":{"Est. tempo de leitura":"1 minuto"},"schema":{"@context":"https:\/\/schema.org","@graph":[{"@type":"WebPage","@id":"https:\/\/institucional.ufrrj.br\/corin\/rede-andifes-isf\/","url":"https:\/\/institucional.ufrrj.br\/corin\/rede-andifes-isf\/","name":"N\u00facleo Gestor da Rede Andifes- Isf\u00a0na UFRRJ\u00a0 - CORIN","isPartOf":{"@id":"https:\/\/institucional.ufrrj.br\/corin\/#website"},"datePublished":"2022-08-22T18:41:26+00:00","dateModified":"2023-09-24T21:08:32+00:00","breadcrumb":{"@id":"https:\/\/institucional.ufrrj.br\/corin\/rede-andifes-isf\/#breadcrumb"},"inLanguage":"pt-BR","potentialAction":[{"@type":"ReadAction","target":["https:\/\/institucional.ufrrj.br\/corin\/rede-andifes-isf\/"]}]},{"@type":"BreadcrumbList","@id":"https:\/\/institucional.ufrrj.br\/corin\/rede-andifes-isf\/#breadcrumb","itemListElement":[{"@type":"ListItem","position":1,"name":"In\u00edcio","item":"https:\/\/institucional.ufrrj.br\/corin\/"},{"@type":"ListItem","position":2,"name":"N\u00facleo Gestor da Rede Andifes- Isf\u00a0na UFRRJ\u00a0"}]},{"@type":"WebSite","@id":"https:\/\/institucional.ufrrj.br\/corin\/#website","url":"https:\/\/institucional.ufrrj.br\/corin\/","name":"CORIN","description":"Coordenadoria de Rela\u00e7\u00f5es Internacionais e Interinstitucionais","potentialAction":[{"@type":"SearchAction","target":{"@type":"EntryPoint","urlTemplate":"https:\/\/institucional.ufrrj.br\/corin\/?s={search_term_string}"},"query-input":{"@type":"PropertyValueSpecification","valueRequired":true,"valueName":"search_term_string"}}],"inLanguage":"pt-BR"}]}},"acf":[],"_links":{"self":[{"href":"https:\/\/institucional.ufrrj.br\/corin\/wp-json\/wp\/v2\/pages\/3698","targetHints":{"allow":["GET"]}}],"collection":[{"href":"https:\/\/institucional.ufrrj.br\/corin\/wp-json\/wp\/v2\/pages"}],"about":[{"href":"https:\/\/institucional.ufrrj.br\/corin\/wp-json\/wp\/v2\/types\/page"}],"author":[{"embeddable":true,"href":"https:\/\/institucional.ufrrj.br\/corin\/wp-json\/wp\/v2\/users\/634"}],"replies":[{"embeddable":true,"href":"https:\/\/institucional.ufrrj.br\/corin\/wp-json\/wp\/v2\/comments?post=3698"}],"version-history":[{"count":3,"href":"https:\/\/institucional.ufrrj.br\/corin\/wp-json\/wp\/v2\/pages\/3698\/revisions"}],"predecessor-version":[{"id":6120,"href":"https:\/\/institucional.ufrrj.br\/corin\/wp-json\/wp\/v2\/pages\/3698\/revisions\/6120"}],"wp:attachment":[{"href":"https:\/\/institucional.ufrrj.br\/corin\/wp-json\/wp\/v2\/media?parent=3698"}],"curies":[{"name":"wp","href":"https:\/\/api.w.org\/{rel}","templated":true}]}}