{"id":2648,"date":"2020-03-27T06:53:58","date_gmt":"2020-03-27T09:53:58","guid":{"rendered":"http:\/\/institucional.ufrrj.br\/codep\/?page_id=2648"},"modified":"2026-01-22T12:29:09","modified_gmt":"2026-01-22T15:29:09","slug":"relatorios","status":"publish","type":"page","link":"https:\/\/institucional.ufrrj.br\/codep\/relatorios\/","title":{"rendered":"Relat\u00f3rios"},"content":{"rendered":"<p><strong>Abaixo, segue a listagem dos relat\u00f3rios de desenvolvimento de pessoas a partir do ano de 2017.<\/strong><\/p>\n<p><a href=\"https:\/\/institucional.ufrrj.br\/codep\/files\/2025\/03\/RELATO\u0301RIO-QUADRIENAL-DE-DESENVOLVIMENTO-DE-PESSOAS-2017-2020.pdf\"><img loading=\"lazy\" decoding=\"async\" class=\"alignnone wp-image-7384\" src=\"https:\/\/institucional.ufrrj.br\/codep\/files\/2025\/03\/PDP-2021.pdf.jpg\" alt=\"\" width=\"173\" height=\"244\" srcset=\"https:\/\/institucional.ufrrj.br\/codep\/files\/2025\/03\/PDP-2021.pdf.jpg 1414w, https:\/\/institucional.ufrrj.br\/codep\/files\/2025\/03\/PDP-2021.pdf-212x300.jpg 212w, https:\/\/institucional.ufrrj.br\/codep\/files\/2025\/03\/PDP-2021.pdf-724x1024.jpg 724w, https:\/\/institucional.ufrrj.br\/codep\/files\/2025\/03\/PDP-2021.pdf-768x1086.jpg 768w, https:\/\/institucional.ufrrj.br\/codep\/files\/2025\/03\/PDP-2021.pdf-1086x1536.jpg 1086w\" sizes=\"auto, (max-width: 173px) 100vw, 173px\" \/><\/a>\u00a0<a href=\"https:\/\/institucional.ufrrj.br\/codep\/files\/2025\/02\/RELATO\u0301RIO-ANUAL-DE-DESENVOLVIMENTO-DE-PESSOAS-2021-.pdf\"><img loading=\"lazy\" decoding=\"async\" class=\"alignnone wp-image-7198\" src=\"https:\/\/institucional.ufrrj.br\/codep\/files\/2025\/02\/PDP-2021-1.jpg\" alt=\"\" width=\"173\" height=\"244\" srcset=\"https:\/\/institucional.ufrrj.br\/codep\/files\/2025\/02\/PDP-2021-1.jpg 1414w, https:\/\/institucional.ufrrj.br\/codep\/files\/2025\/02\/PDP-2021-1-212x300.jpg 212w, https:\/\/institucional.ufrrj.br\/codep\/files\/2025\/02\/PDP-2021-1-724x1024.jpg 724w, https:\/\/institucional.ufrrj.br\/codep\/files\/2025\/02\/PDP-2021-1-768x1086.jpg 768w, https:\/\/institucional.ufrrj.br\/codep\/files\/2025\/02\/PDP-2021-1-1086x1536.jpg 1086w\" sizes=\"auto, (max-width: 173px) 100vw, 173px\" \/><\/a>\u00a0<a href=\"https:\/\/institucional.ufrrj.br\/codep\/files\/2025\/02\/RELATO\u0301RIO-ANUAL-DE-DESENVOLVIMENTO-DE-PESSOAS-2022.pdf\"><img loading=\"lazy\" decoding=\"async\" class=\"alignnone wp-image-7203\" src=\"https:\/\/institucional.ufrrj.br\/codep\/files\/2025\/02\/8.jpg\" alt=\"\" width=\"173\" height=\"244\" srcset=\"https:\/\/institucional.ufrrj.br\/codep\/files\/2025\/02\/8.jpg 1414w, https:\/\/institucional.ufrrj.br\/codep\/files\/2025\/02\/8-212x300.jpg 212w, https:\/\/institucional.ufrrj.br\/codep\/files\/2025\/02\/8-724x1024.jpg 724w, https:\/\/institucional.ufrrj.br\/codep\/files\/2025\/02\/8-768x1086.jpg 768w, https:\/\/institucional.ufrrj.br\/codep\/files\/2025\/02\/8-1086x1536.jpg 1086w\" sizes=\"auto, (max-width: 173px) 100vw, 173px\" \/><\/a> <a href=\"https:\/\/institucional.ufrrj.br\/codep\/files\/2025\/02\/RELATO\u0301RIO-ANUAL-DE-DESENVOLVIMENTO-DE-PESSOAS-2023.pdf\"><img loading=\"lazy\" decoding=\"async\" class=\"alignnone wp-image-7210\" src=\"https:\/\/institucional.ufrrj.br\/codep\/files\/2025\/02\/PDP-2021-1-1.jpg\" alt=\"\" width=\"173\" height=\"244\" srcset=\"https:\/\/institucional.ufrrj.br\/codep\/files\/2025\/02\/PDP-2021-1-1.jpg 1414w, https:\/\/institucional.ufrrj.br\/codep\/files\/2025\/02\/PDP-2021-1-1-212x300.jpg 212w, https:\/\/institucional.ufrrj.br\/codep\/files\/2025\/02\/PDP-2021-1-1-724x1024.jpg 724w, https:\/\/institucional.ufrrj.br\/codep\/files\/2025\/02\/PDP-2021-1-1-768x1086.jpg 768w, https:\/\/institucional.ufrrj.br\/codep\/files\/2025\/02\/PDP-2021-1-1-1086x1536.jpg 1086w\" sizes=\"auto, (max-width: 173px) 100vw, 173px\" \/><\/a> <a href=\"https:\/\/institucional.ufrrj.br\/codep\/files\/2025\/02\/RELATO\u0301RIO-DE-DESENVOLVIMENTO-DE-PESSOAS-2024.pdf\"><img loading=\"lazy\" decoding=\"async\" class=\"alignnone  wp-image-7217\" src=\"https:\/\/institucional.ufrrj.br\/codep\/files\/2025\/02\/PDP-2021-2.jpg\" alt=\"\" width=\"173\" height=\"244\" srcset=\"https:\/\/institucional.ufrrj.br\/codep\/files\/2025\/02\/PDP-2021-2.jpg 1414w, https:\/\/institucional.ufrrj.br\/codep\/files\/2025\/02\/PDP-2021-2-212x300.jpg 212w, https:\/\/institucional.ufrrj.br\/codep\/files\/2025\/02\/PDP-2021-2-724x1024.jpg 724w, https:\/\/institucional.ufrrj.br\/codep\/files\/2025\/02\/PDP-2021-2-768x1086.jpg 768w, https:\/\/institucional.ufrrj.br\/codep\/files\/2025\/02\/PDP-2021-2-1086x1536.jpg 1086w\" sizes=\"auto, (max-width: 173px) 100vw, 173px\" \/> <\/a><a href=\"https:\/\/institucional.ufrrj.br\/codep\/files\/2026\/01\/Relatorio-de-gestao-anual_CODEP_2025.pdf\" data-wp-editing=\"1\"><img loading=\"lazy\" decoding=\"async\" class=\"alignnone  wp-image-8177\" src=\"https:\/\/institucional.ufrrj.br\/codep\/files\/2026\/01\/Relatorio-2025.jpg\" alt=\"\" width=\"173\" height=\"245\" srcset=\"https:\/\/institucional.ufrrj.br\/codep\/files\/2026\/01\/Relatorio-2025.jpg 1414w, https:\/\/institucional.ufrrj.br\/codep\/files\/2026\/01\/Relatorio-2025-212x300.jpg 212w, https:\/\/institucional.ufrrj.br\/codep\/files\/2026\/01\/Relatorio-2025-724x1024.jpg 724w, https:\/\/institucional.ufrrj.br\/codep\/files\/2026\/01\/Relatorio-2025-768x1086.jpg 768w, https:\/\/institucional.ufrrj.br\/codep\/files\/2026\/01\/Relatorio-2025-1086x1536.jpg 1086w\" sizes=\"auto, (max-width: 173px) 100vw, 173px\" \/><\/a><\/p>\n\n\n<p class=\"eplus-wrapper\"><\/p>\n\n\n\n<p class=\"eplus-wrapper\"><\/p>\n","protected":false},"excerpt":{"rendered":"<p>Abaixo, segue a listagem dos relat\u00f3rios de desenvolvimento de pessoas a partir do ano de 2017. \u00a0\u00a0<\/p>\n","protected":false},"author":546,"featured_media":0,"parent":0,"menu_order":0,"comment_status":"closed","ping_status":"closed","template":"","meta":{"_acf_changed":false,"footnotes":""},"class_list":["post-2648","page","type-page","status-publish","hentry"],"yoast_head":"<!-- This site is optimized with the Yoast SEO plugin v27.2 - https:\/\/yoast.com\/product\/yoast-seo-wordpress\/ -->\n<title>Relat\u00f3rios - Coordena\u00e7\u00e3o de Desenvolvimento de Pessoas<\/title>\n<meta name=\"robots\" content=\"index, follow, max-snippet:-1, max-image-preview:large, max-video-preview:-1\" \/>\n<link rel=\"canonical\" href=\"https:\/\/institucional.ufrrj.br\/codep\/relatorios\/\" \/>\n<meta property=\"og:locale\" content=\"pt_BR\" \/>\n<meta property=\"og:type\" content=\"article\" \/>\n<meta property=\"og:title\" content=\"Relat\u00f3rios - Coordena\u00e7\u00e3o de Desenvolvimento de Pessoas\" \/>\n<meta property=\"og:description\" content=\"Abaixo, segue a listagem dos relat\u00f3rios de desenvolvimento de pessoas a partir do ano de 2017. \u00a0\u00a0\" \/>\n<meta property=\"og:url\" content=\"https:\/\/institucional.ufrrj.br\/codep\/relatorios\/\" \/>\n<meta property=\"og:site_name\" content=\"Coordena\u00e7\u00e3o de Desenvolvimento de Pessoas\" \/>\n<meta property=\"article:modified_time\" content=\"2026-01-22T15:29:09+00:00\" \/>\n<meta property=\"og:image\" content=\"https:\/\/institucional.ufrrj.br\/codep\/files\/2025\/03\/PDP-2021.pdf.jpg\" \/>\n\t<meta property=\"og:image:width\" content=\"1414\" \/>\n\t<meta property=\"og:image:height\" content=\"2000\" \/>\n\t<meta property=\"og:image:type\" content=\"image\/jpeg\" \/>\n<meta name=\"twitter:card\" content=\"summary_large_image\" \/>\n<meta name=\"twitter:label1\" content=\"Est. tempo de leitura\" \/>\n\t<meta name=\"twitter:data1\" content=\"2 minutos\" \/>\n<script type=\"application\/ld+json\" class=\"yoast-schema-graph\">{\"@context\":\"https:\/\/schema.org\",\"@graph\":[{\"@type\":\"WebPage\",\"@id\":\"https:\/\/institucional.ufrrj.br\/codep\/relatorios\/\",\"url\":\"https:\/\/institucional.ufrrj.br\/codep\/relatorios\/\",\"name\":\"Relat\u00f3rios - Coordena\u00e7\u00e3o de Desenvolvimento de Pessoas\",\"isPartOf\":{\"@id\":\"https:\/\/institucional.ufrrj.br\/codep\/#website\"},\"primaryImageOfPage\":{\"@id\":\"https:\/\/institucional.ufrrj.br\/codep\/relatorios\/#primaryimage\"},\"image\":{\"@id\":\"https:\/\/institucional.ufrrj.br\/codep\/relatorios\/#primaryimage\"},\"thumbnailUrl\":\"https:\/\/institucional.ufrrj.br\/codep\/files\/2025\/03\/PDP-2021.pdf.jpg\",\"datePublished\":\"2020-03-27T09:53:58+00:00\",\"dateModified\":\"2026-01-22T15:29:09+00:00\",\"breadcrumb\":{\"@id\":\"https:\/\/institucional.ufrrj.br\/codep\/relatorios\/#breadcrumb\"},\"inLanguage\":\"pt-BR\",\"potentialAction\":[{\"@type\":\"ReadAction\",\"target\":[\"https:\/\/institucional.ufrrj.br\/codep\/relatorios\/\"]}]},{\"@type\":\"ImageObject\",\"inLanguage\":\"pt-BR\",\"@id\":\"https:\/\/institucional.ufrrj.br\/codep\/relatorios\/#primaryimage\",\"url\":\"https:\/\/institucional.ufrrj.br\/codep\/files\/2025\/03\/PDP-2021.pdf.jpg\",\"contentUrl\":\"https:\/\/institucional.ufrrj.br\/codep\/files\/2025\/03\/PDP-2021.pdf.jpg\",\"width\":1414,\"height\":2000},{\"@type\":\"BreadcrumbList\",\"@id\":\"https:\/\/institucional.ufrrj.br\/codep\/relatorios\/#breadcrumb\",\"itemListElement\":[{\"@type\":\"ListItem\",\"position\":1,\"name\":\"In\u00edcio\",\"item\":\"https:\/\/institucional.ufrrj.br\/codep\/\"},{\"@type\":\"ListItem\",\"position\":2,\"name\":\"Relat\u00f3rios\"}]},{\"@type\":\"WebSite\",\"@id\":\"https:\/\/institucional.ufrrj.br\/codep\/#website\",\"url\":\"https:\/\/institucional.ufrrj.br\/codep\/\",\"name\":\"Coordena\u00e7\u00e3o de Desenvolvimento de Pessoas\",\"description\":\"S\u00f3 mais um site institucional.ufrrj.br\",\"potentialAction\":[{\"@type\":\"SearchAction\",\"target\":{\"@type\":\"EntryPoint\",\"urlTemplate\":\"https:\/\/institucional.ufrrj.br\/codep\/?s={search_term_string}\"},\"query-input\":{\"@type\":\"PropertyValueSpecification\",\"valueRequired\":true,\"valueName\":\"search_term_string\"}}],\"inLanguage\":\"pt-BR\"}]}<\/script>\n<!-- \/ Yoast SEO plugin. -->","yoast_head_json":{"title":"Relat\u00f3rios - Coordena\u00e7\u00e3o de Desenvolvimento de Pessoas","robots":{"index":"index","follow":"follow","max-snippet":"max-snippet:-1","max-image-preview":"max-image-preview:large","max-video-preview":"max-video-preview:-1"},"canonical":"https:\/\/institucional.ufrrj.br\/codep\/relatorios\/","og_locale":"pt_BR","og_type":"article","og_title":"Relat\u00f3rios - Coordena\u00e7\u00e3o de Desenvolvimento de Pessoas","og_description":"Abaixo, segue a listagem dos relat\u00f3rios de desenvolvimento de pessoas a partir do ano de 2017. \u00a0\u00a0","og_url":"https:\/\/institucional.ufrrj.br\/codep\/relatorios\/","og_site_name":"Coordena\u00e7\u00e3o de Desenvolvimento de Pessoas","article_modified_time":"2026-01-22T15:29:09+00:00","og_image":[{"width":1414,"height":2000,"url":"https:\/\/institucional.ufrrj.br\/codep\/files\/2025\/03\/PDP-2021.pdf.jpg","type":"image\/jpeg"}],"twitter_card":"summary_large_image","twitter_misc":{"Est. tempo de leitura":"2 minutos"},"schema":{"@context":"https:\/\/schema.org","@graph":[{"@type":"WebPage","@id":"https:\/\/institucional.ufrrj.br\/codep\/relatorios\/","url":"https:\/\/institucional.ufrrj.br\/codep\/relatorios\/","name":"Relat\u00f3rios - Coordena\u00e7\u00e3o de Desenvolvimento de Pessoas","isPartOf":{"@id":"https:\/\/institucional.ufrrj.br\/codep\/#website"},"primaryImageOfPage":{"@id":"https:\/\/institucional.ufrrj.br\/codep\/relatorios\/#primaryimage"},"image":{"@id":"https:\/\/institucional.ufrrj.br\/codep\/relatorios\/#primaryimage"},"thumbnailUrl":"https:\/\/institucional.ufrrj.br\/codep\/files\/2025\/03\/PDP-2021.pdf.jpg","datePublished":"2020-03-27T09:53:58+00:00","dateModified":"2026-01-22T15:29:09+00:00","breadcrumb":{"@id":"https:\/\/institucional.ufrrj.br\/codep\/relatorios\/#breadcrumb"},"inLanguage":"pt-BR","potentialAction":[{"@type":"ReadAction","target":["https:\/\/institucional.ufrrj.br\/codep\/relatorios\/"]}]},{"@type":"ImageObject","inLanguage":"pt-BR","@id":"https:\/\/institucional.ufrrj.br\/codep\/relatorios\/#primaryimage","url":"https:\/\/institucional.ufrrj.br\/codep\/files\/2025\/03\/PDP-2021.pdf.jpg","contentUrl":"https:\/\/institucional.ufrrj.br\/codep\/files\/2025\/03\/PDP-2021.pdf.jpg","width":1414,"height":2000},{"@type":"BreadcrumbList","@id":"https:\/\/institucional.ufrrj.br\/codep\/relatorios\/#breadcrumb","itemListElement":[{"@type":"ListItem","position":1,"name":"In\u00edcio","item":"https:\/\/institucional.ufrrj.br\/codep\/"},{"@type":"ListItem","position":2,"name":"Relat\u00f3rios"}]},{"@type":"WebSite","@id":"https:\/\/institucional.ufrrj.br\/codep\/#website","url":"https:\/\/institucional.ufrrj.br\/codep\/","name":"Coordena\u00e7\u00e3o de Desenvolvimento de Pessoas","description":"S\u00f3 mais um site institucional.ufrrj.br","potentialAction":[{"@type":"SearchAction","target":{"@type":"EntryPoint","urlTemplate":"https:\/\/institucional.ufrrj.br\/codep\/?s={search_term_string}"},"query-input":{"@type":"PropertyValueSpecification","valueRequired":true,"valueName":"search_term_string"}}],"inLanguage":"pt-BR"}]}},"acf":[],"_links":{"self":[{"href":"https:\/\/institucional.ufrrj.br\/codep\/wp-json\/wp\/v2\/pages\/2648","targetHints":{"allow":["GET"]}}],"collection":[{"href":"https:\/\/institucional.ufrrj.br\/codep\/wp-json\/wp\/v2\/pages"}],"about":[{"href":"https:\/\/institucional.ufrrj.br\/codep\/wp-json\/wp\/v2\/types\/page"}],"author":[{"embeddable":true,"href":"https:\/\/institucional.ufrrj.br\/codep\/wp-json\/wp\/v2\/users\/546"}],"replies":[{"embeddable":true,"href":"https:\/\/institucional.ufrrj.br\/codep\/wp-json\/wp\/v2\/comments?post=2648"}],"version-history":[{"count":2,"href":"https:\/\/institucional.ufrrj.br\/codep\/wp-json\/wp\/v2\/pages\/2648\/revisions"}],"predecessor-version":[{"id":8180,"href":"https:\/\/institucional.ufrrj.br\/codep\/wp-json\/wp\/v2\/pages\/2648\/revisions\/8180"}],"wp:attachment":[{"href":"https:\/\/institucional.ufrrj.br\/codep\/wp-json\/wp\/v2\/media?parent=2648"}],"curies":[{"name":"wp","href":"https:\/\/api.w.org\/{rel}","templated":true}]}}