{"id":233,"date":"2018-01-15T09:41:12","date_gmt":"2018-01-15T11:41:12","guid":{"rendered":"http:\/\/institucional.ufrrj.br\/codep\/?page_id=233"},"modified":"2026-01-02T10:03:47","modified_gmt":"2026-01-02T13:03:47","slug":"horario-especial","status":"publish","type":"page","link":"https:\/\/institucional.ufrrj.br\/codep\/horario-especial\/","title":{"rendered":"Hor\u00e1rio Especial para Servidor Estudante"},"content":{"rendered":"<hr \/>\n<p><strong><span style=\"text-decoration: underline\">Informa\u00e7\u00f5es gerais:<\/span><\/strong><\/p>\n<p>O Hor\u00e1rio Especial para servidor estudante docente e t\u00e9cnico administrativo, inclusive aos servidores em est\u00e1gio probat\u00f3rio, \u00e9 uma modalidade de afastamento para capacita\u00e7\u00e3o, sendo necess\u00e1ria a compensa\u00e7\u00e3o de horas em alguns casos, podendo ser concedido quando comprovada a incompatibilidade entre o hor\u00e1rio escolar e o do setor em que o servidor estudante atua, sem preju\u00edzo do exerc\u00edcio do cargo, com jornada de trabalho de 40h semanais.<br \/>\n<strong>N\u00e3o h\u00e1 impedimentos<\/strong> para usufruir do hor\u00e1rio especial para servidor estudante ao servidor com jornada de trabalho flexibilizada de 30h semanais, desde que seja cadastrada e realizada a ocorr\u00eancia compensat\u00f3ria de horas no SIGRH.<\/p>\n<p>A partir de 03\/04\/2023, as novas solicita\u00e7\u00f5es para concess\u00e3o de hor\u00e1rio especial para servidor estudante ocorrer\u00e3o somente atrav\u00e9s do SIGRH, n\u00e3o sendo mais poss\u00edvel realizar a solicita\u00e7\u00e3o de concess\u00e3o de hor\u00e1rio especial para servidor estudante atrav\u00e9s da Mesa Virtual no SIPAC. Foi criado um tutorial com o passo a passo e informa\u00e7\u00f5es pertinentes \u00e0 solicita\u00e7\u00e3o via SIGRH. Para acess\u00e1-lo, clique <span style=\"color: #0000ff\"><strong><a style=\"color: #0000ff\" href=\"https:\/\/institucional.ufrrj.br\/codep\/files\/2024\/07\/Tutorial-Horario-Especial.pdf\" target=\"_blank\" rel=\"noopener\">aqui<\/a><\/strong><\/span>.<\/p>\n<p><span style=\"color: #212529\"><span style=\"font-family: Roboto, sans-serif\"><span style=\"font-size: medium\">Tanto o Formul\u00e1rio de Abertura \u2013 Hor\u00e1rio Especial para servidor estudante quanto o Quadro de Horas de hor\u00e1rio especial para servidor estudante foram retirados da mesa virtual no SIPAC. Aos servidores que possuem processo de hor\u00e1rio especial para servidor estudante que desejarem anexar o quadro de compensa\u00e7\u00e3o, dever\u00e3o realizar o download do referido documento nesta p\u00e1gina.<\/span><\/span><\/span><\/p>\n<p class=\"western\" align=\"LEFT\"><span style=\"color: #212529\"><span style=\"font-family: Roboto, sans-serif\"><span style=\"font-size: medium\">Conforme Memorando Circular 588\/2023 &#8211; PROGEP, encaminhado a todos os servidores, foi orientado que caso o servidor tenha <\/span><\/span><\/span><strong>processo administrativo vigente de hor\u00e1rio especial para servidor estudante,<\/strong> dever\u00e1 realizar as seguintes a\u00e7\u00f5es para<strong> migrar para o SIGRH<\/strong>:<\/p>\n<div dir=\"ltr\"><strong>1)<\/strong> Encerrar o processo no SIPAC e encaminh\u00e1-lo \u00e0 CODEP para ci\u00eancia, anexando o hist\u00f3rico escolar e <span style=\"color: #212529\"><span style=\"font-family: Roboto, sans-serif\"><span style=\"font-size: medium\">atestado de compensa\u00e7\u00e3o de horas emitido pela chefia (caso necess\u00e1rio, carregar modelo na p\u00e1gina da CODEP)<\/span><\/span><\/span>; <strong>e<\/strong><\/div>\n<div dir=\"ltr\"><\/div>\n<div dir=\"ltr\"><strong>2)<\/strong> Realizar o cadastramento do hor\u00e1rio especial para servidor estudante atrav\u00e9s do m\u00f3dulo SIGRH, <span style=\"color: #212529\"><span style=\"font-family: Roboto, sans-serif\"><span style=\"font-size: medium\">e ap\u00f3s, a chefia imediata homologar, conforme passo a passo do tutorial dispon\u00edvel nesta p\u00e1gina<\/span><\/span><\/span>.<\/div>\n<p class=\"western\" align=\"LEFT\"><span style=\"color: #212529\"><span style=\"font-family: Roboto, sans-serif\"><span style=\"font-size: medium\">Esta exig\u00eancia permitir\u00e1 ao servidor cadastrar a ocorr\u00eancia hor\u00e1rio especial estudante no m\u00f3dulo frequ\u00eancia do SIGRH.<\/span><\/span><\/span><\/p>\n<p>Nos casos em que o servidor estiver em PGD, n\u00e3o h\u00e1 nenhum impeditivo de usufruir hor\u00e1rio especial para servidor estudante, uma vez que esta modalidade \u00e9 avaliada mediante as entregas realizadas.<\/p>\n<p>A Progep orientou que os servidores que realizam gradua\u00e7\u00e3o ou p\u00f3s-gradua\u00e7\u00e3o em regime PGD, cadastrem a concess\u00e3o de hor\u00e1rio especial para servidor estudante no SIGRH, anexando todos os documentos necess\u00e1rios, para que a chefia tenha ci\u00eancia dos hor\u00e1rios em que este servidor n\u00e3o estar\u00e1 dispon\u00edvel para demanda de trabalho. Trata-se somente de registro para planejamento interno do setor, nos momentos em que o servidor estiver ausente para realiza\u00e7\u00e3o das suas atividades acad\u00eamicas, n\u00e3o havendo mais o abono de 12 horas, j\u00e1 que n\u00e3o \u00e9 necess\u00e1rio nessa modalidade.<\/p>\n<p>O servidor titular de cargo em comiss\u00e3o ou fun\u00e7\u00e3o de confian\u00e7a submete-se a regime de integral dedica\u00e7\u00e3o ao servi\u00e7o, submetendo-se ao regime de integral dedica\u00e7\u00e3o ao servi\u00e7o, podendo ser convocado sempre que houver interesse da Administra\u00e7\u00e3o, que impossibilita a concess\u00e3o do hor\u00e1rio especial para servidor estudante. Caso opte pela solicita\u00e7\u00e3o de concess\u00e3o de hor\u00e1rio especial para servidor estudante, dever\u00e1 solicitar a dispensa do cargo e entrar em contato com a COCAD (Coordena\u00e7\u00e3o de Cadastro e Movimenta\u00e7\u00e3o de Pessoal). Da mesma forma se aplicar\u00e1 ao servidores de cargo em comiss\u00e3o ou fun\u00e7\u00e3o de confian\u00e7a quando em chefia substituta agindo como chefes interinos, em regime de integral dedica\u00e7\u00e3o ao servi\u00e7o.<\/p>\n<p>Atrav\u00e9s da Portaria n\u00ba 6217\/2022 do Gabinete da Reitoria foi concedida aos servidores t\u00e9cnico-administrativos estudantes em ponto eletr\u00f4nico e com jornada de trabalho de 40h semanais, regularmente matriculados na primeira gradua\u00e7\u00e3o, bem como na primeira p\u00f3s-gradua\u00e7\u00e3o em n\u00edveis de especializa\u00e7\u00e3o, mestrado ou doutorado, em equival\u00eancia ao disposto no artigo 12, inciso VIII, da Delibera\u00e7\u00e3o CONSU n\u00b0 77\/2019, a isen\u00e7\u00e3o de compensa\u00e7\u00e3o de hor\u00e1rio, no limite m\u00e1ximo de at\u00e9 12 (doze) horas semanais, mediante pr\u00e9vio acordo com a chefia imediata, de modo a garantir a adequa\u00e7\u00e3o do funcionamento do setor de lota\u00e7\u00e3o ou exerc\u00edcio. Para fins desta Portaria, as atividades de estudo do servidor t\u00e9cnico-administrativo devem estar devidamente aprovadas nas inst\u00e2ncias pertinentes e registradas via SIGRH. Para ter acesso \u00e0 Portaria 6217\/2022 &#8211; GABREI, clique <span style=\"color: #0000ff\"><strong><a style=\"color: #0000ff\" href=\"https:\/\/institucional.ufrrj.br\/codep\/files\/2022\/09\/PORTARIA-6217_2022-12-HORAS-H.E.-3.pdf\" target=\"_blank\" rel=\"noopener\">aqui<\/a><\/strong><\/span>.<\/p>\n<p>Conforme tratado pela Delibera\u00e7\u00e3o n\u00ba 118\/2023 &#8211; SAOC, em situa\u00e7\u00f5es excepcionais, como a realiza\u00e7\u00e3o da segunda ou demais gradua\u00e7\u00f5es ou p\u00f3s-gradua\u00e7\u00f5es em n\u00edveis de especializa\u00e7\u00e3o, mestrado ou doutorado, poder\u00e3o ser avaliadas e homologadas pela chefia imediata, considerando estritamente o interesse institucional e a necessidade de aprimoramento do servi\u00e7o,\u00a0 e posteriormente aprovadas pela \u00e1rea de gest\u00e3o de pessoas da UFRRJ. Nestas situa\u00e7\u00f5es, aos servidores t\u00e9cnico-administrativos estudantes em ponto eletr\u00f4nico e com jornada de trabalho de 40h semanais, poder\u00e1 tamb\u00e9m ser concedida a isen\u00e7\u00e3o de compensa\u00e7\u00e3o de hor\u00e1rio, no limite m\u00e1ximo de at\u00e9 12 (doze) horas semanais, mediante pr\u00e9vio acordo com a chefia imediata. Para ter acesso Delibera\u00e7\u00e3o n\u00ba 118\/2023 &#8211; SAOC, clique <strong><a href=\"https:\/\/institucional.ufrrj.br\/codep\/files\/2023\/09\/Delib_118_CONSU_2023-Atualizacao-do-ponto-eletronico.pdf\" target=\"_blank\" rel=\"noopener\">aqui<\/a><\/strong>.<\/p>\n<p><strong>Aten\u00e7\u00e3o!<\/strong> O disposto na Portaria n\u00ba 6217\/2022 &#8211; GABREI e na Delibera\u00e7\u00e3o n\u00ba 118\/2023 &#8211; SAOC, que trata da isen\u00e7\u00e3o de compensa\u00e7\u00e3o de hor\u00e1rio no limite m\u00e1ximo de at\u00e9 12 (doze) horas semanais, mediante pr\u00e9vio acordo com a chefia imediata, n\u00e3o se aplica aos servidores docentes e servidores t\u00e9cnico-administrativos estudantes em ponto eletr\u00f4nico e com jornada de trabalho de 30h semanais.<\/p>\n<p>O servidor somente poder\u00e1 usufruir o hor\u00e1rio especial para servidor estudante ap\u00f3s a homologa\u00e7\u00e3o da chefia imediata no SIGRH, respeitada a data programada para in\u00edcio do pleito.<\/p>\n<p>Caber\u00e1 \u00e0 chefia imediata identificar no setor a demanda de servidores que pretendem usufruir o hor\u00e1rio especial para servidor estudante, para que contribua no processo de tomada de decis\u00e3o.<\/p>\n<p>Caso o servidor estudante tenha d\u00favidas quanto ao cadastro de ocorr\u00eancia e da frequ\u00eancia eletr\u00f4nica no SIGRH referente ao hor\u00e1rio especial para servidor estudante, solicitamos que entre em contato com a Cocad (Coordena\u00e7\u00e3o de Cadastro e Movimenta\u00e7\u00e3o de Pessoal) para maiores informa\u00e7\u00f5es.<\/p>\n<p>O sistema somente permitir\u00e1 cadastrar ocorr\u00eancia de hor\u00e1rio especial caso o servidor primeiramente tenha cadastrado a concess\u00e3o de hor\u00e1rio especial para servidor estudante no SIGRH.<\/p>\n<p>O N\u00facleo de Legisla\u00e7\u00e3o e Normas de Pessoal da PROGEP, disponibilizou um manual com as principais orienta\u00e7\u00f5es referentes ao instituto do hor\u00e1rio especial para servidor estudante previsto no Art. 98, da Lei 8112\/90 de forma simplificada, e em anexo a Nota T\u00e9cnica de hor\u00e1rio especial para servidor estudante. Para ter acesso ao Manual e a Nota T\u00e9cnica, clique <a href=\"https:\/\/institucional.ufrrj.br\/codep\/files\/2023\/09\/nt-horario-especial-versao-2.pdf\" target=\"_blank\" rel=\"noopener\"><span style=\"color: #0000ff\"><strong>aqui<\/strong><\/span><\/a>.<\/p>\n<hr \/>\n<p><b><strong><span style=\"text-decoration: underline\">Retorno antecipado, cancelamento ou interrup\u00e7\u00e3o do hor\u00e1rio especial para servidor estudante (SIGRH):<\/span><\/strong><\/b><\/p>\n<p>Caso o servidor requerente solicite o cancelamento ou interrup\u00e7\u00e3o do hor\u00e1rio especial para servidor estudante, dever\u00e1 anexar no SIGRH um documento com a solicita\u00e7\u00e3o e autoriza\u00e7\u00e3o da chefia imediata. Caso o servidor t\u00e9cnico administrativo esteja lotado em local administrativo que n\u00e3o possui Colegiado Deliberativo. Caso seja servidor docente ou t\u00e9cnico administrativo lotado em Instituto e Departamento acad\u00eamico, dever\u00e1 ser autorizada pelos Conselhos Deliberativos.<\/p>\n<hr \/>\n<p class=\"western\"><strong><span style=\"text-decoration: underline\">Checklist dos documentos necess\u00e1rios para anexar no SIGRH:<\/span><\/strong><\/p>\n<p class=\"western\">Para saber como solicitar a concess\u00e3o de hor\u00e1rio especial para servidor estudante e os documentos necess\u00e1rios que dever\u00e3o ser anexados no SIGRH, clique <span style=\"color: #0000ff\"><strong><a style=\"color: #0000ff\" href=\"https:\/\/institucional.ufrrj.br\/codep\/files\/2026\/01\/5-Fluxo-Horario-Especial-_Novo-SIGRH.pdf\" target=\"_blank\" rel=\"noopener\">aqui<\/a><\/strong><\/span>.<\/p>\n<hr \/>\n<p class=\"western\"><strong><span style=\"text-decoration: underline\">Checklist dos documentos necess\u00e1rios para anexar ao processo digital no SIPAC:<\/span><\/strong><\/p>\n<p class=\"western\">Para ter acesso ao fluxo, bem como aos documentos referentes ao hor\u00e1rio especial para servidor estudante que dever\u00e3o ser anexados no SIPAC para finalizar o processo, clique <span style=\"color: #0000ff\"><strong><a style=\"color: #0000ff\" href=\"https:\/\/institucional.ufrrj.br\/codep\/files\/2026\/01\/5-Fluxo-Horario-Especial-_Novo-Digital.pdf\" target=\"_blank\" rel=\"noopener\">aqui<\/a><\/strong><\/span>.<\/p>\n<hr \/>\n<p><strong><span style=\"text-decoration: underline\">Presta\u00e7\u00e3o de contas:<\/span><\/strong><\/p>\n<p><strong>Responsabilidade do servidor estudante:<\/strong><\/p>\n<p><strong>1)<\/strong> Apresentar semestralmente para a sua chefia imediata documento que comprove sua participa\u00e7\u00e3o na a\u00e7\u00e3o de desenvolvimento, como por exemplo o hist\u00f3rico escolar ou documento equivalente, para o qual solicitou a concess\u00e3o de hor\u00e1rio especial para servidor estudante no SIGRH. Ao finalizar o hor\u00e1rio especial para servidor estudante, dever\u00e1 apresentar para a sua chefia imediata o certificado de conclus\u00e3o e o hist\u00f3rico escolar ou documento equivalente.<\/p>\n<p><strong>Responsabilidade da Chefia:<\/strong><\/p>\n<p><strong>1)<\/strong> Acompanhar e atestar a compensa\u00e7\u00e3o de horas nos casos de servidor t\u00e9cnico-administrativo em ponto eletr\u00f4nico que precise se ausentar do servi\u00e7o acima de 12 horas semanais;<\/p>\n<p><strong>2)<\/strong> Acompanhar e atestar a compensa\u00e7\u00e3o de horas nos casos de servidor docente em hor\u00e1rio especial para servidor estudante; e<\/p>\n<p><strong>3)<\/strong> Solicitar semestralmente o documento comprobat\u00f3rio de participa\u00e7\u00e3o na a\u00e7\u00e3o de desenvolvimento para o qual o servidor da sua equipe solicitou a concess\u00e3o de hor\u00e1rio especial para servidor estudante;<\/p>\n<hr \/>\n<p><strong><span style=\"text-decoration: underline\">Prorroga\u00e7\u00e3o do hor\u00e1rio especial para servidor estudante:<\/span><\/strong><\/p>\n<p>Quando houver necessidade de prorroga\u00e7\u00e3o, dever\u00e1 ser solicitado pelo SIGRH, anexando os seguintes documentos:<\/p>\n<p>\u2013 Ata de aprova\u00e7\u00e3o do colegiado do Departamento referente \u00e0 prorroga\u00e7\u00e3o (caso servidor docente ou servidor t\u00e9cnico lotado em local que possua Conselho Deliberativo)<\/p>\n<p>\u2013 Ata de aprova\u00e7\u00e3o do CONSUNI referente \u00e0 prorroga\u00e7\u00e3o (caso servidor docente ou servidor t\u00e9cnico lotado em local que possua Conselho Deliberativo)<\/p>\n<p>\u2013 Autoriza\u00e7\u00e3o e Ci\u00eancia da chefia imediata referente \u00e0 prorroga\u00e7\u00e3o (caso servidor t\u00e9cnico lotado em local que n\u00e3o possua Conselho Deliberativo)<\/p>\n<p>\u2013 Ata de aprova\u00e7\u00e3o do CTUR referente \u00e0 prorroga\u00e7\u00e3o (caso servidor docente ou t\u00e9cnico lotado no CTUR)<\/p>\n<p>&#8211;\u00a0 Grade de hor\u00e1rios, emitida pela Institui\u00e7\u00e3o de Ensino, constando nome do curso, disciplinas a serem cursadas no semestre e seus respectivos dias, hor\u00e1rios e local.<\/p>\n<p>\u2013 Justificativa de Prorroga\u00e7\u00e3o (modelo dispon\u00edvel para download)<\/p>\n<p>\u2013 Quadro de horas de hor\u00e1rio especial para servidor estudante (modelo dispon\u00edvel para download)<\/p>\n<hr \/>\n<p><strong><span style=\"text-decoration: underline\">Documentos para downloads:<\/span><\/strong><\/p>\n<p><a href=\"https:\/\/institucional.ufrrj.br\/codep\/files\/2021\/11\/Justificativa-de-Prorroga\u00e7\u00e3o-1.docx\" target=\"_blank\" rel=\"noopener noreferrer\">Justificativa de Prorroga\u00e7\u00e3o.doc<\/a><\/p>\n<p><a href=\"https:\/\/docs.google.com\/document\/d\/14XztvfpfzjkpwUOi6Yqu9kxq4WcBLPqe5uW9cMsg08U\/edit?usp=sharing\" target=\"_blank\" rel=\"noopener\">Justificativa de hor\u00e1rio especial &#8211; segunda gradua\u00e7\u00e3o ou p\u00f3s-gradua\u00e7\u00e3o<\/a><\/p>\n<p><a href=\"https:\/\/institucional.ufrrj.br\/codep\/files\/2023\/03\/Declaracao-de-compesancao-de-horas.docx\" target=\"_blank\" rel=\"noopener\">Atestado da chefia de compensa\u00e7\u00e3o de horas.doc<\/a><\/p>\n<p><a href=\"https:\/\/institucional.ufrrj.br\/codep\/files\/2024\/07\/Tutorial-Horario-Especial.pdf\">Tutorial de cadastramento do hor\u00e1rio especial para servidor estudante<\/a><\/p>\n<p><a href=\"https:\/\/institucional.ufrrj.br\/codep\/files\/2024\/02\/nt-horario-especial-versao-2.pdf\" target=\"_blank\" rel=\"attachment noopener wp-att-3640 noreferrer\">Nota T\u00e9cnica Hor\u00e1rio Especial Servidor Estudante.pdf<\/a><\/p>\n<p><a href=\"https:\/\/institucional.ufrrj.br\/codep\/files\/2023\/07\/Modelo-2023-quadro-horario-especial-atualizado-1.docx\" target=\"_blank\" rel=\"noopener\">Quadro de horas de hor\u00e1rio especial para servidor estudante.doc<\/a><\/p>\n<p><a href=\"https:\/\/institucional.ufrrj.br\/codep\/files\/2023\/03\/PORTARIA-6217_2022-12-HORAS-H.E.-1.pdf\" target=\"_blank\" rel=\"noopener\">Portaria 6217\/2022 &#8211; GABREI.pdf<\/a><\/p>\n<p><a href=\"https:\/\/institucional.ufrrj.br\/codep\/horario-especial\/delib-118-consu-2023-1\/\" target=\"_blank\" rel=\"attachment noopener wp-att-4919\">Delib-118-CONSU-2023<\/a><\/p>\n<p><strong>Servidor Respons\u00e1vel:<\/strong><\/p>\n<p>Rodrigo Malta<\/p>\n<p>E-mail: afastamento@ufrrj.br<\/p>\n<p>Telefone: 2681-4674<\/p>\n","protected":false},"excerpt":{"rendered":"<p>Informa\u00e7\u00f5es gerais: O Hor\u00e1rio Especial para servidor estudante docente e t\u00e9cnico administrativo, inclusive aos servidores em est\u00e1gio probat\u00f3rio, \u00e9 uma <a class=\"read-more\" href=\"https:\/\/institucional.ufrrj.br\/codep\/horario-especial\/ \" >&#8230; <span class=\"font-italic\">leia mais <i class=\"fas fa-angle-right\"><\/i><\/span><\/a><\/p>\n","protected":false},"author":546,"featured_media":0,"parent":0,"menu_order":0,"comment_status":"closed","ping_status":"closed","template":"","meta":{"_acf_changed":false,"footnotes":""},"class_list":["post-233","page","type-page","status-publish","hentry"],"yoast_head":"<!-- This site is optimized with the Yoast SEO plugin v27.2 - https:\/\/yoast.com\/product\/yoast-seo-wordpress\/ -->\n<title>Hor\u00e1rio Especial para Servidor Estudante - Coordena\u00e7\u00e3o de Desenvolvimento de Pessoas<\/title>\n<meta name=\"robots\" content=\"index, follow, max-snippet:-1, max-image-preview:large, max-video-preview:-1\" \/>\n<link rel=\"canonical\" href=\"https:\/\/institucional.ufrrj.br\/codep\/horario-especial\/\" \/>\n<meta property=\"og:locale\" content=\"pt_BR\" \/>\n<meta property=\"og:type\" content=\"article\" \/>\n<meta property=\"og:title\" content=\"Hor\u00e1rio Especial para Servidor Estudante - Coordena\u00e7\u00e3o de Desenvolvimento de Pessoas\" \/>\n<meta property=\"og:description\" content=\"Informa\u00e7\u00f5es gerais: O Hor\u00e1rio Especial para servidor estudante docente e t\u00e9cnico administrativo, inclusive aos servidores em est\u00e1gio probat\u00f3rio, \u00e9 uma ... leia mais\" \/>\n<meta property=\"og:url\" content=\"https:\/\/institucional.ufrrj.br\/codep\/horario-especial\/\" \/>\n<meta property=\"og:site_name\" content=\"Coordena\u00e7\u00e3o de Desenvolvimento de Pessoas\" \/>\n<meta property=\"article:modified_time\" content=\"2026-01-02T13:03:47+00:00\" \/>\n<meta name=\"twitter:card\" content=\"summary_large_image\" \/>\n<meta name=\"twitter:label1\" content=\"Est. tempo de leitura\" \/>\n\t<meta name=\"twitter:data1\" content=\"9 minutos\" \/>\n<script type=\"application\/ld+json\" class=\"yoast-schema-graph\">{\"@context\":\"https:\/\/schema.org\",\"@graph\":[{\"@type\":\"WebPage\",\"@id\":\"https:\/\/institucional.ufrrj.br\/codep\/horario-especial\/\",\"url\":\"https:\/\/institucional.ufrrj.br\/codep\/horario-especial\/\",\"name\":\"Hor\u00e1rio Especial para Servidor Estudante - Coordena\u00e7\u00e3o de Desenvolvimento de Pessoas\",\"isPartOf\":{\"@id\":\"https:\/\/institucional.ufrrj.br\/codep\/#website\"},\"datePublished\":\"2018-01-15T11:41:12+00:00\",\"dateModified\":\"2026-01-02T13:03:47+00:00\",\"breadcrumb\":{\"@id\":\"https:\/\/institucional.ufrrj.br\/codep\/horario-especial\/#breadcrumb\"},\"inLanguage\":\"pt-BR\",\"potentialAction\":[{\"@type\":\"ReadAction\",\"target\":[\"https:\/\/institucional.ufrrj.br\/codep\/horario-especial\/\"]}]},{\"@type\":\"BreadcrumbList\",\"@id\":\"https:\/\/institucional.ufrrj.br\/codep\/horario-especial\/#breadcrumb\",\"itemListElement\":[{\"@type\":\"ListItem\",\"position\":1,\"name\":\"In\u00edcio\",\"item\":\"https:\/\/institucional.ufrrj.br\/codep\/\"},{\"@type\":\"ListItem\",\"position\":2,\"name\":\"Hor\u00e1rio Especial para Servidor Estudante\"}]},{\"@type\":\"WebSite\",\"@id\":\"https:\/\/institucional.ufrrj.br\/codep\/#website\",\"url\":\"https:\/\/institucional.ufrrj.br\/codep\/\",\"name\":\"Coordena\u00e7\u00e3o de Desenvolvimento de Pessoas\",\"description\":\"S\u00f3 mais um site institucional.ufrrj.br\",\"potentialAction\":[{\"@type\":\"SearchAction\",\"target\":{\"@type\":\"EntryPoint\",\"urlTemplate\":\"https:\/\/institucional.ufrrj.br\/codep\/?s={search_term_string}\"},\"query-input\":{\"@type\":\"PropertyValueSpecification\",\"valueRequired\":true,\"valueName\":\"search_term_string\"}}],\"inLanguage\":\"pt-BR\"}]}<\/script>\n<!-- \/ Yoast SEO plugin. -->","yoast_head_json":{"title":"Hor\u00e1rio Especial para Servidor Estudante - Coordena\u00e7\u00e3o de Desenvolvimento de Pessoas","robots":{"index":"index","follow":"follow","max-snippet":"max-snippet:-1","max-image-preview":"max-image-preview:large","max-video-preview":"max-video-preview:-1"},"canonical":"https:\/\/institucional.ufrrj.br\/codep\/horario-especial\/","og_locale":"pt_BR","og_type":"article","og_title":"Hor\u00e1rio Especial para Servidor Estudante - Coordena\u00e7\u00e3o de Desenvolvimento de Pessoas","og_description":"Informa\u00e7\u00f5es gerais: O Hor\u00e1rio Especial para servidor estudante docente e t\u00e9cnico administrativo, inclusive aos servidores em est\u00e1gio probat\u00f3rio, \u00e9 uma ... leia mais","og_url":"https:\/\/institucional.ufrrj.br\/codep\/horario-especial\/","og_site_name":"Coordena\u00e7\u00e3o de Desenvolvimento de Pessoas","article_modified_time":"2026-01-02T13:03:47+00:00","twitter_card":"summary_large_image","twitter_misc":{"Est. tempo de leitura":"9 minutos"},"schema":{"@context":"https:\/\/schema.org","@graph":[{"@type":"WebPage","@id":"https:\/\/institucional.ufrrj.br\/codep\/horario-especial\/","url":"https:\/\/institucional.ufrrj.br\/codep\/horario-especial\/","name":"Hor\u00e1rio Especial para Servidor Estudante - Coordena\u00e7\u00e3o de Desenvolvimento de Pessoas","isPartOf":{"@id":"https:\/\/institucional.ufrrj.br\/codep\/#website"},"datePublished":"2018-01-15T11:41:12+00:00","dateModified":"2026-01-02T13:03:47+00:00","breadcrumb":{"@id":"https:\/\/institucional.ufrrj.br\/codep\/horario-especial\/#breadcrumb"},"inLanguage":"pt-BR","potentialAction":[{"@type":"ReadAction","target":["https:\/\/institucional.ufrrj.br\/codep\/horario-especial\/"]}]},{"@type":"BreadcrumbList","@id":"https:\/\/institucional.ufrrj.br\/codep\/horario-especial\/#breadcrumb","itemListElement":[{"@type":"ListItem","position":1,"name":"In\u00edcio","item":"https:\/\/institucional.ufrrj.br\/codep\/"},{"@type":"ListItem","position":2,"name":"Hor\u00e1rio Especial para Servidor Estudante"}]},{"@type":"WebSite","@id":"https:\/\/institucional.ufrrj.br\/codep\/#website","url":"https:\/\/institucional.ufrrj.br\/codep\/","name":"Coordena\u00e7\u00e3o de Desenvolvimento de Pessoas","description":"S\u00f3 mais um site institucional.ufrrj.br","potentialAction":[{"@type":"SearchAction","target":{"@type":"EntryPoint","urlTemplate":"https:\/\/institucional.ufrrj.br\/codep\/?s={search_term_string}"},"query-input":{"@type":"PropertyValueSpecification","valueRequired":true,"valueName":"search_term_string"}}],"inLanguage":"pt-BR"}]}},"acf":[],"_links":{"self":[{"href":"https:\/\/institucional.ufrrj.br\/codep\/wp-json\/wp\/v2\/pages\/233","targetHints":{"allow":["GET"]}}],"collection":[{"href":"https:\/\/institucional.ufrrj.br\/codep\/wp-json\/wp\/v2\/pages"}],"about":[{"href":"https:\/\/institucional.ufrrj.br\/codep\/wp-json\/wp\/v2\/types\/page"}],"author":[{"embeddable":true,"href":"https:\/\/institucional.ufrrj.br\/codep\/wp-json\/wp\/v2\/users\/546"}],"replies":[{"embeddable":true,"href":"https:\/\/institucional.ufrrj.br\/codep\/wp-json\/wp\/v2\/comments?post=233"}],"version-history":[{"count":1,"href":"https:\/\/institucional.ufrrj.br\/codep\/wp-json\/wp\/v2\/pages\/233\/revisions"}],"predecessor-version":[{"id":8156,"href":"https:\/\/institucional.ufrrj.br\/codep\/wp-json\/wp\/v2\/pages\/233\/revisions\/8156"}],"wp:attachment":[{"href":"https:\/\/institucional.ufrrj.br\/codep\/wp-json\/wp\/v2\/media?parent=233"}],"curies":[{"name":"wp","href":"https:\/\/api.w.org\/{rel}","templated":true}]}}