{"id":192,"date":"2018-01-12T16:36:15","date_gmt":"2018-01-12T18:36:15","guid":{"rendered":"http:\/\/institucional.ufrrj.br\/codep\/?page_id=192"},"modified":"2025-06-04T16:38:18","modified_gmt":"2025-06-04T19:38:18","slug":"sobre","status":"publish","type":"page","link":"https:\/\/institucional.ufrrj.br\/codep\/sobre\/","title":{"rendered":"Quem Somos"},"content":{"rendered":"<hr \/>\n<p>A Coordena\u00e7\u00e3o de Desenvolvimento de Pessoas (CODEP), subordinada \u00e0 Pr\u00f3-reitoria de Gest\u00e3o de Pessoas (PROGEP) da UFRRJ e criada pela Delibera\u00e7\u00e3o n\u00ba 036 \/ Reitoria de 26 de agosto de 2009, tem por miss\u00e3o \u201c<strong>viabilizar a forma\u00e7\u00e3o integral, pessoal e profissional, dos servidores da UFRRJ, propiciando a qualidade dos servi\u00e7os prestados \u00e0 sociedade brasileira<\/strong>\u201d.<\/p>\n<p>A Pr\u00f3-Reitoria de Gest\u00e3o de Pessoas (PROGEP), atrav\u00e9s de seus atuais gestores, o Pr\u00f3-Reitor Marcelo da Cunha Sales e a Pr\u00f3-Reitora Adjunta Elines Tatianes Pereira dos Santos Petine, assim como \u00c2ngela Ferreira Pace, Diretora do Departamento de Admiss\u00e3o, Sa\u00fade e Desenvolvimento de Pessoas (DASDP), possui a <strong>vis\u00e3o estrat\u00e9gica da capacita\u00e7\u00e3o de pessoas<\/strong>, e para isto, <strong>tem tra\u00e7ado diretrizes, apoiando e incentivando a CODEP na implementa\u00e7\u00e3o de novas estrat\u00e9gias e novos formatos de capacita\u00e7\u00e3o.<\/strong><\/p>\n<p>Conforme Regimento Interno da PROGEP, em seu art. 27, compete \u00e0 CODEP:<\/p>\n<p><strong>I<\/strong>&#8211; diagnosticar as necessidades de capacita\u00e7\u00e3o cotidianas dos servidores;<\/p>\n<p><strong>II<\/strong>&#8211; formular o Plano Anual de Capacita\u00e7\u00e3o com base no Plano de Desenvolvimento Institucional e nas necessidades cotidianas diagnosticadas;<\/p>\n<p><strong>III<\/strong>&#8211; promover cursos internos que atendam ao inciso I deste artigo, estabelecendo padroniza\u00e7\u00e3o de material did\u00e1tico e documenta\u00e7\u00e3o para composi\u00e7\u00e3o dos mesmos, e de acordo com o estabelecido internamente junto ao Departamento de Admiss\u00e3o, Sa\u00fade e Desenvolvimentos de Pessoas e a Pr\u00f3-Reitoria de Gest\u00e3o de Pessoas;<\/p>\n<p><strong>IV<\/strong>&#8211; sugerir cursos externos e eventos de capacita\u00e7\u00e3o que atendam ao inciso II deste artigo;<\/p>\n<p><strong>V<\/strong>&#8211; receber e processar as solicita\u00e7\u00f5es de participa\u00e7\u00f5es de cursos externos;<\/p>\n<p><strong>VI<\/strong>&#8211; atuar juntamente com a Pr\u00f3-Reitoria de Gest\u00e3o de Pessoas e o Departamento de Admiss\u00e3o, Sa\u00fade e Desenvolvimentos de Pessoas, com requisitante de licita\u00e7\u00f5es de cursos\u00a0<em>in company<\/em>;<\/p>\n<p><strong>VII<\/strong>&#8211; gerenciar o Banco de Talentos da UFRRJ;<\/p>\n<p><strong>VIII<\/strong>&#8211; administrar os valores da a\u00e7\u00e3o de capacita\u00e7\u00e3o que cabem \u00e0 UFRRJ, controlando a execu\u00e7\u00e3o or\u00e7ament\u00e1ria, promovendo a transpar\u00eancia da utiliza\u00e7\u00e3o dos recursos;<\/p>\n<p><strong>IX<\/strong>&#8211; processar e acompanhar as solicita\u00e7\u00f5es de afastamentos, licen\u00e7a para capacita\u00e7\u00e3o e hor\u00e1rio especial de acordo com a legisla\u00e7\u00e3o e regulamentos internos em vigor;<\/p>\n<p><strong>X<\/strong>&#8211; processar as solicita\u00e7\u00f5es de di\u00e1rias e passagens referentes \u00e0 capacita\u00e7\u00e3o externa de servidores t\u00e9cnico-administrativos e docentes em fun\u00e7\u00e3o administrativa em cursos\/eventos que n\u00e3o sejam relativos \u00e0 pesquisa;<\/p>\n<p><strong>XI<\/strong>&#8211; incentivar, de acordo com as pol\u00edticas da Pr\u00f3-Reitoria de Gest\u00e3o de Pessoas e do Departamento de Admiss\u00e3o, Sa\u00fade e Desenvolvimentos de Pessoas, a qualifica\u00e7\u00e3o dos servidores para cursos da educa\u00e7\u00e3o formal;<\/p>\n<p><strong>Coordena\u00e7\u00e3o da CODEP:<\/strong><\/p>\n<ul>\n<li>Monique Ayupe Bueno Lord\u00eallo<\/li>\n<li>Telefone: 2681-4674 \/ 2681-4604<\/li>\n<li>E-mail: codep@ufrrj.br<\/li>\n<\/ul>\n","protected":false},"excerpt":{"rendered":"<p>A Coordena\u00e7\u00e3o de Desenvolvimento de Pessoas (CODEP), subordinada \u00e0 Pr\u00f3-reitoria de Gest\u00e3o de Pessoas (PROGEP) da UFRRJ e criada pela <a class=\"read-more\" href=\"https:\/\/institucional.ufrrj.br\/codep\/sobre\/ \" >&#8230; <span class=\"font-italic\">leia mais <i class=\"fas fa-angle-right\"><\/i><\/span><\/a><\/p>\n","protected":false},"author":546,"featured_media":0,"parent":0,"menu_order":0,"comment_status":"closed","ping_status":"closed","template":"","meta":{"_acf_changed":false,"footnotes":""},"class_list":["post-192","page","type-page","status-publish","hentry"],"yoast_head":"<!-- This site is optimized with the Yoast SEO plugin v27.2 - https:\/\/yoast.com\/product\/yoast-seo-wordpress\/ -->\n<title>Quem Somos - Coordena\u00e7\u00e3o de Desenvolvimento de Pessoas<\/title>\n<meta name=\"robots\" content=\"index, follow, max-snippet:-1, max-image-preview:large, max-video-preview:-1\" \/>\n<link rel=\"canonical\" href=\"https:\/\/institucional.ufrrj.br\/codep\/sobre\/\" \/>\n<meta property=\"og:locale\" content=\"pt_BR\" \/>\n<meta property=\"og:type\" content=\"article\" \/>\n<meta property=\"og:title\" content=\"Quem Somos - Coordena\u00e7\u00e3o de Desenvolvimento de Pessoas\" \/>\n<meta property=\"og:description\" content=\"A Coordena\u00e7\u00e3o de Desenvolvimento de Pessoas (CODEP), subordinada \u00e0 Pr\u00f3-reitoria de Gest\u00e3o de Pessoas (PROGEP) da UFRRJ e criada pela ... leia mais\" \/>\n<meta property=\"og:url\" content=\"https:\/\/institucional.ufrrj.br\/codep\/sobre\/\" \/>\n<meta property=\"og:site_name\" content=\"Coordena\u00e7\u00e3o de Desenvolvimento de Pessoas\" \/>\n<meta property=\"article:modified_time\" content=\"2025-06-04T19:38:18+00:00\" \/>\n<meta name=\"twitter:card\" content=\"summary_large_image\" \/>\n<meta name=\"twitter:label1\" content=\"Est. tempo de leitura\" \/>\n\t<meta name=\"twitter:data1\" content=\"2 minutos\" \/>\n<script type=\"application\/ld+json\" class=\"yoast-schema-graph\">{\"@context\":\"https:\/\/schema.org\",\"@graph\":[{\"@type\":\"WebPage\",\"@id\":\"https:\/\/institucional.ufrrj.br\/codep\/sobre\/\",\"url\":\"https:\/\/institucional.ufrrj.br\/codep\/sobre\/\",\"name\":\"Quem Somos - Coordena\u00e7\u00e3o de Desenvolvimento de Pessoas\",\"isPartOf\":{\"@id\":\"https:\/\/institucional.ufrrj.br\/codep\/#website\"},\"datePublished\":\"2018-01-12T18:36:15+00:00\",\"dateModified\":\"2025-06-04T19:38:18+00:00\",\"breadcrumb\":{\"@id\":\"https:\/\/institucional.ufrrj.br\/codep\/sobre\/#breadcrumb\"},\"inLanguage\":\"pt-BR\",\"potentialAction\":[{\"@type\":\"ReadAction\",\"target\":[\"https:\/\/institucional.ufrrj.br\/codep\/sobre\/\"]}]},{\"@type\":\"BreadcrumbList\",\"@id\":\"https:\/\/institucional.ufrrj.br\/codep\/sobre\/#breadcrumb\",\"itemListElement\":[{\"@type\":\"ListItem\",\"position\":1,\"name\":\"In\u00edcio\",\"item\":\"https:\/\/institucional.ufrrj.br\/codep\/\"},{\"@type\":\"ListItem\",\"position\":2,\"name\":\"Quem Somos\"}]},{\"@type\":\"WebSite\",\"@id\":\"https:\/\/institucional.ufrrj.br\/codep\/#website\",\"url\":\"https:\/\/institucional.ufrrj.br\/codep\/\",\"name\":\"Coordena\u00e7\u00e3o de Desenvolvimento de Pessoas\",\"description\":\"S\u00f3 mais um site institucional.ufrrj.br\",\"potentialAction\":[{\"@type\":\"SearchAction\",\"target\":{\"@type\":\"EntryPoint\",\"urlTemplate\":\"https:\/\/institucional.ufrrj.br\/codep\/?s={search_term_string}\"},\"query-input\":{\"@type\":\"PropertyValueSpecification\",\"valueRequired\":true,\"valueName\":\"search_term_string\"}}],\"inLanguage\":\"pt-BR\"}]}<\/script>\n<!-- \/ Yoast SEO plugin. -->","yoast_head_json":{"title":"Quem Somos - Coordena\u00e7\u00e3o de Desenvolvimento de Pessoas","robots":{"index":"index","follow":"follow","max-snippet":"max-snippet:-1","max-image-preview":"max-image-preview:large","max-video-preview":"max-video-preview:-1"},"canonical":"https:\/\/institucional.ufrrj.br\/codep\/sobre\/","og_locale":"pt_BR","og_type":"article","og_title":"Quem Somos - Coordena\u00e7\u00e3o de Desenvolvimento de Pessoas","og_description":"A Coordena\u00e7\u00e3o de Desenvolvimento de Pessoas (CODEP), subordinada \u00e0 Pr\u00f3-reitoria de Gest\u00e3o de Pessoas (PROGEP) da UFRRJ e criada pela ... leia mais","og_url":"https:\/\/institucional.ufrrj.br\/codep\/sobre\/","og_site_name":"Coordena\u00e7\u00e3o de Desenvolvimento de Pessoas","article_modified_time":"2025-06-04T19:38:18+00:00","twitter_card":"summary_large_image","twitter_misc":{"Est. tempo de leitura":"2 minutos"},"schema":{"@context":"https:\/\/schema.org","@graph":[{"@type":"WebPage","@id":"https:\/\/institucional.ufrrj.br\/codep\/sobre\/","url":"https:\/\/institucional.ufrrj.br\/codep\/sobre\/","name":"Quem Somos - Coordena\u00e7\u00e3o de Desenvolvimento de Pessoas","isPartOf":{"@id":"https:\/\/institucional.ufrrj.br\/codep\/#website"},"datePublished":"2018-01-12T18:36:15+00:00","dateModified":"2025-06-04T19:38:18+00:00","breadcrumb":{"@id":"https:\/\/institucional.ufrrj.br\/codep\/sobre\/#breadcrumb"},"inLanguage":"pt-BR","potentialAction":[{"@type":"ReadAction","target":["https:\/\/institucional.ufrrj.br\/codep\/sobre\/"]}]},{"@type":"BreadcrumbList","@id":"https:\/\/institucional.ufrrj.br\/codep\/sobre\/#breadcrumb","itemListElement":[{"@type":"ListItem","position":1,"name":"In\u00edcio","item":"https:\/\/institucional.ufrrj.br\/codep\/"},{"@type":"ListItem","position":2,"name":"Quem Somos"}]},{"@type":"WebSite","@id":"https:\/\/institucional.ufrrj.br\/codep\/#website","url":"https:\/\/institucional.ufrrj.br\/codep\/","name":"Coordena\u00e7\u00e3o de Desenvolvimento de Pessoas","description":"S\u00f3 mais um site institucional.ufrrj.br","potentialAction":[{"@type":"SearchAction","target":{"@type":"EntryPoint","urlTemplate":"https:\/\/institucional.ufrrj.br\/codep\/?s={search_term_string}"},"query-input":{"@type":"PropertyValueSpecification","valueRequired":true,"valueName":"search_term_string"}}],"inLanguage":"pt-BR"}]}},"acf":[],"_links":{"self":[{"href":"https:\/\/institucional.ufrrj.br\/codep\/wp-json\/wp\/v2\/pages\/192","targetHints":{"allow":["GET"]}}],"collection":[{"href":"https:\/\/institucional.ufrrj.br\/codep\/wp-json\/wp\/v2\/pages"}],"about":[{"href":"https:\/\/institucional.ufrrj.br\/codep\/wp-json\/wp\/v2\/types\/page"}],"author":[{"embeddable":true,"href":"https:\/\/institucional.ufrrj.br\/codep\/wp-json\/wp\/v2\/users\/546"}],"replies":[{"embeddable":true,"href":"https:\/\/institucional.ufrrj.br\/codep\/wp-json\/wp\/v2\/comments?post=192"}],"version-history":[{"count":40,"href":"https:\/\/institucional.ufrrj.br\/codep\/wp-json\/wp\/v2\/pages\/192\/revisions"}],"predecessor-version":[{"id":7624,"href":"https:\/\/institucional.ufrrj.br\/codep\/wp-json\/wp\/v2\/pages\/192\/revisions\/7624"}],"wp:attachment":[{"href":"https:\/\/institucional.ufrrj.br\/codep\/wp-json\/wp\/v2\/media?parent=192"}],"curies":[{"name":"wp","href":"https:\/\/api.w.org\/{rel}","templated":true}]}}