{"id":1181,"date":"2018-07-13T14:14:40","date_gmt":"2018-07-13T17:14:40","guid":{"rendered":"http:\/\/institucional.ufrrj.br\/codep\/?page_id=1181"},"modified":"2026-04-29T10:46:48","modified_gmt":"2026-04-29T13:46:48","slug":"pqi","status":"publish","type":"page","link":"https:\/\/institucional.ufrrj.br\/codep\/pqi\/","title":{"rendered":"PQI"},"content":{"rendered":"\n<div class=\"wp-block-group eplus-wrapper\"><div class=\"wp-block-group__inner-container is-layout-constrained wp-block-group-is-layout-constrained\">\n<hr class=\"wp-block-separator has-alpha-channel-opacity eplus-wrapper\" \/>\n\n\n\n<p class=\"eplus-wrapper\">O Programa de Qualifica\u00e7\u00e3o Institucional (PQI) foi aprovado pelo Conselho de Ensino, Pesquisa e Extens\u00e3o (CEPE) no dia 24 de abril de 2018 (Delibera\u00e7\u00e3o Cepe 046\/2018). O Programa foi institu\u00eddo pela Pr\u00f3-Reitoria de Gest\u00e3o de Pessoas (PROGEP), em parceria com a Pr\u00f3-Reitoria Pesquisa e P\u00f3s Gradua\u00e7\u00e3o (PROPPG), e a Pr\u00f3-Reitoria de Assuntos Financeiros (PROAF). Vinculado ao Plano de Desenvolvimento Institucional (PDI) e ao Plano de Desenvolvimento de Pessoas (PDP) da UFRRJ.<\/p>\n\n\n\n<p class=\"eplus-wrapper\">O PQI tem por objetivo incentivar a qualifica\u00e7\u00e3o de servidores da Universidade, na forma\u00e7\u00e3o em n\u00edvel de p\u00f3s-gradua\u00e7\u00e3o <em>strictu sensu<\/em>. O p\u00fablico-alvo s\u00e3o os servidores docentes e t\u00e9cnico-administrativos do quadro permanente da UFRRJ, lotados e em pleno exerc\u00edcio de suas atividades; e que n\u00e3o tenham sido beneficiado pelo Programa em outro momento.<\/p>\n\n\n\n<p class=\"eplus-wrapper\">O PQI foi criado em contexto de profundas mudan\u00e7as estruturais decorrentes das pol\u00edticas advindas do processo de Reestrutura\u00e7\u00e3o e Expans\u00e3o das Universidades Federais (Reuni) e das medidas governamentais de restri\u00e7\u00e3o do quadro de refer\u00eancia dos servidores t\u00e9cnico-administrativos. Assim, o empenho no desenvolvimento dos servidores da UFRRJ torna-se fator estrat\u00e9gico de enfrentamento situacional, com manuten\u00e7\u00e3o e aprofundamento dos par\u00e2metros de qualidade e efic\u00e1cia do trabalho.<\/p>\n\n\n\n<p class=\"eplus-wrapper\">O Programa apresenta-se como possibilidade coletiva de resposta ao crescente desafio de manter a Universidade com servidores motivados, qualificados, eficientes e eficazes em suas frentes de trabalho, gerando conhecimento e ampliando as diversas compet\u00eancias e habilidades necess\u00e1rias ao exerc\u00edcio de suas fun\u00e7\u00f5es administrativas, acad\u00eamicas e sociais.<\/p>\n\n\n\n<p class=\"eplus-wrapper\">Inicialmente, 12 Programas de P\u00f3s-Gradua\u00e7\u00e3o (PPGs) da UFRRJ aderiram ao PQI. Com a divulga\u00e7\u00e3o e o conhecimento pela comunidade acad\u00eamica sobre a representatividade do PQI na qualifica\u00e7\u00e3o do servidor, ao longo dos anos, mais programas foram aderindo e utilizando a reserva de vagas para as suas sele\u00e7\u00f5es de mestrado e doutorado. Segue abaixo uma listagem completa dos programas de p\u00f3s-gradua\u00e7\u00e3o participantes do PQI.<\/p>\n\n\n\n<p class=\"eplus-wrapper\"><strong>PROGRAMA DE P\u00d3S-GRADUA\u00c7\u00c3O DA UFRRJ QUE ADERIRAM AO PROGRAMA DE QUALIFICA\u00c7\u00c3O INSTITUCIONAL (PQI)<\/strong><\/p>\n\n\n\n<figure class=\"wp-block-table eplus-wrapper\"><table class=\"has-fixed-layout\"><tbody><tr><td><span style=\"color: #000000\"><strong>N\u00ba<\/strong><\/span><\/td><td><span style=\"color: #000000\"><strong>PROGRAMA DE P\u00d3S-GRADUA\u00c7\u00c3O<\/strong><\/span><\/td><td><span style=\"color: #000000\"><strong>SIGLA<\/strong><\/span><\/td><td><span style=\"color: #000000\"><strong>VAGAS&nbsp;<\/strong><\/span><\/td><td><span style=\"color: #000000\"><strong>LINK DA P\u00c1GINA DO PROGRAMA <\/strong><\/span><br><span style=\"color: #000000\"><strong>(PARA ACESSAR EDITAL)<\/strong><\/span><\/td><\/tr><tr><td>1<\/td><td>PPG de Ci\u00eancias Sociais em Desenvolvimento, Agricultura e Sociedade<\/td><td><strong>CPDA<\/strong><\/td><td><strong>Mestrado<\/strong><br><strong>Doutorado<\/strong><\/td><td><a href=\"https:\/\/institucional.ufrrj.br\/codep\/pqi\/_wp_link_placeholder\">https:\/\/institucional.ufrrj.br\/portalcpda\/<\/a><\/td><\/tr><tr><td>2<\/td><td>PPG em Agronomia &#8211; Ci\u00eancias do Solo<\/td><td><strong>PPGA<\/strong><\/td><td><strong>Mestrado<\/strong><br><strong>Doutorado<\/strong><\/td><td><a href=\"http:\/\/cursos.ufrrj.br\/posgraduacao\/cpgacs\/\">http:\/\/cursos.ufrrj.br\/posgraduacao\/cpgacs\/<\/a><\/td><\/tr><tr><td>3<\/td><td>PPG em Agricultura Org\u00e2nica&nbsp;<\/td><td><strong>PPGAO<\/strong><\/td><td><strong>Mestrado<\/strong><\/td><td><a href=\"http:\/\/cursos.ufrrj.br\/posgraduacao\/ppgao\/\">http:\/\/cursos.ufrrj.br\/posgraduacao\/ppgao\/<\/a><\/td><\/tr><tr><td>4<\/td><td>PPG em Ci\u00eancias Ambientais e Florestais&nbsp;<\/td><td><strong>PPGCAF<\/strong><\/td><td><strong>Mestrado<\/strong><\/td><td><a href=\"http:\/\/r1.ufrrj.br\/wp\/ppgcaf\/\">http:\/\/r1.ufrrj.br\/wp\/ppgcaf\/<\/a><\/td><\/tr><tr><td>5<\/td><td>PPG em Ci\u00eancias Sociais<\/td><td><strong>PPGCS<\/strong><\/td><td><strong>Mestrado<\/strong><br><strong>Doutorado<\/strong><\/td><td><a href=\"http:\/\/cursos.ufrrj.br\/posgraduacao\/ppgcs\/\">http:\/\/cursos.ufrrj.br\/posgraduacao\/ppgcs\/<\/a><\/td><\/tr><tr><td>6<\/td><td>PPG em Ci\u00eancia e Tecnologia de Alimentos<\/td><td><strong>PPGCTA<\/strong><\/td><td><strong>Mestrado<\/strong><\/td><td><a href=\"http:\/\/r1.ufrrj.br\/wp\/ppgcta\/\">http:\/\/r1.ufrrj.br\/wp\/ppgcta\/<\/a><\/td><\/tr><tr><td>7<\/td><td>PPG em Ci\u00eancia Tecnologia e Inova\u00e7\u00e3o em Agropecu\u00e1ria<\/td><td><strong>PPGCTIA<\/strong><\/td><td><strong>Doutorado<\/strong><\/td><td><a href=\"http:\/\/cursos.ufrrj.br\/posgraduacao\/ppgctia\/\">http:\/\/cursos.ufrrj.br\/posgraduacao\/ppgctia\/<\/a><\/td><\/tr><tr><td>8<\/td><td>PPG em Pr\u00e1ticas em Desenvolvimento Sustent\u00e1vel<\/td><td><strong>PPGDS<\/strong><\/td><td><strong>Mestrado<\/strong><br><strong>Doutorado<\/strong><\/td><td><a href=\"https:\/\/cursos.ufrrj.br\/posgraduacao\/ppgpds\/\">https:\/\/cursos.ufrrj.br\/posgraduacao\/ppgpds\/<\/a><\/td><\/tr><tr><td>9<\/td><td>PPG em Desenvolvimento Territorial e Pol\u00edticas P\u00fablicas<\/td><td><strong>PPGDT<\/strong><\/td><td><strong>Mestrado<\/strong><\/td><td><a href=\"http:\/\/cursos.ufrrj.br\/posgraduacao\/ppgdt\/\">http:\/\/cursos.ufrrj.br\/posgraduacao\/ppgdt\/<\/a><\/td><\/tr><tr><td>10<\/td><td>PPG em Educa\u00e7\u00e3o Agr\u00edcola<\/td><td><strong>PPGEA<\/strong><\/td><td><strong>Mestrado<\/strong><\/td><td><a href=\"http:\/\/cursos.ufrrj.br\/posgraduacao\/ppgea\/\">http:\/\/cursos.ufrrj.br\/posgraduacao\/ppgea\/<\/a><\/td><\/tr><tr><td>11<\/td><td>PPG em Engenharia Agr\u00edcola e Ambiental<\/td><td><strong>PPGEAAMB<\/strong><\/td><td><strong>Mestrado<\/strong><\/td><td><a href=\"http:\/\/cursos.ufrrj.br\/posgraduacao\/pgeaamb\/\">http:\/\/cursos.ufrrj.br\/posgraduacao\/pgeaamb\/<\/a><\/td><\/tr><tr><td>12<\/td><td>PPG em Educa\u00e7\u00e3o, Contextos Contempor\u00e2neos e Demandas Populares<\/td><td><strong>PPGEDUC<\/strong><\/td><td><strong>Mestrado<\/strong><br><strong>Doutorado<\/strong><\/td><td><a href=\"http:\/\/cursos.ufrrj.br\/posgraduacao\/ppgeduc\/\">http:\/\/cursos.ufrrj.br\/posgraduacao\/ppgeduc\/<\/a><\/td><\/tr><tr><td>13<\/td><td>PPG em Fitotecnia<\/td><td><strong>PPGF<\/strong><\/td><td><strong>Mestrado<\/strong><br><strong>Doutorado<\/strong><\/td><td><a href=\"http:\/\/cursos.ufrrj.br\/posgraduacao\/ppgf\/\">http:\/\/cursos.ufrrj.br\/posgraduacao\/ppgf\/<\/a><\/td><\/tr><tr><td>14<\/td><td>PPG em Fitossanidade e Biotecnologia aplicada<\/td><td><strong>PPGFBA<\/strong><\/td><td><strong>Mestrado<\/strong><\/td><td><a href=\"https:\/\/cursos.ufrrj.br\/posgraduacao\/ppgfba\/\">https:\/\/cursos.ufrrj.br\/posgraduacao\/ppgfba\/<\/a><\/td><\/tr><tr><td>15<\/td><td>PPG em Filosofia<\/td><td><strong>PPGFIL<\/strong><\/td><td><strong>Mestrado<\/strong><\/td><td><a href=\"http:\/\/cursos.ufrrj.br\/posgraduacao\/ppgfil\/\">http:\/\/cursos.ufrrj.br\/posgraduacao\/ppgfil\/<\/a><\/td><\/tr><tr><td>16<\/td><td>PPG em Gest\u00e3o e Estrat\u00e9gia<\/td><td><strong>PPGE<\/strong><\/td><td><strong>Mestrado<\/strong><\/td><td><a href=\"http:\/\/cursos.ufrrj.br\/posgraduacao\/ppge\/\">http:\/\/cursos.ufrrj.br\/posgraduacao\/ppge\/<\/a><\/td><\/tr><tr><td>17<\/td><td>PPG em Geografia<\/td><td><strong>PPGGEO<\/strong><\/td><td><strong>Mestrado<\/strong><\/td><td><a href=\"http:\/\/cursos.ufrrj.br\/posgraduacao\/ppggeo\/\">http:\/\/cursos.ufrrj.br\/posgraduacao\/ppggeo\/<\/a><\/td><\/tr><tr><td>18<\/td><td>PPG em Interdisciplinar em Humanidades Digitais<\/td><td><strong>PPGIHD<\/strong><\/td><td><strong>Mestrado<\/strong><\/td><td><a href=\"https:\/\/www.dcc.ufrrj.br\/ppgihd\/\">https:\/\/www.dcc.ufrrj.br\/ppgihd\/<\/a><\/td><\/tr><tr><td>19<\/td><td>PPG em Modelagem Matem\u00e1tica e Computacional<\/td><td><strong>PPGMMC<\/strong><\/td><td><strong>Mestrado<\/strong><\/td><td><a href=\"http:\/\/r1.ufrrj.br\/ppgmmc\/\">http:\/\/r1.ufrrj.br\/ppgmmc\/<\/a><\/td><\/tr><tr><td>20<\/td><td>PPG em Patrim\u00f4nio, Cultura e Sociedade<\/td><td><strong>PPGPACS<\/strong><\/td><td><strong>Mestrado<\/strong><\/td><td><a href=\"http:\/\/cursos.ufrrj.br\/posgraduacao\/ppgpacs\/\">http:\/\/cursos.ufrrj.br\/posgraduacao\/ppgpacs\/<\/a><\/td><\/tr><tr><td>21<\/td><td>PPG em Psicologia<\/td><td><strong>PPGPSI<\/strong><\/td><td><strong>Mestrado<\/strong><br><strong>Doutorado<\/strong><\/td><td><a href=\"http:\/\/cursos.ufrrj.br\/posgraduacao\/ppgpsi\/\">http:\/\/cursos.ufrrj.br\/posgraduacao\/ppgpsi\/<\/a><\/td><\/tr><\/tbody><\/table><\/figure>\n\n\n\n<p class=\"eplus-wrapper\">Para ter acesso ao material que comp\u00f5e o <strong>reposit\u00f3rio do PQI<\/strong>, navegue pelos links abaixo:<\/p>\n\n\n\n<p class=\"eplus-wrapper\"><a href=\"https:\/\/drive.google.com\/file\/d\/1w81UDphEnn1pGsPBKxwA0c1tp5OA0AnY\/view?usp=share_link\">Projeto do Programa de Qualifica\u00e7\u00e3o Institucional &#8211; PQI<\/a><\/p>\n\n\n\n<p class=\"eplus-wrapper\"><a href=\"https:\/\/drive.google.com\/file\/d\/1O5rqpz7XQl2GKRRTLoRRXn17ucviROX-\/view?usp=share_link\">Delibera\u00e7\u00e3o Cepe&nbsp; n\u00ba 46\/2018 &#8211; aprova\u00e7\u00e3o do PQI<\/a><\/p>\n\n\n\n<p class=\"eplus-wrapper\"><a href=\"https:\/\/drive.google.com\/file\/d\/10FUfgUxjqJ0Y2zt8z-ZSt-iVqXHKHIZX\/view?usp=share_link\">Portaria PROAD&nbsp; n\u00ba 046\/2018 &#8211; institui\u00e7\u00e3o do PQI<\/a><\/p>\n\n\n\n<p class=\"eplus-wrapper\"><a href=\"https:\/\/docs.google.com\/document\/d\/1Z93T4a5BWQ2QJCPB-hDkw5Rmp9_CdFvr\/edit?usp=sharing&amp;ouid=110031984172419651920&amp;rtpof=true&amp;sd=true\">Perguntas e respostas sobre o PQI<\/a><\/p>\n\n\n\n<p class=\"eplus-wrapper\"><a href=\"https:\/\/institucional.ufrrj.br\/codep\/files\/2023\/09\/Planilha-Listagem-dos-Programas-de-Pos-graduacao-participantes-do-PQI-Pagina1.pdf\">Listagem dos programas de p\u00f3s-gradua\u00e7\u00e3o participantes do PQI<\/a><\/p>\n\n\n\n<p class=\"eplus-wrapper\"><a href=\"https:\/\/docs.google.com\/spreadsheets\/d\/1tuWyXPujXKjGlQ6vhEhf2xF-xE6ZlrbO\/edit?usp=sharing&amp;ouid=110031984172419651920&amp;rtpof=true&amp;sd=true\">Listagem nominal de servidores docentes e TAE&#8217;s concluintes do PQI<\/a><\/p>\n\n\n\n<p class=\"eplus-wrapper\"><a href=\"https:\/\/drive.google.com\/file\/d\/1PY1LPyIv4LGiskmRPyBXnYM1Un_ytuaM\/view?usp=share_link\">Relat\u00f3rio trienal do PQI (2018-2020)<\/a><\/p>\n\n\n\n<p class=\"eplus-wrapper\"><strong>Documentos voltados para preenchimento de Coordenadores:<\/strong><\/p>\n\n\n\n<p class=\"eplus-wrapper\"><a href=\"https:\/\/docs.google.com\/forms\/d\/e\/1FAIpQLSdK13lcAwTRmn16Nf4JqBD-aCUoWuwY-jEye2j0Y17OPnkEVQ\/viewform\">Formul\u00e1rio de Coleta de Dados Anual<\/a><\/p>\n<\/div><\/div>\n","protected":false},"excerpt":{"rendered":"<p>O Programa de Qualifica\u00e7\u00e3o Institucional (PQI) foi aprovado pelo Conselho de Ensino, Pesquisa e Extens\u00e3o (CEPE) no dia 24 de <a class=\"read-more\" href=\"https:\/\/institucional.ufrrj.br\/codep\/pqi\/ \" >&#8230; <span class=\"font-italic\">leia mais <i class=\"fas fa-angle-right\"><\/i><\/span><\/a><\/p>\n","protected":false},"author":546,"featured_media":0,"parent":0,"menu_order":0,"comment_status":"closed","ping_status":"closed","template":"","meta":{"_acf_changed":false,"footnotes":""},"class_list":["post-1181","page","type-page","status-publish","hentry"],"yoast_head":"<!-- This site is optimized with the Yoast SEO plugin v27.2 - https:\/\/yoast.com\/product\/yoast-seo-wordpress\/ -->\n<title>PQI - Coordena\u00e7\u00e3o de Desenvolvimento de Pessoas<\/title>\n<meta name=\"robots\" content=\"index, follow, max-snippet:-1, max-image-preview:large, max-video-preview:-1\" \/>\n<link rel=\"canonical\" href=\"https:\/\/institucional.ufrrj.br\/codep\/pqi\/\" \/>\n<meta property=\"og:locale\" content=\"pt_BR\" \/>\n<meta property=\"og:type\" content=\"article\" \/>\n<meta property=\"og:title\" content=\"PQI - Coordena\u00e7\u00e3o de Desenvolvimento de Pessoas\" \/>\n<meta property=\"og:description\" content=\"O Programa de Qualifica\u00e7\u00e3o Institucional (PQI) foi aprovado pelo Conselho de Ensino, Pesquisa e Extens\u00e3o (CEPE) no dia 24 de ... leia mais\" \/>\n<meta property=\"og:url\" content=\"https:\/\/institucional.ufrrj.br\/codep\/pqi\/\" \/>\n<meta property=\"og:site_name\" content=\"Coordena\u00e7\u00e3o de Desenvolvimento de Pessoas\" \/>\n<meta property=\"article:modified_time\" content=\"2026-04-29T13:46:48+00:00\" \/>\n<meta name=\"twitter:card\" content=\"summary_large_image\" \/>\n<meta name=\"twitter:label1\" content=\"Est. tempo de leitura\" \/>\n\t<meta name=\"twitter:data1\" content=\"4 minutos\" \/>\n<script type=\"application\/ld+json\" class=\"yoast-schema-graph\">{\"@context\":\"https:\/\/schema.org\",\"@graph\":[{\"@type\":\"WebPage\",\"@id\":\"https:\/\/institucional.ufrrj.br\/codep\/pqi\/\",\"url\":\"https:\/\/institucional.ufrrj.br\/codep\/pqi\/\",\"name\":\"PQI - Coordena\u00e7\u00e3o de Desenvolvimento de Pessoas\",\"isPartOf\":{\"@id\":\"https:\/\/institucional.ufrrj.br\/codep\/#website\"},\"datePublished\":\"2018-07-13T17:14:40+00:00\",\"dateModified\":\"2026-04-29T13:46:48+00:00\",\"breadcrumb\":{\"@id\":\"https:\/\/institucional.ufrrj.br\/codep\/pqi\/#breadcrumb\"},\"inLanguage\":\"pt-BR\",\"potentialAction\":[{\"@type\":\"ReadAction\",\"target\":[\"https:\/\/institucional.ufrrj.br\/codep\/pqi\/\"]}]},{\"@type\":\"BreadcrumbList\",\"@id\":\"https:\/\/institucional.ufrrj.br\/codep\/pqi\/#breadcrumb\",\"itemListElement\":[{\"@type\":\"ListItem\",\"position\":1,\"name\":\"In\u00edcio\",\"item\":\"https:\/\/institucional.ufrrj.br\/codep\/\"},{\"@type\":\"ListItem\",\"position\":2,\"name\":\"PQI\"}]},{\"@type\":\"WebSite\",\"@id\":\"https:\/\/institucional.ufrrj.br\/codep\/#website\",\"url\":\"https:\/\/institucional.ufrrj.br\/codep\/\",\"name\":\"Coordena\u00e7\u00e3o de Desenvolvimento de Pessoas\",\"description\":\"S\u00f3 mais um site institucional.ufrrj.br\",\"potentialAction\":[{\"@type\":\"SearchAction\",\"target\":{\"@type\":\"EntryPoint\",\"urlTemplate\":\"https:\/\/institucional.ufrrj.br\/codep\/?s={search_term_string}\"},\"query-input\":{\"@type\":\"PropertyValueSpecification\",\"valueRequired\":true,\"valueName\":\"search_term_string\"}}],\"inLanguage\":\"pt-BR\"}]}<\/script>\n<!-- \/ Yoast SEO plugin. -->","yoast_head_json":{"title":"PQI - Coordena\u00e7\u00e3o de Desenvolvimento de Pessoas","robots":{"index":"index","follow":"follow","max-snippet":"max-snippet:-1","max-image-preview":"max-image-preview:large","max-video-preview":"max-video-preview:-1"},"canonical":"https:\/\/institucional.ufrrj.br\/codep\/pqi\/","og_locale":"pt_BR","og_type":"article","og_title":"PQI - Coordena\u00e7\u00e3o de Desenvolvimento de Pessoas","og_description":"O Programa de Qualifica\u00e7\u00e3o Institucional (PQI) foi aprovado pelo Conselho de Ensino, Pesquisa e Extens\u00e3o (CEPE) no dia 24 de ... leia mais","og_url":"https:\/\/institucional.ufrrj.br\/codep\/pqi\/","og_site_name":"Coordena\u00e7\u00e3o de Desenvolvimento de Pessoas","article_modified_time":"2026-04-29T13:46:48+00:00","twitter_card":"summary_large_image","twitter_misc":{"Est. tempo de leitura":"4 minutos"},"schema":{"@context":"https:\/\/schema.org","@graph":[{"@type":"WebPage","@id":"https:\/\/institucional.ufrrj.br\/codep\/pqi\/","url":"https:\/\/institucional.ufrrj.br\/codep\/pqi\/","name":"PQI - Coordena\u00e7\u00e3o de Desenvolvimento de Pessoas","isPartOf":{"@id":"https:\/\/institucional.ufrrj.br\/codep\/#website"},"datePublished":"2018-07-13T17:14:40+00:00","dateModified":"2026-04-29T13:46:48+00:00","breadcrumb":{"@id":"https:\/\/institucional.ufrrj.br\/codep\/pqi\/#breadcrumb"},"inLanguage":"pt-BR","potentialAction":[{"@type":"ReadAction","target":["https:\/\/institucional.ufrrj.br\/codep\/pqi\/"]}]},{"@type":"BreadcrumbList","@id":"https:\/\/institucional.ufrrj.br\/codep\/pqi\/#breadcrumb","itemListElement":[{"@type":"ListItem","position":1,"name":"In\u00edcio","item":"https:\/\/institucional.ufrrj.br\/codep\/"},{"@type":"ListItem","position":2,"name":"PQI"}]},{"@type":"WebSite","@id":"https:\/\/institucional.ufrrj.br\/codep\/#website","url":"https:\/\/institucional.ufrrj.br\/codep\/","name":"Coordena\u00e7\u00e3o de Desenvolvimento de Pessoas","description":"S\u00f3 mais um site institucional.ufrrj.br","potentialAction":[{"@type":"SearchAction","target":{"@type":"EntryPoint","urlTemplate":"https:\/\/institucional.ufrrj.br\/codep\/?s={search_term_string}"},"query-input":{"@type":"PropertyValueSpecification","valueRequired":true,"valueName":"search_term_string"}}],"inLanguage":"pt-BR"}]}},"acf":[],"_links":{"self":[{"href":"https:\/\/institucional.ufrrj.br\/codep\/wp-json\/wp\/v2\/pages\/1181","targetHints":{"allow":["GET"]}}],"collection":[{"href":"https:\/\/institucional.ufrrj.br\/codep\/wp-json\/wp\/v2\/pages"}],"about":[{"href":"https:\/\/institucional.ufrrj.br\/codep\/wp-json\/wp\/v2\/types\/page"}],"author":[{"embeddable":true,"href":"https:\/\/institucional.ufrrj.br\/codep\/wp-json\/wp\/v2\/users\/546"}],"replies":[{"embeddable":true,"href":"https:\/\/institucional.ufrrj.br\/codep\/wp-json\/wp\/v2\/comments?post=1181"}],"version-history":[{"count":2,"href":"https:\/\/institucional.ufrrj.br\/codep\/wp-json\/wp\/v2\/pages\/1181\/revisions"}],"predecessor-version":[{"id":8326,"href":"https:\/\/institucional.ufrrj.br\/codep\/wp-json\/wp\/v2\/pages\/1181\/revisions\/8326"}],"wp:attachment":[{"href":"https:\/\/institucional.ufrrj.br\/codep\/wp-json\/wp\/v2\/media?parent=1181"}],"curies":[{"name":"wp","href":"https:\/\/api.w.org\/{rel}","templated":true}]}}