{"id":897,"date":"2021-06-09T16:13:04","date_gmt":"2021-06-09T19:13:04","guid":{"rendered":"http:\/\/institucional.ufrrj.br\/cea\/?page_id=897"},"modified":"2026-04-10T10:09:06","modified_gmt":"2026-04-10T13:09:06","slug":"relatorio-de-gestao-ago-2018-abri-2021","status":"publish","type":"page","link":"https:\/\/institucional.ufrrj.br\/cea\/relatorio-de-gestao-ago-2018-abri-2021\/","title":{"rendered":"Gest\u00e3o 2018 &#8211; 2021"},"content":{"rendered":"<p>O Centro de Estudos Avan\u00e7ados da Universidade Federal Rural do Rio de Janeiro (CEA\/UFRRJ) divulga um balan\u00e7o resumido das atividades realizadas entre 2018 e 2021, entre as quais: a) o Ciclo de Palestras \u201cDiscusso\u0303es sobre a China\u201d, em parceria com a PROPPG, a CORIN, o LIERI e o BRICS Policy Center da PUC-Rio; b) os programas &#8220;Debates do CEA na Quarentena&#8221;, com va\u0301rias entrevistas e debates na forma de \u201clives\u201d (em me\u0301dia tr\u00eas programas por me\u0302s), com ampla participac\u0327a\u0303o de p\u00fablico no pai\u0301s e mesmo no exterior (al\u00e9m do uso em atividades assi\u0301ncronas desse material para o ensino em diversas \u00e1reas); c) o projeto Radar, com o objetivo de identificar, sistematizar e organizar as informac\u0327o\u0303es sobre temas, pesquisas e pesquisadores da UFRRJ, come\u00e7ando com o mapeamento de diferentes editais de duas age\u0302ncias principais de fomento (CNPq e FAPERJ); d) o processo de institucionaliza\u00e7\u00e3o do CEA ao longo desse per\u00edodo e sua participa\u00e7\u00e3o em f\u00f3runs, arenas e projetos de parceria nacionais e internacionais, que buscam valorizar o conhecimento produzido na UFRRJ. Confira!<\/p>\n<p><a href=\"https:\/\/institucional.ufrrj.br\/cea\/files\/2021\/06\/Relat\u00f3rio-de-Gest\u00e3o-CEA-ago2018-abr2021.pdf\" target=\"_blank\" rel=\"noopener noreferrer\">Acesse aqui o Relat\u00f3rio de Gest\u00e3o completo.<\/a><\/p>\n<p><a href=\"https:\/\/institucional.ufrrj.br\/cea\/files\/2021\/06\/Relat\u00f3rio-de-Gest\u00e3o-CEA-ago2018-abr2021.pdf\" target=\"_blank\" rel=\"noopener noreferrer\"><img loading=\"lazy\" decoding=\"async\" class=\"alignnone wp-image-919\" src=\"https:\/\/institucional.ufrrj.br\/cea\/files\/2021\/06\/capa-212x300.png\" alt=\"\" width=\"376\" height=\"532\" srcset=\"https:\/\/institucional.ufrrj.br\/cea\/files\/2021\/06\/capa-212x300.png 212w, https:\/\/institucional.ufrrj.br\/cea\/files\/2021\/06\/capa-768x1086.png 768w, https:\/\/institucional.ufrrj.br\/cea\/files\/2021\/06\/capa-724x1024.png 724w, https:\/\/institucional.ufrrj.br\/cea\/files\/2021\/06\/capa.png 1414w\" sizes=\"auto, (max-width: 376px) 100vw, 376px\" \/><\/a><\/p>\n","protected":false},"excerpt":{"rendered":"<p>O Centro de Estudos Avan\u00e7ados da Universidade Federal Rural do Rio de Janeiro (CEA\/UFRRJ) divulga um balan\u00e7o resumido das atividades <a class=\"read-more\" href=\"https:\/\/institucional.ufrrj.br\/cea\/relatorio-de-gestao-ago-2018-abri-2021\/ \" >&#8230; <span class=\"font-italic\">leia mais <i class=\"fas fa-angle-right\"><\/i><\/span><\/a><\/p>\n","protected":false},"author":749,"featured_media":0,"parent":0,"menu_order":0,"comment_status":"closed","ping_status":"closed","template":"","meta":{"_acf_changed":false,"footnotes":""},"class_list":["post-897","page","type-page","status-publish","hentry"],"yoast_head":"<!-- This site is optimized with the Yoast SEO plugin v27.2 - https:\/\/yoast.com\/product\/yoast-seo-wordpress\/ -->\n<title>Gest\u00e3o 2018 - 2021 - Centro de Estudos Avan\u00e7ados da UFRRJ<\/title>\n<meta name=\"robots\" content=\"index, follow, max-snippet:-1, max-image-preview:large, max-video-preview:-1\" \/>\n<link rel=\"canonical\" href=\"https:\/\/institucional.ufrrj.br\/cea\/relatorio-de-gestao-ago-2018-abri-2021\/\" \/>\n<meta property=\"og:locale\" content=\"pt_BR\" \/>\n<meta property=\"og:type\" content=\"article\" \/>\n<meta property=\"og:title\" content=\"Gest\u00e3o 2018 - 2021 - Centro de Estudos Avan\u00e7ados da UFRRJ\" \/>\n<meta property=\"og:description\" content=\"O Centro de Estudos Avan\u00e7ados da Universidade Federal Rural do Rio de Janeiro (CEA\/UFRRJ) divulga um balan\u00e7o resumido das atividades ... leia mais\" \/>\n<meta property=\"og:url\" content=\"https:\/\/institucional.ufrrj.br\/cea\/relatorio-de-gestao-ago-2018-abri-2021\/\" \/>\n<meta property=\"og:site_name\" content=\"Centro de Estudos Avan\u00e7ados da UFRRJ\" \/>\n<meta property=\"article:modified_time\" content=\"2026-04-10T13:09:06+00:00\" \/>\n<meta property=\"og:image\" content=\"http:\/\/institucional.ufrrj.br\/cea\/files\/2021\/06\/capa-212x300.png\" \/>\n<meta name=\"twitter:card\" content=\"summary_large_image\" \/>\n<meta name=\"twitter:label1\" content=\"Est. tempo de leitura\" \/>\n\t<meta name=\"twitter:data1\" content=\"2 minutos\" \/>\n<script type=\"application\/ld+json\" class=\"yoast-schema-graph\">{\"@context\":\"https:\/\/schema.org\",\"@graph\":[{\"@type\":\"WebPage\",\"@id\":\"https:\/\/institucional.ufrrj.br\/cea\/relatorio-de-gestao-ago-2018-abri-2021\/\",\"url\":\"https:\/\/institucional.ufrrj.br\/cea\/relatorio-de-gestao-ago-2018-abri-2021\/\",\"name\":\"Gest\u00e3o 2018 - 2021 - Centro de Estudos Avan\u00e7ados da UFRRJ\",\"isPartOf\":{\"@id\":\"https:\/\/institucional.ufrrj.br\/cea\/#website\"},\"primaryImageOfPage\":{\"@id\":\"https:\/\/institucional.ufrrj.br\/cea\/relatorio-de-gestao-ago-2018-abri-2021\/#primaryimage\"},\"image\":{\"@id\":\"https:\/\/institucional.ufrrj.br\/cea\/relatorio-de-gestao-ago-2018-abri-2021\/#primaryimage\"},\"thumbnailUrl\":\"http:\/\/institucional.ufrrj.br\/cea\/files\/2021\/06\/capa-212x300.png\",\"datePublished\":\"2021-06-09T19:13:04+00:00\",\"dateModified\":\"2026-04-10T13:09:06+00:00\",\"breadcrumb\":{\"@id\":\"https:\/\/institucional.ufrrj.br\/cea\/relatorio-de-gestao-ago-2018-abri-2021\/#breadcrumb\"},\"inLanguage\":\"pt-BR\",\"potentialAction\":[{\"@type\":\"ReadAction\",\"target\":[\"https:\/\/institucional.ufrrj.br\/cea\/relatorio-de-gestao-ago-2018-abri-2021\/\"]}]},{\"@type\":\"ImageObject\",\"inLanguage\":\"pt-BR\",\"@id\":\"https:\/\/institucional.ufrrj.br\/cea\/relatorio-de-gestao-ago-2018-abri-2021\/#primaryimage\",\"url\":\"http:\/\/institucional.ufrrj.br\/cea\/files\/2021\/06\/capa-212x300.png\",\"contentUrl\":\"http:\/\/institucional.ufrrj.br\/cea\/files\/2021\/06\/capa-212x300.png\"},{\"@type\":\"BreadcrumbList\",\"@id\":\"https:\/\/institucional.ufrrj.br\/cea\/relatorio-de-gestao-ago-2018-abri-2021\/#breadcrumb\",\"itemListElement\":[{\"@type\":\"ListItem\",\"position\":1,\"name\":\"In\u00edcio\",\"item\":\"https:\/\/institucional.ufrrj.br\/cea\/en\/introduction\/\"},{\"@type\":\"ListItem\",\"position\":2,\"name\":\"Gest\u00e3o 2018 &#8211; 2021\"}]},{\"@type\":\"WebSite\",\"@id\":\"https:\/\/institucional.ufrrj.br\/cea\/#website\",\"url\":\"https:\/\/institucional.ufrrj.br\/cea\/\",\"name\":\"Centro de Estudos Avan\u00e7ados da UFRRJ\",\"description\":\"\u00d3rg\u00e3o ligado diretamente \u00e0 Pr\u00f3-Reitoria de Pesquisa e P\u00f3s-Gradua\u00e7\u00e3o (PROPPG) da UFRRJ\",\"potentialAction\":[{\"@type\":\"SearchAction\",\"target\":{\"@type\":\"EntryPoint\",\"urlTemplate\":\"https:\/\/institucional.ufrrj.br\/cea\/?s={search_term_string}\"},\"query-input\":{\"@type\":\"PropertyValueSpecification\",\"valueRequired\":true,\"valueName\":\"search_term_string\"}}],\"inLanguage\":\"pt-BR\"}]}<\/script>\n<!-- \/ Yoast SEO plugin. -->","yoast_head_json":{"title":"Gest\u00e3o 2018 - 2021 - Centro de Estudos Avan\u00e7ados da UFRRJ","robots":{"index":"index","follow":"follow","max-snippet":"max-snippet:-1","max-image-preview":"max-image-preview:large","max-video-preview":"max-video-preview:-1"},"canonical":"https:\/\/institucional.ufrrj.br\/cea\/relatorio-de-gestao-ago-2018-abri-2021\/","og_locale":"pt_BR","og_type":"article","og_title":"Gest\u00e3o 2018 - 2021 - Centro de Estudos Avan\u00e7ados da UFRRJ","og_description":"O Centro de Estudos Avan\u00e7ados da Universidade Federal Rural do Rio de Janeiro (CEA\/UFRRJ) divulga um balan\u00e7o resumido das atividades ... leia mais","og_url":"https:\/\/institucional.ufrrj.br\/cea\/relatorio-de-gestao-ago-2018-abri-2021\/","og_site_name":"Centro de Estudos Avan\u00e7ados da UFRRJ","article_modified_time":"2026-04-10T13:09:06+00:00","og_image":[{"url":"http:\/\/institucional.ufrrj.br\/cea\/files\/2021\/06\/capa-212x300.png","type":"","width":"","height":""}],"twitter_card":"summary_large_image","twitter_misc":{"Est. tempo de leitura":"2 minutos"},"schema":{"@context":"https:\/\/schema.org","@graph":[{"@type":"WebPage","@id":"https:\/\/institucional.ufrrj.br\/cea\/relatorio-de-gestao-ago-2018-abri-2021\/","url":"https:\/\/institucional.ufrrj.br\/cea\/relatorio-de-gestao-ago-2018-abri-2021\/","name":"Gest\u00e3o 2018 - 2021 - Centro de Estudos Avan\u00e7ados da UFRRJ","isPartOf":{"@id":"https:\/\/institucional.ufrrj.br\/cea\/#website"},"primaryImageOfPage":{"@id":"https:\/\/institucional.ufrrj.br\/cea\/relatorio-de-gestao-ago-2018-abri-2021\/#primaryimage"},"image":{"@id":"https:\/\/institucional.ufrrj.br\/cea\/relatorio-de-gestao-ago-2018-abri-2021\/#primaryimage"},"thumbnailUrl":"http:\/\/institucional.ufrrj.br\/cea\/files\/2021\/06\/capa-212x300.png","datePublished":"2021-06-09T19:13:04+00:00","dateModified":"2026-04-10T13:09:06+00:00","breadcrumb":{"@id":"https:\/\/institucional.ufrrj.br\/cea\/relatorio-de-gestao-ago-2018-abri-2021\/#breadcrumb"},"inLanguage":"pt-BR","potentialAction":[{"@type":"ReadAction","target":["https:\/\/institucional.ufrrj.br\/cea\/relatorio-de-gestao-ago-2018-abri-2021\/"]}]},{"@type":"ImageObject","inLanguage":"pt-BR","@id":"https:\/\/institucional.ufrrj.br\/cea\/relatorio-de-gestao-ago-2018-abri-2021\/#primaryimage","url":"http:\/\/institucional.ufrrj.br\/cea\/files\/2021\/06\/capa-212x300.png","contentUrl":"http:\/\/institucional.ufrrj.br\/cea\/files\/2021\/06\/capa-212x300.png"},{"@type":"BreadcrumbList","@id":"https:\/\/institucional.ufrrj.br\/cea\/relatorio-de-gestao-ago-2018-abri-2021\/#breadcrumb","itemListElement":[{"@type":"ListItem","position":1,"name":"In\u00edcio","item":"https:\/\/institucional.ufrrj.br\/cea\/en\/introduction\/"},{"@type":"ListItem","position":2,"name":"Gest\u00e3o 2018 &#8211; 2021"}]},{"@type":"WebSite","@id":"https:\/\/institucional.ufrrj.br\/cea\/#website","url":"https:\/\/institucional.ufrrj.br\/cea\/","name":"Centro de Estudos Avan\u00e7ados da UFRRJ","description":"\u00d3rg\u00e3o ligado diretamente \u00e0 Pr\u00f3-Reitoria de Pesquisa e P\u00f3s-Gradua\u00e7\u00e3o (PROPPG) da UFRRJ","potentialAction":[{"@type":"SearchAction","target":{"@type":"EntryPoint","urlTemplate":"https:\/\/institucional.ufrrj.br\/cea\/?s={search_term_string}"},"query-input":{"@type":"PropertyValueSpecification","valueRequired":true,"valueName":"search_term_string"}}],"inLanguage":"pt-BR"}]}},"acf":[],"_links":{"self":[{"href":"https:\/\/institucional.ufrrj.br\/cea\/wp-json\/wp\/v2\/pages\/897","targetHints":{"allow":["GET"]}}],"collection":[{"href":"https:\/\/institucional.ufrrj.br\/cea\/wp-json\/wp\/v2\/pages"}],"about":[{"href":"https:\/\/institucional.ufrrj.br\/cea\/wp-json\/wp\/v2\/types\/page"}],"author":[{"embeddable":true,"href":"https:\/\/institucional.ufrrj.br\/cea\/wp-json\/wp\/v2\/users\/749"}],"replies":[{"embeddable":true,"href":"https:\/\/institucional.ufrrj.br\/cea\/wp-json\/wp\/v2\/comments?post=897"}],"version-history":[{"count":2,"href":"https:\/\/institucional.ufrrj.br\/cea\/wp-json\/wp\/v2\/pages\/897\/revisions"}],"predecessor-version":[{"id":1139,"href":"https:\/\/institucional.ufrrj.br\/cea\/wp-json\/wp\/v2\/pages\/897\/revisions\/1139"}],"wp:attachment":[{"href":"https:\/\/institucional.ufrrj.br\/cea\/wp-json\/wp\/v2\/media?parent=897"}],"curies":[{"name":"wp","href":"https:\/\/api.w.org\/{rel}","templated":true}]}}