{"id":663,"date":"2021-03-23T13:14:53","date_gmt":"2021-03-23T16:14:53","guid":{"rendered":"http:\/\/institucional.ufrrj.br\/cea\/?page_id=663"},"modified":"2026-02-09T10:15:13","modified_gmt":"2026-02-09T13:15:13","slug":"presentacion","status":"publish","type":"page","link":"https:\/\/institucional.ufrrj.br\/cea\/es\/presentacion\/","title":{"rendered":"Presentaci\u00f3n"},"content":{"rendered":"<p>La Universidad Federal Rural de R\u00edo de Janeiro (UFRRJ), en consonancia con otras universidades p\u00fablicas del pa\u00eds, cre\u00f3 una unidad destinada al est\u00edmulo de la producci\u00f3n cient\u00edfica y del conocimiento en diferentes \u00e1reas del pensamiento, velando por un enfoque multi e interdisciplinario de estudios en la frontera de la investigaci\u00f3n acad\u00e9mica. De esta forma es que se constituy\u00f3 el Centro de Estudios Avanzados (CEA), \u00f3rgano vinculado directamente a la Vicerrector\u00eda de Investigaci\u00f3n y Postgrado (PROPPG), asentado en siete ejes tem\u00e1ticos de trabajo, los cuales son: Seguridad Alimentaria; Desarrollo Sostenible; Innovaci\u00f3n; Estado, Instituciones y Pol\u00edticas P\u00fablicas; Salud \u00danica; Cultura, Sociedad y Memoria; e Inclusi\u00f3n Social y Derechos Humanos. Congregando a investigadores y profesores de la propia universidad e investigadores \u2013 nacionales y extranjeros \u2013 visitantes, el CEA posee los siguientes objetivos:<\/p>\n<p>a) identificar, sistematizar y organizar las informaciones sobre las investigaciones en curso en la UFRRJ, especialmente aquellas de car\u00e1cter interdisciplinario y con \u00e9nfasis en las \u00e1reas de la frontera del conocimiento, en el sentido de subsidiar su estrategia de acci\u00f3n;<br \/>\nb) fomentar y promover investigaciones interdisciplinarias de punta sobre temas y problemas que, en diferentes \u00e1reas de conocimiento, interpelan a la sociedad contempor\u00e1nea en sus m\u00faltiples dimensiones econ\u00f3mica, social, ambiental cultural, cient\u00edfica y tecnol\u00f3gica;<br \/>\nc) explorar y contribuir para hacer avanzar el enfrentamiento de los problemas te\u00f3rico-conceptuales, epistemol\u00f3gicos, metodol\u00f3gicos y \u00e9ticos que desaf\u00edan el trabajo acad\u00e9mico, cient\u00edfico y cultural en la contemporaneidad;<br \/>\nd) fomentar y propiciar, por todos medios, el intercambio cient\u00edfico, cultural y art\u00edstico, en el \u00e1mbito nacional e internacional, particularmente con centros de investigaci\u00f3n de excelencia;<br \/>\ne) acoger a investigadores nacionales y extranjeros con contribuci\u00f3n relevante para el conocimiento cient\u00edfico, para la cultura y las artes, ofreci\u00e9ndoles condiciones materiales e intelectuales para que ampl\u00eden y profundicen sus estudios y reflexiones;<br \/>\nf) ofrecerles a profesores e investigadores de la UFRRJ, l\u00edderes en sus \u00e1reas de conocimiento, condiciones materiales e intelectuales especialmente favorables para el desarrollo de sus estudios y reflexiones por un tiempo determinado;<br \/>\ng) promover congresos, encuentros, coloquios, exposiciones y programas de varios tipos que convoquen cient\u00edficos y representaciones de la sociedad civil a una reflexi\u00f3n propositiva sobre el futuro de la educaci\u00f3n, de la universidad p\u00fablica, de la ciencia, de la cultura y de las artes en nuestro pa\u00eds;<br \/>\nh) ofrecer programas, cursos y asignaturas de postgrado y extensi\u00f3n vinculados a los ejes tem\u00e1ticos definidos en su planificaci\u00f3n, con base en la deliberaci\u00f3n espec\u00edfica de los consejos superiores de la UFRRJ;<br \/>\ni) interactuar con asociaciones cient\u00edfico-acad\u00e9micas para el desarrollo de programas, eventos y proyectos de inter\u00e9s com\u00fan;<br \/>\nj) crear mecanismos de captaci\u00f3n de recursos financieros y ampliar los ingresos propios.<\/p>\n","protected":false},"excerpt":{"rendered":"<p>La Universidad Federal Rural de R\u00edo de Janeiro (UFRRJ), en consonancia con otras universidades p\u00fablicas del pa\u00eds, cre\u00f3 una unidad <a class=\"read-more\" href=\"https:\/\/institucional.ufrrj.br\/cea\/es\/presentacion\/ \" >&#8230; <span class=\"font-italic\">leia mais <i class=\"fas fa-angle-right\"><\/i><\/span><\/a><\/p>\n","protected":false},"author":749,"featured_media":0,"parent":0,"menu_order":0,"comment_status":"closed","ping_status":"closed","template":"","meta":{"_acf_changed":false,"footnotes":""},"class_list":["post-663","page","type-page","status-publish","hentry"],"yoast_head":"<!-- This site is optimized with the Yoast SEO plugin v27.2 - https:\/\/yoast.com\/product\/yoast-seo-wordpress\/ -->\n<title>Presentaci\u00f3n - Centro de Estudos Avan\u00e7ados da UFRRJ<\/title>\n<meta name=\"robots\" content=\"index, follow, max-snippet:-1, max-image-preview:large, max-video-preview:-1\" \/>\n<link rel=\"canonical\" href=\"https:\/\/institucional.ufrrj.br\/cea\/es\/presentacion\/\" \/>\n<meta property=\"og:locale\" content=\"pt_BR\" \/>\n<meta property=\"og:type\" content=\"article\" \/>\n<meta property=\"og:title\" content=\"Presentaci\u00f3n - Centro de Estudos Avan\u00e7ados da UFRRJ\" \/>\n<meta property=\"og:description\" content=\"La Universidad Federal Rural de R\u00edo de Janeiro (UFRRJ), en consonancia con otras universidades p\u00fablicas del pa\u00eds, cre\u00f3 una unidad ... leia mais\" \/>\n<meta property=\"og:url\" content=\"https:\/\/institucional.ufrrj.br\/cea\/es\/presentacion\/\" \/>\n<meta property=\"og:site_name\" content=\"Centro de Estudos Avan\u00e7ados da UFRRJ\" \/>\n<meta property=\"article:modified_time\" content=\"2026-02-09T13:15:13+00:00\" \/>\n<meta name=\"twitter:card\" content=\"summary_large_image\" \/>\n<meta name=\"twitter:label1\" content=\"Est. tempo de leitura\" \/>\n\t<meta name=\"twitter:data1\" content=\"2 minutos\" \/>\n<script type=\"application\/ld+json\" class=\"yoast-schema-graph\">{\"@context\":\"https:\/\/schema.org\",\"@graph\":[{\"@type\":\"WebPage\",\"@id\":\"https:\/\/institucional.ufrrj.br\/cea\/es\/presentacion\/\",\"url\":\"https:\/\/institucional.ufrrj.br\/cea\/es\/presentacion\/\",\"name\":\"Presentaci\u00f3n - Centro de Estudos Avan\u00e7ados da UFRRJ\",\"isPartOf\":{\"@id\":\"https:\/\/institucional.ufrrj.br\/cea\/#website\"},\"datePublished\":\"2021-03-23T16:14:53+00:00\",\"dateModified\":\"2026-02-09T13:15:13+00:00\",\"breadcrumb\":{\"@id\":\"https:\/\/institucional.ufrrj.br\/cea\/es\/presentacion\/#breadcrumb\"},\"inLanguage\":\"pt-BR\",\"potentialAction\":[{\"@type\":\"ReadAction\",\"target\":[\"https:\/\/institucional.ufrrj.br\/cea\/es\/presentacion\/\"]}]},{\"@type\":\"BreadcrumbList\",\"@id\":\"https:\/\/institucional.ufrrj.br\/cea\/es\/presentacion\/#breadcrumb\",\"itemListElement\":[{\"@type\":\"ListItem\",\"position\":1,\"name\":\"In\u00edcio\",\"item\":\"https:\/\/institucional.ufrrj.br\/cea\/en\/introduction\/\"},{\"@type\":\"ListItem\",\"position\":2,\"name\":\"Presentaci\u00f3n\"}]},{\"@type\":\"WebSite\",\"@id\":\"https:\/\/institucional.ufrrj.br\/cea\/#website\",\"url\":\"https:\/\/institucional.ufrrj.br\/cea\/\",\"name\":\"Centro de Estudos Avan\u00e7ados da UFRRJ\",\"description\":\"\u00d3rg\u00e3o ligado diretamente \u00e0 Pr\u00f3-Reitoria de Pesquisa e P\u00f3s-Gradua\u00e7\u00e3o (PROPPG) da UFRRJ\",\"potentialAction\":[{\"@type\":\"SearchAction\",\"target\":{\"@type\":\"EntryPoint\",\"urlTemplate\":\"https:\/\/institucional.ufrrj.br\/cea\/?s={search_term_string}\"},\"query-input\":{\"@type\":\"PropertyValueSpecification\",\"valueRequired\":true,\"valueName\":\"search_term_string\"}}],\"inLanguage\":\"pt-BR\"}]}<\/script>\n<!-- \/ Yoast SEO plugin. -->","yoast_head_json":{"title":"Presentaci\u00f3n - Centro de Estudos Avan\u00e7ados da UFRRJ","robots":{"index":"index","follow":"follow","max-snippet":"max-snippet:-1","max-image-preview":"max-image-preview:large","max-video-preview":"max-video-preview:-1"},"canonical":"https:\/\/institucional.ufrrj.br\/cea\/es\/presentacion\/","og_locale":"pt_BR","og_type":"article","og_title":"Presentaci\u00f3n - Centro de Estudos Avan\u00e7ados da UFRRJ","og_description":"La Universidad Federal Rural de R\u00edo de Janeiro (UFRRJ), en consonancia con otras universidades p\u00fablicas del pa\u00eds, cre\u00f3 una unidad ... leia mais","og_url":"https:\/\/institucional.ufrrj.br\/cea\/es\/presentacion\/","og_site_name":"Centro de Estudos Avan\u00e7ados da UFRRJ","article_modified_time":"2026-02-09T13:15:13+00:00","twitter_card":"summary_large_image","twitter_misc":{"Est. tempo de leitura":"2 minutos"},"schema":{"@context":"https:\/\/schema.org","@graph":[{"@type":"WebPage","@id":"https:\/\/institucional.ufrrj.br\/cea\/es\/presentacion\/","url":"https:\/\/institucional.ufrrj.br\/cea\/es\/presentacion\/","name":"Presentaci\u00f3n - Centro de Estudos Avan\u00e7ados da UFRRJ","isPartOf":{"@id":"https:\/\/institucional.ufrrj.br\/cea\/#website"},"datePublished":"2021-03-23T16:14:53+00:00","dateModified":"2026-02-09T13:15:13+00:00","breadcrumb":{"@id":"https:\/\/institucional.ufrrj.br\/cea\/es\/presentacion\/#breadcrumb"},"inLanguage":"pt-BR","potentialAction":[{"@type":"ReadAction","target":["https:\/\/institucional.ufrrj.br\/cea\/es\/presentacion\/"]}]},{"@type":"BreadcrumbList","@id":"https:\/\/institucional.ufrrj.br\/cea\/es\/presentacion\/#breadcrumb","itemListElement":[{"@type":"ListItem","position":1,"name":"In\u00edcio","item":"https:\/\/institucional.ufrrj.br\/cea\/en\/introduction\/"},{"@type":"ListItem","position":2,"name":"Presentaci\u00f3n"}]},{"@type":"WebSite","@id":"https:\/\/institucional.ufrrj.br\/cea\/#website","url":"https:\/\/institucional.ufrrj.br\/cea\/","name":"Centro de Estudos Avan\u00e7ados da UFRRJ","description":"\u00d3rg\u00e3o ligado diretamente \u00e0 Pr\u00f3-Reitoria de Pesquisa e P\u00f3s-Gradua\u00e7\u00e3o (PROPPG) da UFRRJ","potentialAction":[{"@type":"SearchAction","target":{"@type":"EntryPoint","urlTemplate":"https:\/\/institucional.ufrrj.br\/cea\/?s={search_term_string}"},"query-input":{"@type":"PropertyValueSpecification","valueRequired":true,"valueName":"search_term_string"}}],"inLanguage":"pt-BR"}]}},"acf":[],"_links":{"self":[{"href":"https:\/\/institucional.ufrrj.br\/cea\/wp-json\/wp\/v2\/pages\/663","targetHints":{"allow":["GET"]}}],"collection":[{"href":"https:\/\/institucional.ufrrj.br\/cea\/wp-json\/wp\/v2\/pages"}],"about":[{"href":"https:\/\/institucional.ufrrj.br\/cea\/wp-json\/wp\/v2\/types\/page"}],"author":[{"embeddable":true,"href":"https:\/\/institucional.ufrrj.br\/cea\/wp-json\/wp\/v2\/users\/749"}],"replies":[{"embeddable":true,"href":"https:\/\/institucional.ufrrj.br\/cea\/wp-json\/wp\/v2\/comments?post=663"}],"version-history":[{"count":2,"href":"https:\/\/institucional.ufrrj.br\/cea\/wp-json\/wp\/v2\/pages\/663\/revisions"}],"predecessor-version":[{"id":871,"href":"https:\/\/institucional.ufrrj.br\/cea\/wp-json\/wp\/v2\/pages\/663\/revisions\/871"}],"wp:attachment":[{"href":"https:\/\/institucional.ufrrj.br\/cea\/wp-json\/wp\/v2\/media?parent=663"}],"curies":[{"name":"wp","href":"https:\/\/api.w.org\/{rel}","templated":true}]}}