{"id":658,"date":"2021-03-23T13:11:10","date_gmt":"2021-03-23T16:11:10","guid":{"rendered":"http:\/\/institucional.ufrrj.br\/cea\/?page_id=658"},"modified":"2026-02-09T10:15:13","modified_gmt":"2026-02-09T13:15:13","slug":"qui-nous-sommes","status":"publish","type":"page","link":"https:\/\/institucional.ufrrj.br\/cea\/fr\/qui-nous-sommes\/","title":{"rendered":"Qui nous sommes"},"content":{"rendered":"<p><strong>Coordinateur<\/strong><br \/>\nMarcos Gervasio Pereira<\/p>\n<p><b>Vice-Coordinateur<\/b><br \/>\nJo\u00e3o M\u00e1rcio Mendes Pereira<\/p>\n<p><strong>Conseils d\u00e9lib\u00e9ratifs pr\u00f3-tempore<\/strong><br \/>\nAndr\u00e9 Felippe Nunes de Freitas<br \/>\nAurea Echevarria Aznar Neves Lima<br \/>\nEdileuza Dias de Queiroz<br \/>\nMiliane Moreira Soares de Souza<br \/>\nPedro Hussak Van Velthen Ramos<br \/>\nRosa Maria Marcos Mendes<br \/>\nSergio Pereira Leite<br \/>\nThiago Borges Renault<\/p>\n","protected":false},"excerpt":{"rendered":"<p>Coordinateur Marcos Gervasio Pereira Vice-Coordinateur Jo\u00e3o M\u00e1rcio Mendes Pereira Conseils d\u00e9lib\u00e9ratifs pr\u00f3-tempore Andr\u00e9 Felippe Nunes de Freitas Aurea Echevarria Aznar <a class=\"read-more\" href=\"https:\/\/institucional.ufrrj.br\/cea\/fr\/qui-nous-sommes\/ \" >&#8230; <span class=\"font-italic\">leia mais <i class=\"fas fa-angle-right\"><\/i><\/span><\/a><\/p>\n","protected":false},"author":749,"featured_media":0,"parent":0,"menu_order":0,"comment_status":"closed","ping_status":"closed","template":"","meta":{"_acf_changed":false,"footnotes":""},"class_list":["post-658","page","type-page","status-publish","hentry"],"yoast_head":"<!-- This site is optimized with the Yoast SEO plugin v27.2 - https:\/\/yoast.com\/product\/yoast-seo-wordpress\/ -->\n<title>Qui nous sommes - Centro de Estudos Avan\u00e7ados da UFRRJ<\/title>\n<meta name=\"robots\" content=\"index, follow, max-snippet:-1, max-image-preview:large, max-video-preview:-1\" \/>\n<link rel=\"canonical\" href=\"https:\/\/institucional.ufrrj.br\/cea\/fr\/qui-nous-sommes\/\" \/>\n<meta property=\"og:locale\" content=\"pt_BR\" \/>\n<meta property=\"og:type\" content=\"article\" \/>\n<meta property=\"og:title\" content=\"Qui nous sommes - Centro de Estudos Avan\u00e7ados da UFRRJ\" \/>\n<meta property=\"og:description\" content=\"Coordinateur Marcos Gervasio Pereira Vice-Coordinateur Jo\u00e3o M\u00e1rcio Mendes Pereira Conseils d\u00e9lib\u00e9ratifs pr\u00f3-tempore Andr\u00e9 Felippe Nunes de Freitas Aurea Echevarria Aznar ... leia mais\" \/>\n<meta property=\"og:url\" content=\"https:\/\/institucional.ufrrj.br\/cea\/fr\/qui-nous-sommes\/\" \/>\n<meta property=\"og:site_name\" content=\"Centro de Estudos Avan\u00e7ados da UFRRJ\" \/>\n<meta property=\"article:modified_time\" content=\"2026-02-09T13:15:13+00:00\" \/>\n<meta name=\"twitter:card\" content=\"summary_large_image\" \/>\n<script type=\"application\/ld+json\" class=\"yoast-schema-graph\">{\"@context\":\"https:\/\/schema.org\",\"@graph\":[{\"@type\":\"WebPage\",\"@id\":\"https:\/\/institucional.ufrrj.br\/cea\/fr\/qui-nous-sommes\/\",\"url\":\"https:\/\/institucional.ufrrj.br\/cea\/fr\/qui-nous-sommes\/\",\"name\":\"Qui nous sommes - Centro de Estudos Avan\u00e7ados da UFRRJ\",\"isPartOf\":{\"@id\":\"https:\/\/institucional.ufrrj.br\/cea\/#website\"},\"datePublished\":\"2021-03-23T16:11:10+00:00\",\"dateModified\":\"2026-02-09T13:15:13+00:00\",\"breadcrumb\":{\"@id\":\"https:\/\/institucional.ufrrj.br\/cea\/fr\/qui-nous-sommes\/#breadcrumb\"},\"inLanguage\":\"pt-BR\",\"potentialAction\":[{\"@type\":\"ReadAction\",\"target\":[\"https:\/\/institucional.ufrrj.br\/cea\/fr\/qui-nous-sommes\/\"]}]},{\"@type\":\"BreadcrumbList\",\"@id\":\"https:\/\/institucional.ufrrj.br\/cea\/fr\/qui-nous-sommes\/#breadcrumb\",\"itemListElement\":[{\"@type\":\"ListItem\",\"position\":1,\"name\":\"In\u00edcio\",\"item\":\"https:\/\/institucional.ufrrj.br\/cea\/en\/introduction\/\"},{\"@type\":\"ListItem\",\"position\":2,\"name\":\"Qui nous sommes\"}]},{\"@type\":\"WebSite\",\"@id\":\"https:\/\/institucional.ufrrj.br\/cea\/#website\",\"url\":\"https:\/\/institucional.ufrrj.br\/cea\/\",\"name\":\"Centro de Estudos Avan\u00e7ados da UFRRJ\",\"description\":\"\u00d3rg\u00e3o ligado diretamente \u00e0 Pr\u00f3-Reitoria de Pesquisa e P\u00f3s-Gradua\u00e7\u00e3o (PROPPG) da UFRRJ\",\"potentialAction\":[{\"@type\":\"SearchAction\",\"target\":{\"@type\":\"EntryPoint\",\"urlTemplate\":\"https:\/\/institucional.ufrrj.br\/cea\/?s={search_term_string}\"},\"query-input\":{\"@type\":\"PropertyValueSpecification\",\"valueRequired\":true,\"valueName\":\"search_term_string\"}}],\"inLanguage\":\"pt-BR\"}]}<\/script>\n<!-- \/ Yoast SEO plugin. -->","yoast_head_json":{"title":"Qui nous sommes - Centro de Estudos Avan\u00e7ados da UFRRJ","robots":{"index":"index","follow":"follow","max-snippet":"max-snippet:-1","max-image-preview":"max-image-preview:large","max-video-preview":"max-video-preview:-1"},"canonical":"https:\/\/institucional.ufrrj.br\/cea\/fr\/qui-nous-sommes\/","og_locale":"pt_BR","og_type":"article","og_title":"Qui nous sommes - Centro de Estudos Avan\u00e7ados da UFRRJ","og_description":"Coordinateur Marcos Gervasio Pereira Vice-Coordinateur Jo\u00e3o M\u00e1rcio Mendes Pereira Conseils d\u00e9lib\u00e9ratifs pr\u00f3-tempore Andr\u00e9 Felippe Nunes de Freitas Aurea Echevarria Aznar ... leia mais","og_url":"https:\/\/institucional.ufrrj.br\/cea\/fr\/qui-nous-sommes\/","og_site_name":"Centro de Estudos Avan\u00e7ados da UFRRJ","article_modified_time":"2026-02-09T13:15:13+00:00","twitter_card":"summary_large_image","schema":{"@context":"https:\/\/schema.org","@graph":[{"@type":"WebPage","@id":"https:\/\/institucional.ufrrj.br\/cea\/fr\/qui-nous-sommes\/","url":"https:\/\/institucional.ufrrj.br\/cea\/fr\/qui-nous-sommes\/","name":"Qui nous sommes - Centro de Estudos Avan\u00e7ados da UFRRJ","isPartOf":{"@id":"https:\/\/institucional.ufrrj.br\/cea\/#website"},"datePublished":"2021-03-23T16:11:10+00:00","dateModified":"2026-02-09T13:15:13+00:00","breadcrumb":{"@id":"https:\/\/institucional.ufrrj.br\/cea\/fr\/qui-nous-sommes\/#breadcrumb"},"inLanguage":"pt-BR","potentialAction":[{"@type":"ReadAction","target":["https:\/\/institucional.ufrrj.br\/cea\/fr\/qui-nous-sommes\/"]}]},{"@type":"BreadcrumbList","@id":"https:\/\/institucional.ufrrj.br\/cea\/fr\/qui-nous-sommes\/#breadcrumb","itemListElement":[{"@type":"ListItem","position":1,"name":"In\u00edcio","item":"https:\/\/institucional.ufrrj.br\/cea\/en\/introduction\/"},{"@type":"ListItem","position":2,"name":"Qui nous sommes"}]},{"@type":"WebSite","@id":"https:\/\/institucional.ufrrj.br\/cea\/#website","url":"https:\/\/institucional.ufrrj.br\/cea\/","name":"Centro de Estudos Avan\u00e7ados da UFRRJ","description":"\u00d3rg\u00e3o ligado diretamente \u00e0 Pr\u00f3-Reitoria de Pesquisa e P\u00f3s-Gradua\u00e7\u00e3o (PROPPG) da UFRRJ","potentialAction":[{"@type":"SearchAction","target":{"@type":"EntryPoint","urlTemplate":"https:\/\/institucional.ufrrj.br\/cea\/?s={search_term_string}"},"query-input":{"@type":"PropertyValueSpecification","valueRequired":true,"valueName":"search_term_string"}}],"inLanguage":"pt-BR"}]}},"acf":[],"_links":{"self":[{"href":"https:\/\/institucional.ufrrj.br\/cea\/wp-json\/wp\/v2\/pages\/658","targetHints":{"allow":["GET"]}}],"collection":[{"href":"https:\/\/institucional.ufrrj.br\/cea\/wp-json\/wp\/v2\/pages"}],"about":[{"href":"https:\/\/institucional.ufrrj.br\/cea\/wp-json\/wp\/v2\/types\/page"}],"author":[{"embeddable":true,"href":"https:\/\/institucional.ufrrj.br\/cea\/wp-json\/wp\/v2\/users\/749"}],"replies":[{"embeddable":true,"href":"https:\/\/institucional.ufrrj.br\/cea\/wp-json\/wp\/v2\/comments?post=658"}],"version-history":[{"count":4,"href":"https:\/\/institucional.ufrrj.br\/cea\/wp-json\/wp\/v2\/pages\/658\/revisions"}],"predecessor-version":[{"id":943,"href":"https:\/\/institucional.ufrrj.br\/cea\/wp-json\/wp\/v2\/pages\/658\/revisions\/943"}],"wp:attachment":[{"href":"https:\/\/institucional.ufrrj.br\/cea\/wp-json\/wp\/v2\/media?parent=658"}],"curies":[{"name":"wp","href":"https:\/\/api.w.org\/{rel}","templated":true}]}}