{"id":1204,"date":"2026-05-10T10:56:04","date_gmt":"2026-05-10T13:56:04","guid":{"rendered":"https:\/\/institucional.ufrrj.br\/cea\/?page_id=1204"},"modified":"2026-05-10T11:17:36","modified_gmt":"2026-05-10T14:17:36","slug":"gestao-2023-2025","status":"publish","type":"page","link":"https:\/\/institucional.ufrrj.br\/cea\/gestao-2023-2025\/","title":{"rendered":"Gest\u00e3o 2023 -2025"},"content":{"rendered":"<p>&nbsp;<\/p>\n<p>&nbsp;<\/p>\n<p><a href=\"https:\/\/institucional.ufrrj.br\/cea\/files\/2026\/05\/relatorio-de-gestao-cea-2023-25.pdf\" rel=\"attachment wp-att-1206\"><img loading=\"lazy\" decoding=\"async\" class=\"alignnone wp-image-1206\" src=\"https:\/\/institucional.ufrrj.br\/cea\/files\/2026\/05\/relatorio-de-gesstao-212x300.jpg\" alt=\"\" width=\"320\" height=\"453\" srcset=\"https:\/\/institucional.ufrrj.br\/cea\/files\/2026\/05\/relatorio-de-gesstao-212x300.jpg 212w, https:\/\/institucional.ufrrj.br\/cea\/files\/2026\/05\/relatorio-de-gesstao-49x70.jpg 49w, https:\/\/institucional.ufrrj.br\/cea\/files\/2026\/05\/relatorio-de-gesstao.jpg 450w\" sizes=\"auto, (max-width: 320px) 100vw, 320px\" \/><\/a><\/p>\n","protected":false},"excerpt":{"rendered":"<p>&nbsp; &nbsp;<\/p>\n","protected":false},"author":749,"featured_media":0,"parent":0,"menu_order":0,"comment_status":"closed","ping_status":"closed","template":"","meta":{"_acf_changed":false,"footnotes":""},"class_list":["post-1204","page","type-page","status-publish","hentry"],"yoast_head":"<!-- This site is optimized with the Yoast SEO plugin v27.2 - https:\/\/yoast.com\/product\/yoast-seo-wordpress\/ -->\n<title>Gest\u00e3o 2023 -2025 - Centro de Estudos Avan\u00e7ados da UFRRJ<\/title>\n<meta name=\"robots\" content=\"index, follow, max-snippet:-1, max-image-preview:large, max-video-preview:-1\" \/>\n<link rel=\"canonical\" href=\"https:\/\/institucional.ufrrj.br\/cea\/gestao-2023-2025\/\" \/>\n<meta property=\"og:locale\" content=\"pt_BR\" \/>\n<meta property=\"og:type\" content=\"article\" \/>\n<meta property=\"og:title\" content=\"Gest\u00e3o 2023 -2025 - Centro de Estudos Avan\u00e7ados da UFRRJ\" \/>\n<meta property=\"og:description\" content=\"&nbsp; &nbsp;\" \/>\n<meta property=\"og:url\" content=\"https:\/\/institucional.ufrrj.br\/cea\/gestao-2023-2025\/\" \/>\n<meta property=\"og:site_name\" content=\"Centro de Estudos Avan\u00e7ados da UFRRJ\" \/>\n<meta property=\"article:modified_time\" content=\"2026-05-10T14:17:36+00:00\" \/>\n<meta property=\"og:image\" content=\"https:\/\/institucional.ufrrj.br\/cea\/files\/2026\/05\/relatorio-de-gesstao.jpg\" \/>\n\t<meta property=\"og:image:width\" content=\"450\" \/>\n\t<meta property=\"og:image:height\" content=\"637\" \/>\n\t<meta property=\"og:image:type\" content=\"image\/jpeg\" \/>\n<meta name=\"twitter:card\" content=\"summary_large_image\" \/>\n<meta name=\"twitter:label1\" content=\"Est. tempo de leitura\" \/>\n\t<meta name=\"twitter:data1\" content=\"1 minuto\" \/>\n<script type=\"application\/ld+json\" class=\"yoast-schema-graph\">{\"@context\":\"https:\/\/schema.org\",\"@graph\":[{\"@type\":\"WebPage\",\"@id\":\"https:\/\/institucional.ufrrj.br\/cea\/gestao-2023-2025\/\",\"url\":\"https:\/\/institucional.ufrrj.br\/cea\/gestao-2023-2025\/\",\"name\":\"Gest\u00e3o 2023 -2025 - Centro de Estudos Avan\u00e7ados da UFRRJ\",\"isPartOf\":{\"@id\":\"https:\/\/institucional.ufrrj.br\/cea\/#website\"},\"primaryImageOfPage\":{\"@id\":\"https:\/\/institucional.ufrrj.br\/cea\/gestao-2023-2025\/#primaryimage\"},\"image\":{\"@id\":\"https:\/\/institucional.ufrrj.br\/cea\/gestao-2023-2025\/#primaryimage\"},\"thumbnailUrl\":\"https:\/\/institucional.ufrrj.br\/cea\/files\/2026\/05\/relatorio-de-gesstao-212x300.jpg\",\"datePublished\":\"2026-05-10T13:56:04+00:00\",\"dateModified\":\"2026-05-10T14:17:36+00:00\",\"breadcrumb\":{\"@id\":\"https:\/\/institucional.ufrrj.br\/cea\/gestao-2023-2025\/#breadcrumb\"},\"inLanguage\":\"pt-BR\",\"potentialAction\":[{\"@type\":\"ReadAction\",\"target\":[\"https:\/\/institucional.ufrrj.br\/cea\/gestao-2023-2025\/\"]}]},{\"@type\":\"ImageObject\",\"inLanguage\":\"pt-BR\",\"@id\":\"https:\/\/institucional.ufrrj.br\/cea\/gestao-2023-2025\/#primaryimage\",\"url\":\"https:\/\/institucional.ufrrj.br\/cea\/files\/2026\/05\/relatorio-de-gesstao.jpg\",\"contentUrl\":\"https:\/\/institucional.ufrrj.br\/cea\/files\/2026\/05\/relatorio-de-gesstao.jpg\",\"width\":450,\"height\":637},{\"@type\":\"BreadcrumbList\",\"@id\":\"https:\/\/institucional.ufrrj.br\/cea\/gestao-2023-2025\/#breadcrumb\",\"itemListElement\":[{\"@type\":\"ListItem\",\"position\":1,\"name\":\"In\u00edcio\",\"item\":\"https:\/\/institucional.ufrrj.br\/cea\/en\/introduction\/\"},{\"@type\":\"ListItem\",\"position\":2,\"name\":\"Gest\u00e3o 2023 -2025\"}]},{\"@type\":\"WebSite\",\"@id\":\"https:\/\/institucional.ufrrj.br\/cea\/#website\",\"url\":\"https:\/\/institucional.ufrrj.br\/cea\/\",\"name\":\"Centro de Estudos Avan\u00e7ados da UFRRJ\",\"description\":\"\u00d3rg\u00e3o ligado diretamente \u00e0 Pr\u00f3-Reitoria de Pesquisa e P\u00f3s-Gradua\u00e7\u00e3o (PROPPG) da UFRRJ\",\"potentialAction\":[{\"@type\":\"SearchAction\",\"target\":{\"@type\":\"EntryPoint\",\"urlTemplate\":\"https:\/\/institucional.ufrrj.br\/cea\/?s={search_term_string}\"},\"query-input\":{\"@type\":\"PropertyValueSpecification\",\"valueRequired\":true,\"valueName\":\"search_term_string\"}}],\"inLanguage\":\"pt-BR\"}]}<\/script>\n<!-- \/ Yoast SEO plugin. -->","yoast_head_json":{"title":"Gest\u00e3o 2023 -2025 - Centro de Estudos Avan\u00e7ados da UFRRJ","robots":{"index":"index","follow":"follow","max-snippet":"max-snippet:-1","max-image-preview":"max-image-preview:large","max-video-preview":"max-video-preview:-1"},"canonical":"https:\/\/institucional.ufrrj.br\/cea\/gestao-2023-2025\/","og_locale":"pt_BR","og_type":"article","og_title":"Gest\u00e3o 2023 -2025 - Centro de Estudos Avan\u00e7ados da UFRRJ","og_description":"&nbsp; &nbsp;","og_url":"https:\/\/institucional.ufrrj.br\/cea\/gestao-2023-2025\/","og_site_name":"Centro de Estudos Avan\u00e7ados da UFRRJ","article_modified_time":"2026-05-10T14:17:36+00:00","og_image":[{"width":450,"height":637,"url":"https:\/\/institucional.ufrrj.br\/cea\/files\/2026\/05\/relatorio-de-gesstao.jpg","type":"image\/jpeg"}],"twitter_card":"summary_large_image","twitter_misc":{"Est. tempo de leitura":"1 minuto"},"schema":{"@context":"https:\/\/schema.org","@graph":[{"@type":"WebPage","@id":"https:\/\/institucional.ufrrj.br\/cea\/gestao-2023-2025\/","url":"https:\/\/institucional.ufrrj.br\/cea\/gestao-2023-2025\/","name":"Gest\u00e3o 2023 -2025 - Centro de Estudos Avan\u00e7ados da UFRRJ","isPartOf":{"@id":"https:\/\/institucional.ufrrj.br\/cea\/#website"},"primaryImageOfPage":{"@id":"https:\/\/institucional.ufrrj.br\/cea\/gestao-2023-2025\/#primaryimage"},"image":{"@id":"https:\/\/institucional.ufrrj.br\/cea\/gestao-2023-2025\/#primaryimage"},"thumbnailUrl":"https:\/\/institucional.ufrrj.br\/cea\/files\/2026\/05\/relatorio-de-gesstao-212x300.jpg","datePublished":"2026-05-10T13:56:04+00:00","dateModified":"2026-05-10T14:17:36+00:00","breadcrumb":{"@id":"https:\/\/institucional.ufrrj.br\/cea\/gestao-2023-2025\/#breadcrumb"},"inLanguage":"pt-BR","potentialAction":[{"@type":"ReadAction","target":["https:\/\/institucional.ufrrj.br\/cea\/gestao-2023-2025\/"]}]},{"@type":"ImageObject","inLanguage":"pt-BR","@id":"https:\/\/institucional.ufrrj.br\/cea\/gestao-2023-2025\/#primaryimage","url":"https:\/\/institucional.ufrrj.br\/cea\/files\/2026\/05\/relatorio-de-gesstao.jpg","contentUrl":"https:\/\/institucional.ufrrj.br\/cea\/files\/2026\/05\/relatorio-de-gesstao.jpg","width":450,"height":637},{"@type":"BreadcrumbList","@id":"https:\/\/institucional.ufrrj.br\/cea\/gestao-2023-2025\/#breadcrumb","itemListElement":[{"@type":"ListItem","position":1,"name":"In\u00edcio","item":"https:\/\/institucional.ufrrj.br\/cea\/en\/introduction\/"},{"@type":"ListItem","position":2,"name":"Gest\u00e3o 2023 -2025"}]},{"@type":"WebSite","@id":"https:\/\/institucional.ufrrj.br\/cea\/#website","url":"https:\/\/institucional.ufrrj.br\/cea\/","name":"Centro de Estudos Avan\u00e7ados da UFRRJ","description":"\u00d3rg\u00e3o ligado diretamente \u00e0 Pr\u00f3-Reitoria de Pesquisa e P\u00f3s-Gradua\u00e7\u00e3o (PROPPG) da UFRRJ","potentialAction":[{"@type":"SearchAction","target":{"@type":"EntryPoint","urlTemplate":"https:\/\/institucional.ufrrj.br\/cea\/?s={search_term_string}"},"query-input":{"@type":"PropertyValueSpecification","valueRequired":true,"valueName":"search_term_string"}}],"inLanguage":"pt-BR"}]}},"acf":[],"_links":{"self":[{"href":"https:\/\/institucional.ufrrj.br\/cea\/wp-json\/wp\/v2\/pages\/1204","targetHints":{"allow":["GET"]}}],"collection":[{"href":"https:\/\/institucional.ufrrj.br\/cea\/wp-json\/wp\/v2\/pages"}],"about":[{"href":"https:\/\/institucional.ufrrj.br\/cea\/wp-json\/wp\/v2\/types\/page"}],"author":[{"embeddable":true,"href":"https:\/\/institucional.ufrrj.br\/cea\/wp-json\/wp\/v2\/users\/749"}],"replies":[{"embeddable":true,"href":"https:\/\/institucional.ufrrj.br\/cea\/wp-json\/wp\/v2\/comments?post=1204"}],"version-history":[{"count":3,"href":"https:\/\/institucional.ufrrj.br\/cea\/wp-json\/wp\/v2\/pages\/1204\/revisions"}],"predecessor-version":[{"id":1214,"href":"https:\/\/institucional.ufrrj.br\/cea\/wp-json\/wp\/v2\/pages\/1204\/revisions\/1214"}],"wp:attachment":[{"href":"https:\/\/institucional.ufrrj.br\/cea\/wp-json\/wp\/v2\/media?parent=1204"}],"curies":[{"name":"wp","href":"https:\/\/api.w.org\/{rel}","templated":true}]}}