{"id":80,"date":"2019-06-26T14:24:52","date_gmt":"2019-06-26T17:24:52","guid":{"rendered":"http:\/\/institucional.ufrrj.br\/ccs\/?page_id=80"},"modified":"2023-08-28T14:20:14","modified_gmt":"2023-08-28T17:20:14","slug":"fale-conosco","status":"publish","type":"page","link":"https:\/\/institucional.ufrrj.br\/ccs\/fale-conosco\/","title":{"rendered":"Fale Conosco"},"content":{"rendered":"<p style=\"text-align: center\"><strong>Coordenadoria de Comunica\u00e7\u00e3o Social<\/strong><br \/>\nUniversidade Federal Rural do Rio de Janeiro<\/p>\n<p style=\"text-align: center\">BR 465, Km 47 Serop\u00e9dica \u2013 Rio de Janeiro<br \/>\nPavilh\u00e3o Central (P1) \u2013 Sala 131- Corredor das Assessorias<\/p>\n<p style=\"text-align: center\">Tel: +55 21 2681-4620<\/p>\n<p style=\"text-align: center\">Celular institucional: +55 21 99172-9905<\/p>\n<p style=\"text-align: center\">comunicacao@ufrrj.br<\/p>\n","protected":false},"excerpt":{"rendered":"<p>Coordenadoria de Comunica\u00e7\u00e3o Social Universidade Federal Rural do Rio de Janeiro BR 465, Km 47 Serop\u00e9dica \u2013 Rio de Janeiro <a class=\"read-more\" href=\"https:\/\/institucional.ufrrj.br\/ccs\/fale-conosco\/ \" >&#8230; <span class=\"font-italic\">leia mais <i class=\"fas fa-angle-right\"><\/i><\/span><\/a><\/p>\n","protected":false},"author":634,"featured_media":0,"parent":0,"menu_order":0,"comment_status":"closed","ping_status":"closed","template":"","meta":{"_acf_changed":false,"footnotes":""},"class_list":["post-80","page","type-page","status-publish","hentry"],"yoast_head":"<!-- This site is optimized with the Yoast SEO plugin v27.2 - https:\/\/yoast.com\/product\/yoast-seo-wordpress\/ -->\n<title>Fale Conosco - Coordenadoria de Comunica\u00e7\u00e3o Social - CCS<\/title>\n<meta name=\"robots\" content=\"index, follow, max-snippet:-1, max-image-preview:large, max-video-preview:-1\" \/>\n<link rel=\"canonical\" href=\"https:\/\/institucional.ufrrj.br\/ccs\/fale-conosco\/\" \/>\n<meta property=\"og:locale\" content=\"pt_BR\" \/>\n<meta property=\"og:type\" content=\"article\" \/>\n<meta property=\"og:title\" content=\"Fale Conosco - Coordenadoria de Comunica\u00e7\u00e3o Social - CCS\" \/>\n<meta property=\"og:description\" content=\"Coordenadoria de Comunica\u00e7\u00e3o Social Universidade Federal Rural do Rio de Janeiro BR 465, Km 47 Serop\u00e9dica \u2013 Rio de Janeiro ... leia mais\" \/>\n<meta property=\"og:url\" content=\"https:\/\/institucional.ufrrj.br\/ccs\/fale-conosco\/\" \/>\n<meta property=\"og:site_name\" content=\"Coordenadoria de Comunica\u00e7\u00e3o Social - CCS\" \/>\n<meta property=\"article:publisher\" content=\"https:\/\/www.facebook.com\/universidadefederalrural\" \/>\n<meta property=\"article:modified_time\" content=\"2023-08-28T17:20:14+00:00\" \/>\n<meta name=\"twitter:card\" content=\"summary_large_image\" \/>\n<meta name=\"twitter:site\" content=\"@ufrrjbr\" \/>\n<meta name=\"twitter:label1\" content=\"Est. tempo de leitura\" \/>\n\t<meta name=\"twitter:data1\" content=\"1 minuto\" \/>\n<script type=\"application\/ld+json\" class=\"yoast-schema-graph\">{\"@context\":\"https:\/\/schema.org\",\"@graph\":[{\"@type\":\"WebPage\",\"@id\":\"https:\/\/institucional.ufrrj.br\/ccs\/fale-conosco\/\",\"url\":\"https:\/\/institucional.ufrrj.br\/ccs\/fale-conosco\/\",\"name\":\"Fale Conosco - Coordenadoria de Comunica\u00e7\u00e3o Social - CCS\",\"isPartOf\":{\"@id\":\"https:\/\/institucional.ufrrj.br\/ccs\/#website\"},\"datePublished\":\"2019-06-26T17:24:52+00:00\",\"dateModified\":\"2023-08-28T17:20:14+00:00\",\"breadcrumb\":{\"@id\":\"https:\/\/institucional.ufrrj.br\/ccs\/fale-conosco\/#breadcrumb\"},\"inLanguage\":\"pt-BR\",\"potentialAction\":[{\"@type\":\"ReadAction\",\"target\":[\"https:\/\/institucional.ufrrj.br\/ccs\/fale-conosco\/\"]}]},{\"@type\":\"BreadcrumbList\",\"@id\":\"https:\/\/institucional.ufrrj.br\/ccs\/fale-conosco\/#breadcrumb\",\"itemListElement\":[{\"@type\":\"ListItem\",\"position\":1,\"name\":\"In\u00edcio\",\"item\":\"https:\/\/institucional.ufrrj.br\/ccs\/\"},{\"@type\":\"ListItem\",\"position\":2,\"name\":\"Fale Conosco\"}]},{\"@type\":\"WebSite\",\"@id\":\"https:\/\/institucional.ufrrj.br\/ccs\/#website\",\"url\":\"https:\/\/institucional.ufrrj.br\/ccs\/\",\"name\":\"Coordenadoria de Comunica\u00e7\u00e3o Social - CCS\",\"description\":\"Coordenadoria de Comunica\u00e7\u00e3o Social - CCS\",\"potentialAction\":[{\"@type\":\"SearchAction\",\"target\":{\"@type\":\"EntryPoint\",\"urlTemplate\":\"https:\/\/institucional.ufrrj.br\/ccs\/?s={search_term_string}\"},\"query-input\":{\"@type\":\"PropertyValueSpecification\",\"valueRequired\":true,\"valueName\":\"search_term_string\"}}],\"inLanguage\":\"pt-BR\"}]}<\/script>\n<!-- \/ Yoast SEO plugin. -->","yoast_head_json":{"title":"Fale Conosco - Coordenadoria de Comunica\u00e7\u00e3o Social - CCS","robots":{"index":"index","follow":"follow","max-snippet":"max-snippet:-1","max-image-preview":"max-image-preview:large","max-video-preview":"max-video-preview:-1"},"canonical":"https:\/\/institucional.ufrrj.br\/ccs\/fale-conosco\/","og_locale":"pt_BR","og_type":"article","og_title":"Fale Conosco - Coordenadoria de Comunica\u00e7\u00e3o Social - CCS","og_description":"Coordenadoria de Comunica\u00e7\u00e3o Social Universidade Federal Rural do Rio de Janeiro BR 465, Km 47 Serop\u00e9dica \u2013 Rio de Janeiro ... leia mais","og_url":"https:\/\/institucional.ufrrj.br\/ccs\/fale-conosco\/","og_site_name":"Coordenadoria de Comunica\u00e7\u00e3o Social - CCS","article_publisher":"https:\/\/www.facebook.com\/universidadefederalrural","article_modified_time":"2023-08-28T17:20:14+00:00","twitter_card":"summary_large_image","twitter_site":"@ufrrjbr","twitter_misc":{"Est. tempo de leitura":"1 minuto"},"schema":{"@context":"https:\/\/schema.org","@graph":[{"@type":"WebPage","@id":"https:\/\/institucional.ufrrj.br\/ccs\/fale-conosco\/","url":"https:\/\/institucional.ufrrj.br\/ccs\/fale-conosco\/","name":"Fale Conosco - Coordenadoria de Comunica\u00e7\u00e3o Social - CCS","isPartOf":{"@id":"https:\/\/institucional.ufrrj.br\/ccs\/#website"},"datePublished":"2019-06-26T17:24:52+00:00","dateModified":"2023-08-28T17:20:14+00:00","breadcrumb":{"@id":"https:\/\/institucional.ufrrj.br\/ccs\/fale-conosco\/#breadcrumb"},"inLanguage":"pt-BR","potentialAction":[{"@type":"ReadAction","target":["https:\/\/institucional.ufrrj.br\/ccs\/fale-conosco\/"]}]},{"@type":"BreadcrumbList","@id":"https:\/\/institucional.ufrrj.br\/ccs\/fale-conosco\/#breadcrumb","itemListElement":[{"@type":"ListItem","position":1,"name":"In\u00edcio","item":"https:\/\/institucional.ufrrj.br\/ccs\/"},{"@type":"ListItem","position":2,"name":"Fale Conosco"}]},{"@type":"WebSite","@id":"https:\/\/institucional.ufrrj.br\/ccs\/#website","url":"https:\/\/institucional.ufrrj.br\/ccs\/","name":"Coordenadoria de Comunica\u00e7\u00e3o Social - CCS","description":"Coordenadoria de Comunica\u00e7\u00e3o Social - CCS","potentialAction":[{"@type":"SearchAction","target":{"@type":"EntryPoint","urlTemplate":"https:\/\/institucional.ufrrj.br\/ccs\/?s={search_term_string}"},"query-input":{"@type":"PropertyValueSpecification","valueRequired":true,"valueName":"search_term_string"}}],"inLanguage":"pt-BR"}]}},"acf":[],"_links":{"self":[{"href":"https:\/\/institucional.ufrrj.br\/ccs\/wp-json\/wp\/v2\/pages\/80","targetHints":{"allow":["GET"]}}],"collection":[{"href":"https:\/\/institucional.ufrrj.br\/ccs\/wp-json\/wp\/v2\/pages"}],"about":[{"href":"https:\/\/institucional.ufrrj.br\/ccs\/wp-json\/wp\/v2\/types\/page"}],"author":[{"embeddable":true,"href":"https:\/\/institucional.ufrrj.br\/ccs\/wp-json\/wp\/v2\/users\/634"}],"replies":[{"embeddable":true,"href":"https:\/\/institucional.ufrrj.br\/ccs\/wp-json\/wp\/v2\/comments?post=80"}],"version-history":[{"count":7,"href":"https:\/\/institucional.ufrrj.br\/ccs\/wp-json\/wp\/v2\/pages\/80\/revisions"}],"predecessor-version":[{"id":1538,"href":"https:\/\/institucional.ufrrj.br\/ccs\/wp-json\/wp\/v2\/pages\/80\/revisions\/1538"}],"wp:attachment":[{"href":"https:\/\/institucional.ufrrj.br\/ccs\/wp-json\/wp\/v2\/media?parent=80"}],"curies":[{"name":"wp","href":"https:\/\/api.w.org\/{rel}","templated":true}]}}

<p style="text-align: center"><strong>Coordenadoria de Comunicação Social</strong><br />
Universidade Federal Rural do Rio de Janeiro</p>
<p style="text-align: center">BR 465, Km 47 Seropédica – Rio de Janeiro<br />
Pavilhão Central (P1) – Sala 131- Corredor das Assessorias</p>
<p style="text-align: center">Tel: +55 21 2681-4620</p>
<p style="text-align: center">Celular institucional: +55 21 99172-9905</p>
<p style="text-align: center">comunicacao@ufrrj.br</p>

<p>Coordenadoria de Comunicação Social Universidade Federal Rural do Rio de Janeiro BR 465, Km 47 Seropédica – Rio de Janeiro <a class="read-more" href="https://institucional.ufrrj.br/ccs/fale-conosco/ " >&#8230; <span class="font-italic">leia mais <i class="fas fa-angle-right"></i></span></a></p>

<!-- This site is optimized with the Yoast SEO plugin v27.2 - https://yoast.com/product/yoast-seo-wordpress/ -->
<title>Fale Conosco - Coordenadoria de Comunicação Social - CCS</title>
<meta name="robots" content="index, follow, max-snippet:-1, max-image-preview:large, max-video-preview:-1" />
<link rel="canonical" href="https://institucional.ufrrj.br/ccs/fale-conosco/" />
<meta property="og:locale" content="pt_BR" />
<meta property="og:type" content="article" />
<meta property="og:title" content="Fale Conosco - Coordenadoria de Comunicação Social - CCS" />
<meta property="og:description" content="Coordenadoria de Comunicação Social Universidade Federal Rural do Rio de Janeiro BR 465, Km 47 Seropédica – Rio de Janeiro ... leia mais" />
<meta property="og:url" content="https://institucional.ufrrj.br/ccs/fale-conosco/" />
<meta property="og:site_name" content="Coordenadoria de Comunicação Social - CCS" />
<meta property="article:publisher" content="https://www.facebook.com/universidadefederalrural" />
<meta property="article:modified_time" content="2023-08-28T17:20:14+00:00" />
<meta name="twitter:card" content="summary_large_image" />
<meta name="twitter:site" content="@ufrrjbr" />
<meta name="twitter:label1" content="Est. tempo de leitura" />
	<meta name="twitter:data1" content="1 minuto" />
<script type="application/ld+json" class="yoast-schema-graph">{"@context":"https://schema.org","@graph":[{"@type":"WebPage","@id":"https://institucional.ufrrj.br/ccs/fale-conosco/","url":"https://institucional.ufrrj.br/ccs/fale-conosco/","name":"Fale Conosco - Coordenadoria de Comunicação Social - CCS","isPartOf":{"@id":"https://institucional.ufrrj.br/ccs/#website"},"datePublished":"2019-06-26T17:24:52+00:00","dateModified":"2023-08-28T17:20:14+00:00","breadcrumb":{"@id":"https://institucional.ufrrj.br/ccs/fale-conosco/#breadcrumb"},"inLanguage":"pt-BR","potentialAction":[{"@type":"ReadAction","target":["https://institucional.ufrrj.br/ccs/fale-conosco/"]}]},{"@type":"BreadcrumbList","@id":"https://institucional.ufrrj.br/ccs/fale-conosco/#breadcrumb","itemListElement":[{"@type":"ListItem","position":1,"name":"Início","item":"https://institucional.ufrrj.br/ccs/"},{"@type":"ListItem","position":2,"name":"Fale Conosco"}]},{"@type":"WebSite","@id":"https://institucional.ufrrj.br/ccs/#website","url":"https://institucional.ufrrj.br/ccs/","name":"Coordenadoria de Comunicação Social - CCS","description":"Coordenadoria de Comunicação Social - CCS","potentialAction":[{"@type":"SearchAction","target":{"@type":"EntryPoint","urlTemplate":"https://institucional.ufrrj.br/ccs/?s={search_term_string}"},"query-input":{"@type":"PropertyValueSpecification","valueRequired":true,"valueName":"search_term_string"}}],"inLanguage":"pt-BR"}]}</script>
<!-- / Yoast SEO plugin. -->

Fale Conosco - Coordenadoria de Comunicação Social - CCS

Coordenadoria de Comunicação Social Universidade Federal Rural do Rio de Janeiro BR 465, Km 47 Seropédica – Rio de Janeiro ... leia mais

Coordenadoria de Comunicação Social - CCS

Início
