{"id":412,"date":"2019-08-08T11:03:49","date_gmt":"2019-08-08T14:03:49","guid":{"rendered":"http:\/\/institucional.ufrrj.br\/ccs\/?page_id=412"},"modified":"2019-08-08T11:13:47","modified_gmt":"2019-08-08T14:13:47","slug":"regimento","status":"publish","type":"page","link":"https:\/\/institucional.ufrrj.br\/ccs\/regimento\/","title":{"rendered":"Regimento"},"content":{"rendered":"<p>A Coordenadoria de Comunica\u00e7\u00e3o Social (CCS) da Universidade Federal Rural do Rio de Janeiro \u00e9 um \u00f3rg\u00e3o de atividades subordinadas diretamente \u00e0 Reitoria desta institui\u00e7\u00e3o. Seu principal papel \u00e9 atuar como elemento integrador entre a Universidade e suas unidades acad\u00eamicas e destas com a sociedade, em geral. Para acessar o Regimento Interno aprovado pelo Conselho Universit\u00e1rio em 31 de janeiro de 2017, clique no link abaixo:<\/p>\n<p style=\"text-align: center\"><a href=\"https:\/\/institucional.ufrrj.br\/ccs\/files\/2019\/08\/Regimento-CCS-Delibera\u00e7\u00e3o-CONSU.pdf\"><strong>Regimento CCS &#8211; Delibera\u00e7\u00e3o CONSU<\/strong><\/a><\/p>\n","protected":false},"excerpt":{"rendered":"<p>A Coordenadoria de Comunica\u00e7\u00e3o Social (CCS) da Universidade Federal Rural do Rio de Janeiro \u00e9 um \u00f3rg\u00e3o de atividades subordinadas <a class=\"read-more\" href=\"https:\/\/institucional.ufrrj.br\/ccs\/regimento\/ \" >&#8230; <span class=\"font-italic\">leia mais <i class=\"fas fa-angle-right\"><\/i><\/span><\/a><\/p>\n","protected":false},"author":730,"featured_media":0,"parent":0,"menu_order":0,"comment_status":"closed","ping_status":"closed","template":"","meta":{"_acf_changed":false,"footnotes":""},"class_list":["post-412","page","type-page","status-publish","hentry"],"yoast_head":"<!-- This site is optimized with the Yoast SEO plugin v27.2 - https:\/\/yoast.com\/product\/yoast-seo-wordpress\/ -->\n<title>Regimento - Coordenadoria de Comunica\u00e7\u00e3o Social - CCS<\/title>\n<meta name=\"robots\" content=\"index, follow, max-snippet:-1, max-image-preview:large, max-video-preview:-1\" \/>\n<link rel=\"canonical\" href=\"https:\/\/institucional.ufrrj.br\/ccs\/regimento\/\" \/>\n<meta property=\"og:locale\" content=\"pt_BR\" \/>\n<meta property=\"og:type\" content=\"article\" \/>\n<meta property=\"og:title\" content=\"Regimento - Coordenadoria de Comunica\u00e7\u00e3o Social - CCS\" \/>\n<meta property=\"og:description\" content=\"A Coordenadoria de Comunica\u00e7\u00e3o Social (CCS) da Universidade Federal Rural do Rio de Janeiro \u00e9 um \u00f3rg\u00e3o de atividades subordinadas ... leia mais\" \/>\n<meta property=\"og:url\" content=\"https:\/\/institucional.ufrrj.br\/ccs\/regimento\/\" \/>\n<meta property=\"og:site_name\" content=\"Coordenadoria de Comunica\u00e7\u00e3o Social - CCS\" \/>\n<meta property=\"article:publisher\" content=\"https:\/\/www.facebook.com\/universidadefederalrural\" \/>\n<meta property=\"article:modified_time\" content=\"2019-08-08T14:13:47+00:00\" \/>\n<meta name=\"twitter:card\" content=\"summary_large_image\" \/>\n<meta name=\"twitter:site\" content=\"@ufrrjbr\" \/>\n<script type=\"application\/ld+json\" class=\"yoast-schema-graph\">{\"@context\":\"https:\/\/schema.org\",\"@graph\":[{\"@type\":\"WebPage\",\"@id\":\"https:\/\/institucional.ufrrj.br\/ccs\/regimento\/\",\"url\":\"https:\/\/institucional.ufrrj.br\/ccs\/regimento\/\",\"name\":\"Regimento - Coordenadoria de Comunica\u00e7\u00e3o Social - CCS\",\"isPartOf\":{\"@id\":\"https:\/\/institucional.ufrrj.br\/ccs\/#website\"},\"datePublished\":\"2019-08-08T14:03:49+00:00\",\"dateModified\":\"2019-08-08T14:13:47+00:00\",\"breadcrumb\":{\"@id\":\"https:\/\/institucional.ufrrj.br\/ccs\/regimento\/#breadcrumb\"},\"inLanguage\":\"pt-BR\",\"potentialAction\":[{\"@type\":\"ReadAction\",\"target\":[\"https:\/\/institucional.ufrrj.br\/ccs\/regimento\/\"]}]},{\"@type\":\"BreadcrumbList\",\"@id\":\"https:\/\/institucional.ufrrj.br\/ccs\/regimento\/#breadcrumb\",\"itemListElement\":[{\"@type\":\"ListItem\",\"position\":1,\"name\":\"In\u00edcio\",\"item\":\"https:\/\/institucional.ufrrj.br\/ccs\/\"},{\"@type\":\"ListItem\",\"position\":2,\"name\":\"Regimento\"}]},{\"@type\":\"WebSite\",\"@id\":\"https:\/\/institucional.ufrrj.br\/ccs\/#website\",\"url\":\"https:\/\/institucional.ufrrj.br\/ccs\/\",\"name\":\"Coordenadoria de Comunica\u00e7\u00e3o Social - CCS\",\"description\":\"Coordenadoria de Comunica\u00e7\u00e3o Social - CCS\",\"potentialAction\":[{\"@type\":\"SearchAction\",\"target\":{\"@type\":\"EntryPoint\",\"urlTemplate\":\"https:\/\/institucional.ufrrj.br\/ccs\/?s={search_term_string}\"},\"query-input\":{\"@type\":\"PropertyValueSpecification\",\"valueRequired\":true,\"valueName\":\"search_term_string\"}}],\"inLanguage\":\"pt-BR\"}]}<\/script>\n<!-- \/ Yoast SEO plugin. -->","yoast_head_json":{"title":"Regimento - Coordenadoria de Comunica\u00e7\u00e3o Social - CCS","robots":{"index":"index","follow":"follow","max-snippet":"max-snippet:-1","max-image-preview":"max-image-preview:large","max-video-preview":"max-video-preview:-1"},"canonical":"https:\/\/institucional.ufrrj.br\/ccs\/regimento\/","og_locale":"pt_BR","og_type":"article","og_title":"Regimento - Coordenadoria de Comunica\u00e7\u00e3o Social - CCS","og_description":"A Coordenadoria de Comunica\u00e7\u00e3o Social (CCS) da Universidade Federal Rural do Rio de Janeiro \u00e9 um \u00f3rg\u00e3o de atividades subordinadas ... leia mais","og_url":"https:\/\/institucional.ufrrj.br\/ccs\/regimento\/","og_site_name":"Coordenadoria de Comunica\u00e7\u00e3o Social - CCS","article_publisher":"https:\/\/www.facebook.com\/universidadefederalrural","article_modified_time":"2019-08-08T14:13:47+00:00","twitter_card":"summary_large_image","twitter_site":"@ufrrjbr","schema":{"@context":"https:\/\/schema.org","@graph":[{"@type":"WebPage","@id":"https:\/\/institucional.ufrrj.br\/ccs\/regimento\/","url":"https:\/\/institucional.ufrrj.br\/ccs\/regimento\/","name":"Regimento - Coordenadoria de Comunica\u00e7\u00e3o Social - CCS","isPartOf":{"@id":"https:\/\/institucional.ufrrj.br\/ccs\/#website"},"datePublished":"2019-08-08T14:03:49+00:00","dateModified":"2019-08-08T14:13:47+00:00","breadcrumb":{"@id":"https:\/\/institucional.ufrrj.br\/ccs\/regimento\/#breadcrumb"},"inLanguage":"pt-BR","potentialAction":[{"@type":"ReadAction","target":["https:\/\/institucional.ufrrj.br\/ccs\/regimento\/"]}]},{"@type":"BreadcrumbList","@id":"https:\/\/institucional.ufrrj.br\/ccs\/regimento\/#breadcrumb","itemListElement":[{"@type":"ListItem","position":1,"name":"In\u00edcio","item":"https:\/\/institucional.ufrrj.br\/ccs\/"},{"@type":"ListItem","position":2,"name":"Regimento"}]},{"@type":"WebSite","@id":"https:\/\/institucional.ufrrj.br\/ccs\/#website","url":"https:\/\/institucional.ufrrj.br\/ccs\/","name":"Coordenadoria de Comunica\u00e7\u00e3o Social - CCS","description":"Coordenadoria de Comunica\u00e7\u00e3o Social - CCS","potentialAction":[{"@type":"SearchAction","target":{"@type":"EntryPoint","urlTemplate":"https:\/\/institucional.ufrrj.br\/ccs\/?s={search_term_string}"},"query-input":{"@type":"PropertyValueSpecification","valueRequired":true,"valueName":"search_term_string"}}],"inLanguage":"pt-BR"}]}},"acf":[],"_links":{"self":[{"href":"https:\/\/institucional.ufrrj.br\/ccs\/wp-json\/wp\/v2\/pages\/412","targetHints":{"allow":["GET"]}}],"collection":[{"href":"https:\/\/institucional.ufrrj.br\/ccs\/wp-json\/wp\/v2\/pages"}],"about":[{"href":"https:\/\/institucional.ufrrj.br\/ccs\/wp-json\/wp\/v2\/types\/page"}],"author":[{"embeddable":true,"href":"https:\/\/institucional.ufrrj.br\/ccs\/wp-json\/wp\/v2\/users\/730"}],"replies":[{"embeddable":true,"href":"https:\/\/institucional.ufrrj.br\/ccs\/wp-json\/wp\/v2\/comments?post=412"}],"version-history":[{"count":3,"href":"https:\/\/institucional.ufrrj.br\/ccs\/wp-json\/wp\/v2\/pages\/412\/revisions"}],"predecessor-version":[{"id":416,"href":"https:\/\/institucional.ufrrj.br\/ccs\/wp-json\/wp\/v2\/pages\/412\/revisions\/416"}],"wp:attachment":[{"href":"https:\/\/institucional.ufrrj.br\/ccs\/wp-json\/wp\/v2\/media?parent=412"}],"curies":[{"name":"wp","href":"https:\/\/api.w.org\/{rel}","templated":true}]}}

<p>A Coordenadoria de Comunicação Social (CCS) da Universidade Federal Rural do Rio de Janeiro é um órgão de atividades subordinadas diretamente à Reitoria desta instituição. Seu principal papel é atuar como elemento integrador entre a Universidade e suas unidades acadêmicas e destas com a sociedade, em geral. Para acessar o Regimento Interno aprovado pelo Conselho Universitário em 31 de janeiro de 2017, clique no link abaixo:</p>
<p style="text-align: center"><a href="https://institucional.ufrrj.br/ccs/files/2019/08/Regimento-CCS-Deliberação-CONSU.pdf"><strong>Regimento CCS &#8211; Deliberação CONSU</strong></a></p>

<p>A Coordenadoria de Comunicação Social (CCS) da Universidade Federal Rural do Rio de Janeiro é um órgão de atividades subordinadas <a class="read-more" href="https://institucional.ufrrj.br/ccs/regimento/ " >&#8230; <span class="font-italic">leia mais <i class="fas fa-angle-right"></i></span></a></p>

<!-- This site is optimized with the Yoast SEO plugin v27.2 - https://yoast.com/product/yoast-seo-wordpress/ -->
<title>Regimento - Coordenadoria de Comunicação Social - CCS</title>
<meta name="robots" content="index, follow, max-snippet:-1, max-image-preview:large, max-video-preview:-1" />
<link rel="canonical" href="https://institucional.ufrrj.br/ccs/regimento/" />
<meta property="og:locale" content="pt_BR" />
<meta property="og:type" content="article" />
<meta property="og:title" content="Regimento - Coordenadoria de Comunicação Social - CCS" />
<meta property="og:description" content="A Coordenadoria de Comunicação Social (CCS) da Universidade Federal Rural do Rio de Janeiro é um órgão de atividades subordinadas ... leia mais" />
<meta property="og:url" content="https://institucional.ufrrj.br/ccs/regimento/" />
<meta property="og:site_name" content="Coordenadoria de Comunicação Social - CCS" />
<meta property="article:publisher" content="https://www.facebook.com/universidadefederalrural" />
<meta property="article:modified_time" content="2019-08-08T14:13:47+00:00" />
<meta name="twitter:card" content="summary_large_image" />
<meta name="twitter:site" content="@ufrrjbr" />
<script type="application/ld+json" class="yoast-schema-graph">{"@context":"https://schema.org","@graph":[{"@type":"WebPage","@id":"https://institucional.ufrrj.br/ccs/regimento/","url":"https://institucional.ufrrj.br/ccs/regimento/","name":"Regimento - Coordenadoria de Comunicação Social - CCS","isPartOf":{"@id":"https://institucional.ufrrj.br/ccs/#website"},"datePublished":"2019-08-08T14:03:49+00:00","dateModified":"2019-08-08T14:13:47+00:00","breadcrumb":{"@id":"https://institucional.ufrrj.br/ccs/regimento/#breadcrumb"},"inLanguage":"pt-BR","potentialAction":[{"@type":"ReadAction","target":["https://institucional.ufrrj.br/ccs/regimento/"]}]},{"@type":"BreadcrumbList","@id":"https://institucional.ufrrj.br/ccs/regimento/#breadcrumb","itemListElement":[{"@type":"ListItem","position":1,"name":"Início","item":"https://institucional.ufrrj.br/ccs/"},{"@type":"ListItem","position":2,"name":"Regimento"}]},{"@type":"WebSite","@id":"https://institucional.ufrrj.br/ccs/#website","url":"https://institucional.ufrrj.br/ccs/","name":"Coordenadoria de Comunicação Social - CCS","description":"Coordenadoria de Comunicação Social - CCS","potentialAction":[{"@type":"SearchAction","target":{"@type":"EntryPoint","urlTemplate":"https://institucional.ufrrj.br/ccs/?s={search_term_string}"},"query-input":{"@type":"PropertyValueSpecification","valueRequired":true,"valueName":"search_term_string"}}],"inLanguage":"pt-BR"}]}</script>
<!-- / Yoast SEO plugin. -->

Regimento - Coordenadoria de Comunicação Social - CCS

A Coordenadoria de Comunicação Social (CCS) da Universidade Federal Rural do Rio de Janeiro é um órgão de atividades subordinadas ... leia mais

Coordenadoria de Comunicação Social - CCS

Início
