{"id":20,"date":"2019-06-24T14:55:29","date_gmt":"2019-06-24T17:55:29","guid":{"rendered":"http:\/\/institucional.ufrrj.br\/ccs\/?page_id=20"},"modified":"2026-02-06T10:14:20","modified_gmt":"2026-02-06T13:14:20","slug":"equipe","status":"publish","type":"page","link":"https:\/\/institucional.ufrrj.br\/ccs\/equipe\/","title":{"rendered":"Equipe"},"content":{"rendered":"\n<blockquote class=\"wp-block-quote eplus-wrapper is-layout-flow wp-block-quote-is-layout-flow\">\n<p class=\"eplus-wrapper\">E-mail: <a href=\"mailto:comunicacao@ufrrj.br\">comunicacao@ufrrj.br<\/a><\/p>\n\n\n\n<p class=\"eplus-wrapper\"><strong>FERNANDA DA CUNHA BARBOSA \u2013 Coordenadora da CCS<\/strong><\/p>\n<\/blockquote>\n\n\n\n<ul class=\"wp-block-list eplus-wrapper\">\n<li class=\"eplus-wrapper\">Bacharel em Comunica\u00e7\u00e3o Social &#8211; Jornalismo<\/li>\n\n\n\n<li class=\"eplus-wrapper\">Bacharel em Direito<\/li>\n\n\n\n<li class=\"eplus-wrapper\">Mestre em Comunica\u00e7\u00e3o Social<\/li>\n\n\n\n<li class=\"eplus-wrapper\">P\u00f3s-graduada em Doc\u00eancia do Ensino Superior<\/li>\n\n\n\n<li class=\"eplus-wrapper\">P\u00f3s-graduada em Direito Digital do Trabalho, Compliance Trabalhista e LGPD<\/li>\n<\/ul>\n\n\n\n<blockquote class=\"wp-block-quote eplus-wrapper is-layout-flow wp-block-quote-is-layout-flow\">\n<p class=\"eplus-wrapper\"><strong>MICHELLE DA COSTA PEREIRA CARNEIRO \u2013 Coordenadora Substituta da CCS <\/strong><\/p>\n<\/blockquote>\n\n\n\n<ul class=\"wp-block-list eplus-wrapper\">\n<li class=\"eplus-wrapper\">Bacharel em Comunica\u00e7\u00e3o Social &#8211; Jornalismo<\/li>\n\n\n\n<li class=\"eplus-wrapper\">Especialista em Meio Ambiente <\/li>\n\n\n\n<li class=\"eplus-wrapper\">P\u00f3s-graduada em Doc\u00eancia do Ensino Superior<\/li>\n\n\n\n<li class=\"eplus-wrapper\">Mestre em Divulga\u00e7\u00e3o da Ci\u00eancia, Tecnologia e Sa\u00fade<\/li>\n<\/ul>\n\n\n\n<hr class=\"wp-block-separator has-alpha-channel-opacity eplus-wrapper\" \/>\n\n\n\n<p class=\"eplus-wrapper\"><strong>ALEXANDRE DE SOUZA SOUTO &#8211; Designer<\/strong><\/p>\n\n\n\n<ul class=\"wp-block-list eplus-wrapper\">\n<li class=\"eplus-wrapper\">Bacharel em Desenho Industrial<\/li>\n\n\n\n<li class=\"eplus-wrapper\">P\u00f3s-graduado em Webdesign<\/li>\n<\/ul>\n\n\n\n<p class=\"eplus-wrapper\"><strong>FELIPE NUNES TEIXEIRA DE ARA\u00daJO &#8211; Assistente em Administra\u00e7\u00e3o<\/strong><\/p>\n\n\n\n<ul class=\"wp-block-list eplus-wrapper\">\n<li class=\"eplus-wrapper\">Bacharel em Comunica\u00e7\u00e3o Social &#8211; Publicidade<\/li>\n\n\n\n<li class=\"eplus-wrapper\">Tecn\u00f3logo em Log\u00edstica<\/li>\n\n\n\n<li class=\"eplus-wrapper\">P\u00f3s-graduando em Gest\u00e3o P\u00fablica<\/li>\n<\/ul>\n\n\n\n<p><strong>JO\u00c3O HENRIQUE DE CASTRO DE OLIVEIRA<\/strong> <strong>&#8211; Jornalista<\/strong><\/p>\n\n\n\n<ul class=\"wp-block-list eplus-wrapper\">\n<li class=\"eplus-wrapper\">Bacharel em Comunica\u00e7\u00e3o Social &#8211; Jornalismo<\/li>\n\n\n\n<li class=\"eplus-wrapper\">Bacharel e licenciado em Hist\u00f3ria<\/li>\n\n\n\n<li class=\"eplus-wrapper\">Mestre em Hist\u00f3ria<\/li>\n\n\n\n<li class=\"eplus-wrapper\">Doutor em Hist\u00f3ria<\/li>\n<\/ul>\n\n\n\n<p class=\"eplus-wrapper\"><strong>JULIANA SERRA AFFONSO &#8211; Designer<\/strong><\/p>\n\n\n\n<ul class=\"wp-block-list eplus-wrapper\">\n<li class=\"eplus-wrapper\">Bacharel em Desenho Industrial<\/li>\n<\/ul>\n\n\n\n<p class=\"eplus-wrapper\"><strong>MIRIAM BRAZ &#8211; Jornalista<\/strong><\/p>\n\n\n\n<ul class=\"wp-block-list eplus-wrapper\">\n<li class=\"eplus-wrapper\">Bacharel em Comunica\u00e7\u00e3o Social &#8211; Jornalismo<\/li>\n<\/ul>\n\n\n\n<p class=\"eplus-wrapper\"><strong>SAMUEL TAVARES COELHO &#8211; Designer<\/strong><\/p>\n\n\n\n<ul class=\"wp-block-list eplus-wrapper\">\n<li class=\"eplus-wrapper\">T\u00e9cnico em Artes Gr\u00e1ficas<\/li>\n<\/ul>\n","protected":false},"excerpt":{"rendered":"<p>E-mail: comunicacao@ufrrj.br FERNANDA DA CUNHA BARBOSA \u2013 Coordenadora da CCS MICHELLE DA COSTA PEREIRA CARNEIRO \u2013 Coordenadora Substituta da CCS <a class=\"read-more\" href=\"https:\/\/institucional.ufrrj.br\/ccs\/equipe\/ \" >&#8230; <span class=\"font-italic\">leia mais <i class=\"fas fa-angle-right\"><\/i><\/span><\/a><\/p>\n","protected":false},"author":634,"featured_media":0,"parent":0,"menu_order":0,"comment_status":"closed","ping_status":"closed","template":"","meta":{"_acf_changed":false,"footnotes":""},"class_list":["post-20","page","type-page","status-publish","hentry"],"yoast_head":"<!-- This site is optimized with the Yoast SEO plugin v27.2 - https:\/\/yoast.com\/product\/yoast-seo-wordpress\/ -->\n<title>Equipe - Coordenadoria de Comunica\u00e7\u00e3o Social - CCS<\/title>\n<meta name=\"robots\" content=\"index, follow, max-snippet:-1, max-image-preview:large, max-video-preview:-1\" \/>\n<link rel=\"canonical\" href=\"https:\/\/institucional.ufrrj.br\/ccs\/equipe\/\" \/>\n<meta property=\"og:locale\" content=\"pt_BR\" \/>\n<meta property=\"og:type\" content=\"article\" \/>\n<meta property=\"og:title\" content=\"Equipe - Coordenadoria de Comunica\u00e7\u00e3o Social - CCS\" \/>\n<meta property=\"og:description\" content=\"E-mail: comunicacao@ufrrj.br FERNANDA DA CUNHA BARBOSA \u2013 Coordenadora da CCS MICHELLE DA COSTA PEREIRA CARNEIRO \u2013 Coordenadora Substituta da CCS ... leia mais\" \/>\n<meta property=\"og:url\" content=\"https:\/\/institucional.ufrrj.br\/ccs\/equipe\/\" \/>\n<meta property=\"og:site_name\" content=\"Coordenadoria de Comunica\u00e7\u00e3o Social - CCS\" \/>\n<meta property=\"article:publisher\" content=\"https:\/\/www.facebook.com\/universidadefederalrural\" \/>\n<meta property=\"article:modified_time\" content=\"2026-02-06T13:14:20+00:00\" \/>\n<meta name=\"twitter:card\" content=\"summary_large_image\" \/>\n<meta name=\"twitter:site\" content=\"@ufrrjbr\" \/>\n<meta name=\"twitter:label1\" content=\"Est. tempo de leitura\" \/>\n\t<meta name=\"twitter:data1\" content=\"1 minuto\" \/>\n<script type=\"application\/ld+json\" class=\"yoast-schema-graph\">{\"@context\":\"https:\/\/schema.org\",\"@graph\":[{\"@type\":\"WebPage\",\"@id\":\"https:\/\/institucional.ufrrj.br\/ccs\/equipe\/\",\"url\":\"https:\/\/institucional.ufrrj.br\/ccs\/equipe\/\",\"name\":\"Equipe - Coordenadoria de Comunica\u00e7\u00e3o Social - CCS\",\"isPartOf\":{\"@id\":\"https:\/\/institucional.ufrrj.br\/ccs\/#website\"},\"datePublished\":\"2019-06-24T17:55:29+00:00\",\"dateModified\":\"2026-02-06T13:14:20+00:00\",\"breadcrumb\":{\"@id\":\"https:\/\/institucional.ufrrj.br\/ccs\/equipe\/#breadcrumb\"},\"inLanguage\":\"pt-BR\",\"potentialAction\":[{\"@type\":\"ReadAction\",\"target\":[\"https:\/\/institucional.ufrrj.br\/ccs\/equipe\/\"]}]},{\"@type\":\"BreadcrumbList\",\"@id\":\"https:\/\/institucional.ufrrj.br\/ccs\/equipe\/#breadcrumb\",\"itemListElement\":[{\"@type\":\"ListItem\",\"position\":1,\"name\":\"In\u00edcio\",\"item\":\"https:\/\/institucional.ufrrj.br\/ccs\/\"},{\"@type\":\"ListItem\",\"position\":2,\"name\":\"Equipe\"}]},{\"@type\":\"WebSite\",\"@id\":\"https:\/\/institucional.ufrrj.br\/ccs\/#website\",\"url\":\"https:\/\/institucional.ufrrj.br\/ccs\/\",\"name\":\"Coordenadoria de Comunica\u00e7\u00e3o Social - CCS\",\"description\":\"Coordenadoria de Comunica\u00e7\u00e3o Social - CCS\",\"potentialAction\":[{\"@type\":\"SearchAction\",\"target\":{\"@type\":\"EntryPoint\",\"urlTemplate\":\"https:\/\/institucional.ufrrj.br\/ccs\/?s={search_term_string}\"},\"query-input\":{\"@type\":\"PropertyValueSpecification\",\"valueRequired\":true,\"valueName\":\"search_term_string\"}}],\"inLanguage\":\"pt-BR\"}]}<\/script>\n<!-- \/ Yoast SEO plugin. -->","yoast_head_json":{"title":"Equipe - Coordenadoria de Comunica\u00e7\u00e3o Social - CCS","robots":{"index":"index","follow":"follow","max-snippet":"max-snippet:-1","max-image-preview":"max-image-preview:large","max-video-preview":"max-video-preview:-1"},"canonical":"https:\/\/institucional.ufrrj.br\/ccs\/equipe\/","og_locale":"pt_BR","og_type":"article","og_title":"Equipe - Coordenadoria de Comunica\u00e7\u00e3o Social - CCS","og_description":"E-mail: comunicacao@ufrrj.br FERNANDA DA CUNHA BARBOSA \u2013 Coordenadora da CCS MICHELLE DA COSTA PEREIRA CARNEIRO \u2013 Coordenadora Substituta da CCS ... leia mais","og_url":"https:\/\/institucional.ufrrj.br\/ccs\/equipe\/","og_site_name":"Coordenadoria de Comunica\u00e7\u00e3o Social - CCS","article_publisher":"https:\/\/www.facebook.com\/universidadefederalrural","article_modified_time":"2026-02-06T13:14:20+00:00","twitter_card":"summary_large_image","twitter_site":"@ufrrjbr","twitter_misc":{"Est. tempo de leitura":"1 minuto"},"schema":{"@context":"https:\/\/schema.org","@graph":[{"@type":"WebPage","@id":"https:\/\/institucional.ufrrj.br\/ccs\/equipe\/","url":"https:\/\/institucional.ufrrj.br\/ccs\/equipe\/","name":"Equipe - Coordenadoria de Comunica\u00e7\u00e3o Social - CCS","isPartOf":{"@id":"https:\/\/institucional.ufrrj.br\/ccs\/#website"},"datePublished":"2019-06-24T17:55:29+00:00","dateModified":"2026-02-06T13:14:20+00:00","breadcrumb":{"@id":"https:\/\/institucional.ufrrj.br\/ccs\/equipe\/#breadcrumb"},"inLanguage":"pt-BR","potentialAction":[{"@type":"ReadAction","target":["https:\/\/institucional.ufrrj.br\/ccs\/equipe\/"]}]},{"@type":"BreadcrumbList","@id":"https:\/\/institucional.ufrrj.br\/ccs\/equipe\/#breadcrumb","itemListElement":[{"@type":"ListItem","position":1,"name":"In\u00edcio","item":"https:\/\/institucional.ufrrj.br\/ccs\/"},{"@type":"ListItem","position":2,"name":"Equipe"}]},{"@type":"WebSite","@id":"https:\/\/institucional.ufrrj.br\/ccs\/#website","url":"https:\/\/institucional.ufrrj.br\/ccs\/","name":"Coordenadoria de Comunica\u00e7\u00e3o Social - CCS","description":"Coordenadoria de Comunica\u00e7\u00e3o Social - CCS","potentialAction":[{"@type":"SearchAction","target":{"@type":"EntryPoint","urlTemplate":"https:\/\/institucional.ufrrj.br\/ccs\/?s={search_term_string}"},"query-input":{"@type":"PropertyValueSpecification","valueRequired":true,"valueName":"search_term_string"}}],"inLanguage":"pt-BR"}]}},"acf":[],"_links":{"self":[{"href":"https:\/\/institucional.ufrrj.br\/ccs\/wp-json\/wp\/v2\/pages\/20","targetHints":{"allow":["GET"]}}],"collection":[{"href":"https:\/\/institucional.ufrrj.br\/ccs\/wp-json\/wp\/v2\/pages"}],"about":[{"href":"https:\/\/institucional.ufrrj.br\/ccs\/wp-json\/wp\/v2\/types\/page"}],"author":[{"embeddable":true,"href":"https:\/\/institucional.ufrrj.br\/ccs\/wp-json\/wp\/v2\/users\/634"}],"replies":[{"embeddable":true,"href":"https:\/\/institucional.ufrrj.br\/ccs\/wp-json\/wp\/v2\/comments?post=20"}],"version-history":[{"count":1,"href":"https:\/\/institucional.ufrrj.br\/ccs\/wp-json\/wp\/v2\/pages\/20\/revisions"}],"predecessor-version":[{"id":2488,"href":"https:\/\/institucional.ufrrj.br\/ccs\/wp-json\/wp\/v2\/pages\/20\/revisions\/2488"}],"wp:attachment":[{"href":"https:\/\/institucional.ufrrj.br\/ccs\/wp-json\/wp\/v2\/media?parent=20"}],"curies":[{"name":"wp","href":"https:\/\/api.w.org\/{rel}","templated":true}]}}

<blockquote class="wp-block-quote eplus-wrapper is-layout-flow wp-block-quote-is-layout-flow">
<p class="eplus-wrapper">E-mail: <a href="mailto:comunicacao@ufrrj.br">comunicacao@ufrrj.br</a></p>



<p class="eplus-wrapper"><strong>FERNANDA DA CUNHA BARBOSA – Coordenadora da CCS</strong></p>
</blockquote>



<ul class="wp-block-list eplus-wrapper">
<li class="eplus-wrapper">Bacharel em Comunicação Social &#8211; Jornalismo</li>



<li class="eplus-wrapper">Bacharel em Direito</li>



<li class="eplus-wrapper">Mestre em Comunicação Social</li>



<li class="eplus-wrapper">Pós-graduada em Docência do Ensino Superior</li>



<li class="eplus-wrapper">Pós-graduada em Direito Digital do Trabalho, Compliance Trabalhista e LGPD</li>
</ul>



<blockquote class="wp-block-quote eplus-wrapper is-layout-flow wp-block-quote-is-layout-flow">
<p class="eplus-wrapper"><strong>MICHELLE DA COSTA PEREIRA CARNEIRO – Coordenadora Substituta da CCS </strong></p>
</blockquote>



<ul class="wp-block-list eplus-wrapper">
<li class="eplus-wrapper">Bacharel em Comunicação Social &#8211; Jornalismo</li>



<li class="eplus-wrapper">Especialista em Meio Ambiente </li>



<li class="eplus-wrapper">Pós-graduada em Docência do Ensino Superior</li>



<li class="eplus-wrapper">Mestre em Divulgação da Ciência, Tecnologia e Saúde</li>
</ul>



<hr class="wp-block-separator has-alpha-channel-opacity eplus-wrapper" />



<p class="eplus-wrapper"><strong>ALEXANDRE DE SOUZA SOUTO &#8211; Designer</strong></p>



<ul class="wp-block-list eplus-wrapper">
<li class="eplus-wrapper">Bacharel em Desenho Industrial</li>



<li class="eplus-wrapper">Pós-graduado em Webdesign</li>
</ul>



<p class="eplus-wrapper"><strong>FELIPE NUNES TEIXEIRA DE ARAÚJO &#8211; Assistente em Administração</strong></p>



<ul class="wp-block-list eplus-wrapper">
<li class="eplus-wrapper">Bacharel em Comunicação Social &#8211; Publicidade</li>



<li class="eplus-wrapper">Tecnólogo em Logística</li>



<li class="eplus-wrapper">Pós-graduando em Gestão Pública</li>
</ul>



<p><strong>JOÃO HENRIQUE DE CASTRO DE OLIVEIRA</strong> <strong>&#8211; Jornalista</strong></p>



<ul class="wp-block-list eplus-wrapper">
<li class="eplus-wrapper">Bacharel em Comunicação Social &#8211; Jornalismo</li>



<li class="eplus-wrapper">Bacharel e licenciado em História</li>



<li class="eplus-wrapper">Mestre em História</li>



<li class="eplus-wrapper">Doutor em História</li>
</ul>



<p class="eplus-wrapper"><strong>JULIANA SERRA AFFONSO &#8211; Designer</strong></p>



<ul class="wp-block-list eplus-wrapper">
<li class="eplus-wrapper">Bacharel em Desenho Industrial</li>
</ul>



<p class="eplus-wrapper"><strong>MIRIAM BRAZ &#8211; Jornalista</strong></p>



<ul class="wp-block-list eplus-wrapper">
<li class="eplus-wrapper">Bacharel em Comunicação Social &#8211; Jornalismo</li>
</ul>



<p class="eplus-wrapper"><strong>SAMUEL TAVARES COELHO &#8211; Designer</strong></p>



<ul class="wp-block-list eplus-wrapper">
<li class="eplus-wrapper">Técnico em Artes Gráficas</li>
</ul>

<!-- This site is optimized with the Yoast SEO plugin v27.2 - https://yoast.com/product/yoast-seo-wordpress/ -->
<title>Equipe - Coordenadoria de Comunicação Social - CCS</title>
<meta name="robots" content="index, follow, max-snippet:-1, max-image-preview:large, max-video-preview:-1" />
<link rel="canonical" href="https://institucional.ufrrj.br/ccs/equipe/" />
<meta property="og:locale" content="pt_BR" />
<meta property="og:type" content="article" />
<meta property="og:title" content="Equipe - Coordenadoria de Comunicação Social - CCS" />
<meta property="og:description" content="E-mail: comunicacao@ufrrj.br FERNANDA DA CUNHA BARBOSA – Coordenadora da CCS MICHELLE DA COSTA PEREIRA CARNEIRO – Coordenadora Substituta da CCS ... leia mais" />
<meta property="og:url" content="https://institucional.ufrrj.br/ccs/equipe/" />
<meta property="og:site_name" content="Coordenadoria de Comunicação Social - CCS" />
<meta property="article:publisher" content="https://www.facebook.com/universidadefederalrural" />
<meta property="article:modified_time" content="2026-02-06T13:14:20+00:00" />
<meta name="twitter:card" content="summary_large_image" />
<meta name="twitter:site" content="@ufrrjbr" />
<meta name="twitter:label1" content="Est. tempo de leitura" />
	<meta name="twitter:data1" content="1 minuto" />
<script type="application/ld+json" class="yoast-schema-graph">{"@context":"https://schema.org","@graph":[{"@type":"WebPage","@id":"https://institucional.ufrrj.br/ccs/equipe/","url":"https://institucional.ufrrj.br/ccs/equipe/","name":"Equipe - Coordenadoria de Comunicação Social - CCS","isPartOf":{"@id":"https://institucional.ufrrj.br/ccs/#website"},"datePublished":"2019-06-24T17:55:29+00:00","dateModified":"2026-02-06T13:14:20+00:00","breadcrumb":{"@id":"https://institucional.ufrrj.br/ccs/equipe/#breadcrumb"},"inLanguage":"pt-BR","potentialAction":[{"@type":"ReadAction","target":["https://institucional.ufrrj.br/ccs/equipe/"]}]},{"@type":"BreadcrumbList","@id":"https://institucional.ufrrj.br/ccs/equipe/#breadcrumb","itemListElement":[{"@type":"ListItem","position":1,"name":"Início","item":"https://institucional.ufrrj.br/ccs/"},{"@type":"ListItem","position":2,"name":"Equipe"}]},{"@type":"WebSite","@id":"https://institucional.ufrrj.br/ccs/#website","url":"https://institucional.ufrrj.br/ccs/","name":"Coordenadoria de Comunicação Social - CCS","description":"Coordenadoria de Comunicação Social - CCS","potentialAction":[{"@type":"SearchAction","target":{"@type":"EntryPoint","urlTemplate":"https://institucional.ufrrj.br/ccs/?s={search_term_string}"},"query-input":{"@type":"PropertyValueSpecification","valueRequired":true,"valueName":"search_term_string"}}],"inLanguage":"pt-BR"}]}</script>
<!-- / Yoast SEO plugin. -->

Equipe - Coordenadoria de Comunicação Social - CCS

Coordenadoria de Comunicação Social - CCS

Início
