{"id":46,"date":"2013-02-21T13:24:10","date_gmt":"2013-02-21T13:24:10","guid":{"rendered":"http:\/\/institucional.ufrrj.br\/nassur\/?page_id=46"},"modified":"2022-04-20T14:34:18","modified_gmt":"2022-04-20T17:34:18","slug":"legislacao","status":"publish","type":"page","link":"https:\/\/institucional.ufrrj.br\/casst\/legislacao\/","title":{"rendered":"Legisla\u00e7\u00e3o"},"content":{"rendered":"<p>&nbsp;<\/p>\n<p><strong><span style=\"color: #000000\"><span style=\"font-family: arial,helvetica,sans-serif\"><span style=\"font-size: 16px\">Vigil\u00e2ncia em Sa\u00fade<\/span><\/span><\/span><\/strong><\/p>\n<p style=\"text-align: justify\"><span style=\"color: #000000\"><span style=\"font-family: arial,helvetica,sans-serif\"><span style=\"font-size: 16px\"><a href=\"https:\/\/institucional.ufrrj.br\/casst\/files\/2016\/02\/Pol\u00edtica-de-Seguran\u00e7a-e-Sa\u00fade-no-Trabalho-e-de-Preven\u00e7\u00e3o-de-Riscos-Ocupacionais.-Delibera\u00e7\u00e3o-n\u00ba-18-de-29_04_2015.pdf\">Pol\u00edtica de Seguran\u00e7a e Sa\u00fade no Trabalho e de Preven\u00e7\u00e3o de Riscos Ocupacionais UFRRJ<\/a><\/span><\/span><\/span><\/p>\n<p style=\"text-align: justify\"><span style=\"color: #000000\"><span style=\"font-family: arial,helvetica,sans-serif\"><span style=\"font-size: 16px\"><a href=\"https:\/\/institucional.ufrrj.br\/casst\/files\/2018\/02\/CISSP-UFRRJ-Delibera\u00e7\u00e3o-19-de-29-de-abril-2015.pdf\">Delibera\u00e7\u00e3o n\u00ba19\/2015 &#8211; CISSP UFRRJ<\/a><\/span><\/span><\/span><\/p>\n<p style=\"text-align: justify\"><span style=\"color: #000000\"><span style=\"font-family: arial,helvetica,sans-serif\"><span style=\"font-size: 16px\"><a href=\"\/\/institucional.ufrrj.br\/casst\/files\/2015\/03\/Portaria_Normativa_04_2009.pdf\">Portaria Normativa 04\/2009 que disp\u00f5e sobre os Exames Peri\u00f3dicos do SIPEC <\/a><\/span><\/span><\/span><\/p>\n<p style=\"text-align: justify\"><span style=\"color: #000000\"><span style=\"font-family: arial,helvetica,sans-serif\"><span style=\"font-size: 16px\"><a href=\"http:\/\/www.planalto.gov.br\/ccivil_03\/_ato2007-2010\/2009\/decreto\/d6856.htm\">Decreto n\u00ba 6.856\/2009 que regulamenta o art. 206-A da Lei no 8.112, de 11 de dezembro de 1990 \u2013 Regime Jur\u00eddico \u00danico, dispondo sobre os exames m\u00e9dicos peri\u00f3dicos de servidores.<\/a><\/span><\/span><\/span><\/p>\n<p><span style=\"color: #000000\"><span style=\"font-family: arial,helvetica,sans-serif\"><span style=\"font-size: 16px\"><a href=\"https:\/\/www.in.gov.br\/en\/web\/dou\/-\/instrucao-normativa-sgp\/seggg-\/me-n-15-de-16-de-marco-de-2022-387970119\">Instru\u00e7\u00e3o Normativa n\u00ba 15 de 16 de mar\u00e7o de 2022 &#8211; Estabelece orienta\u00e7\u00f5es sobre a concess\u00e3o dos adicionais de insalubridade, periculosidade, irradia\u00e7\u00e3o ionizante e gratifica\u00e7\u00e3o por trabalhos com raios-x ou subst\u00e2ncias radioativas.<\/a><\/span><\/span><\/span><\/p>\n<p><strong><span style=\"color: #000000\"><span style=\"font-family: arial,helvetica,sans-serif\"><span style=\"font-size: 16px\">Per\u00edcia em Sa\u00fade<\/span><\/span><\/span><\/strong><\/p>\n<p style=\"text-align: justify\"><span style=\"color: #000000\"><span style=\"font-family: arial,helvetica,sans-serif\"><span style=\"font-size: 16px\"><a href=\"http:\/\/www.planalto.gov.br\/ccivil_03\/_ato2007-2010\/2009\/decreto\/d7003.htm#:~:text=DECRETO%20N%C2%BA%207.003%2C%20DE%209,1990%2C%20e%20d%C3%A1%20outras%20provid%C3%AAncias.\">Decreto 7003 de 09\/11\/2019 que regulamenta a licen\u00e7a para tratamento de sa\u00fade, de que tratam os arts. 202 a 205 da Lei no 8.112, de 11 de dezembro de 1990.<\/a><\/span><\/span><\/span><\/p>\n<p style=\"text-align: justify\"><span style=\"color: #000000\"><span style=\"font-family: arial,helvetica,sans-serif\"><span style=\"font-size: 16px\"><a href=\"https:\/\/institucional.ufrrj.br\/casst\/files\/2018\/01\/Manual-Pericia-Oficial-em-Sa\u00fade-do-Servidor-P\u00fablico-Federal-3\u00aa-Ed.-Abril2017.pdf\">Manual de Per\u00edcia SIASS<\/a><\/span><\/span><\/span><\/p>\n","protected":false},"excerpt":{"rendered":"<p>&nbsp; Vigil\u00e2ncia em Sa\u00fade Pol\u00edtica de Seguran\u00e7a e Sa\u00fade no Trabalho e de Preven\u00e7\u00e3o de Riscos Ocupacionais UFRRJ Delibera\u00e7\u00e3o n\u00ba19\/2015 <a class=\"read-more\" href=\"https:\/\/institucional.ufrrj.br\/casst\/legislacao\/ \" >&#8230; <span class=\"font-italic\">leia mais <i class=\"fas fa-angle-right\"><\/i><\/span><\/a><\/p>\n","protected":false},"author":634,"featured_media":0,"parent":0,"menu_order":0,"comment_status":"open","ping_status":"open","template":"","meta":{"_acf_changed":false,"_exactmetrics_skip_tracking":false,"_exactmetrics_sitenote_active":false,"_exactmetrics_sitenote_note":"","_exactmetrics_sitenote_category":0,"footnotes":""},"class_list":["post-46","page","type-page","status-publish","hentry"],"yoast_head":"<!-- This site is optimized with the Yoast SEO plugin v27.2 - https:\/\/yoast.com\/product\/yoast-seo-wordpress\/ -->\n<title>Legisla\u00e7\u00e3o - Coordena\u00e7\u00e3o de Aten\u00e7\u00e3o \u00e0 Sa\u00fade e Seguran\u00e7a do Trabalho<\/title>\n<meta name=\"robots\" content=\"index, follow, max-snippet:-1, max-image-preview:large, max-video-preview:-1\" \/>\n<link rel=\"canonical\" href=\"https:\/\/institucional.ufrrj.br\/casst\/legislacao\/\" \/>\n<meta property=\"og:locale\" content=\"pt_BR\" \/>\n<meta property=\"og:type\" content=\"article\" \/>\n<meta property=\"og:title\" content=\"Legisla\u00e7\u00e3o - Coordena\u00e7\u00e3o de Aten\u00e7\u00e3o \u00e0 Sa\u00fade e Seguran\u00e7a do Trabalho\" \/>\n<meta property=\"og:description\" content=\"&nbsp; Vigil\u00e2ncia em Sa\u00fade Pol\u00edtica de Seguran\u00e7a e Sa\u00fade no Trabalho e de Preven\u00e7\u00e3o de Riscos Ocupacionais UFRRJ Delibera\u00e7\u00e3o n\u00ba19\/2015 ... leia mais\" \/>\n<meta property=\"og:url\" content=\"https:\/\/institucional.ufrrj.br\/casst\/legislacao\/\" \/>\n<meta property=\"og:site_name\" content=\"Coordena\u00e7\u00e3o de Aten\u00e7\u00e3o \u00e0 Sa\u00fade e Seguran\u00e7a do Trabalho\" \/>\n<meta property=\"article:modified_time\" content=\"2022-04-20T17:34:18+00:00\" \/>\n<meta name=\"twitter:card\" content=\"summary_large_image\" \/>\n<meta name=\"twitter:label1\" content=\"Est. tempo de leitura\" \/>\n\t<meta name=\"twitter:data1\" content=\"1 minuto\" \/>\n<script type=\"application\/ld+json\" class=\"yoast-schema-graph\">{\"@context\":\"https:\/\/schema.org\",\"@graph\":[{\"@type\":\"WebPage\",\"@id\":\"https:\/\/institucional.ufrrj.br\/casst\/legislacao\/\",\"url\":\"https:\/\/institucional.ufrrj.br\/casst\/legislacao\/\",\"name\":\"Legisla\u00e7\u00e3o - Coordena\u00e7\u00e3o de Aten\u00e7\u00e3o \u00e0 Sa\u00fade e Seguran\u00e7a do Trabalho\",\"isPartOf\":{\"@id\":\"https:\/\/institucional.ufrrj.br\/casst\/#website\"},\"datePublished\":\"2013-02-21T13:24:10+00:00\",\"dateModified\":\"2022-04-20T17:34:18+00:00\",\"breadcrumb\":{\"@id\":\"https:\/\/institucional.ufrrj.br\/casst\/legislacao\/#breadcrumb\"},\"inLanguage\":\"pt-BR\",\"potentialAction\":[{\"@type\":\"ReadAction\",\"target\":[\"https:\/\/institucional.ufrrj.br\/casst\/legislacao\/\"]}]},{\"@type\":\"BreadcrumbList\",\"@id\":\"https:\/\/institucional.ufrrj.br\/casst\/legislacao\/#breadcrumb\",\"itemListElement\":[{\"@type\":\"ListItem\",\"position\":1,\"name\":\"In\u00edcio\",\"item\":\"https:\/\/institucional.ufrrj.br\/casst\/\"},{\"@type\":\"ListItem\",\"position\":2,\"name\":\"Legisla\u00e7\u00e3o\"}]},{\"@type\":\"WebSite\",\"@id\":\"https:\/\/institucional.ufrrj.br\/casst\/#website\",\"url\":\"https:\/\/institucional.ufrrj.br\/casst\/\",\"name\":\"Coordena\u00e7\u00e3o de Aten\u00e7\u00e3o \u00e0 Sa\u00fade e Seguran\u00e7a do Trabalho\",\"description\":\"Coordena\u00e7\u00e3o de Aten\u00e7\u00e3o \u00e0 Sa\u00fade e Seguran\u00e7a do Trabalho\",\"potentialAction\":[{\"@type\":\"SearchAction\",\"target\":{\"@type\":\"EntryPoint\",\"urlTemplate\":\"https:\/\/institucional.ufrrj.br\/casst\/?s={search_term_string}\"},\"query-input\":{\"@type\":\"PropertyValueSpecification\",\"valueRequired\":true,\"valueName\":\"search_term_string\"}}],\"inLanguage\":\"pt-BR\"}]}<\/script>\n<!-- \/ Yoast SEO plugin. -->","yoast_head_json":{"title":"Legisla\u00e7\u00e3o - Coordena\u00e7\u00e3o de Aten\u00e7\u00e3o \u00e0 Sa\u00fade e Seguran\u00e7a do Trabalho","robots":{"index":"index","follow":"follow","max-snippet":"max-snippet:-1","max-image-preview":"max-image-preview:large","max-video-preview":"max-video-preview:-1"},"canonical":"https:\/\/institucional.ufrrj.br\/casst\/legislacao\/","og_locale":"pt_BR","og_type":"article","og_title":"Legisla\u00e7\u00e3o - Coordena\u00e7\u00e3o de Aten\u00e7\u00e3o \u00e0 Sa\u00fade e Seguran\u00e7a do Trabalho","og_description":"&nbsp; Vigil\u00e2ncia em Sa\u00fade Pol\u00edtica de Seguran\u00e7a e Sa\u00fade no Trabalho e de Preven\u00e7\u00e3o de Riscos Ocupacionais UFRRJ Delibera\u00e7\u00e3o n\u00ba19\/2015 ... leia mais","og_url":"https:\/\/institucional.ufrrj.br\/casst\/legislacao\/","og_site_name":"Coordena\u00e7\u00e3o de Aten\u00e7\u00e3o \u00e0 Sa\u00fade e Seguran\u00e7a do Trabalho","article_modified_time":"2022-04-20T17:34:18+00:00","twitter_card":"summary_large_image","twitter_misc":{"Est. tempo de leitura":"1 minuto"},"schema":{"@context":"https:\/\/schema.org","@graph":[{"@type":"WebPage","@id":"https:\/\/institucional.ufrrj.br\/casst\/legislacao\/","url":"https:\/\/institucional.ufrrj.br\/casst\/legislacao\/","name":"Legisla\u00e7\u00e3o - Coordena\u00e7\u00e3o de Aten\u00e7\u00e3o \u00e0 Sa\u00fade e Seguran\u00e7a do Trabalho","isPartOf":{"@id":"https:\/\/institucional.ufrrj.br\/casst\/#website"},"datePublished":"2013-02-21T13:24:10+00:00","dateModified":"2022-04-20T17:34:18+00:00","breadcrumb":{"@id":"https:\/\/institucional.ufrrj.br\/casst\/legislacao\/#breadcrumb"},"inLanguage":"pt-BR","potentialAction":[{"@type":"ReadAction","target":["https:\/\/institucional.ufrrj.br\/casst\/legislacao\/"]}]},{"@type":"BreadcrumbList","@id":"https:\/\/institucional.ufrrj.br\/casst\/legislacao\/#breadcrumb","itemListElement":[{"@type":"ListItem","position":1,"name":"In\u00edcio","item":"https:\/\/institucional.ufrrj.br\/casst\/"},{"@type":"ListItem","position":2,"name":"Legisla\u00e7\u00e3o"}]},{"@type":"WebSite","@id":"https:\/\/institucional.ufrrj.br\/casst\/#website","url":"https:\/\/institucional.ufrrj.br\/casst\/","name":"Coordena\u00e7\u00e3o de Aten\u00e7\u00e3o \u00e0 Sa\u00fade e Seguran\u00e7a do Trabalho","description":"Coordena\u00e7\u00e3o de Aten\u00e7\u00e3o \u00e0 Sa\u00fade e Seguran\u00e7a do Trabalho","potentialAction":[{"@type":"SearchAction","target":{"@type":"EntryPoint","urlTemplate":"https:\/\/institucional.ufrrj.br\/casst\/?s={search_term_string}"},"query-input":{"@type":"PropertyValueSpecification","valueRequired":true,"valueName":"search_term_string"}}],"inLanguage":"pt-BR"}]}},"acf":[],"_links":{"self":[{"href":"https:\/\/institucional.ufrrj.br\/casst\/wp-json\/wp\/v2\/pages\/46","targetHints":{"allow":["GET"]}}],"collection":[{"href":"https:\/\/institucional.ufrrj.br\/casst\/wp-json\/wp\/v2\/pages"}],"about":[{"href":"https:\/\/institucional.ufrrj.br\/casst\/wp-json\/wp\/v2\/types\/page"}],"author":[{"embeddable":true,"href":"https:\/\/institucional.ufrrj.br\/casst\/wp-json\/wp\/v2\/users\/634"}],"replies":[{"embeddable":true,"href":"https:\/\/institucional.ufrrj.br\/casst\/wp-json\/wp\/v2\/comments?post=46"}],"version-history":[{"count":23,"href":"https:\/\/institucional.ufrrj.br\/casst\/wp-json\/wp\/v2\/pages\/46\/revisions"}],"predecessor-version":[{"id":2234,"href":"https:\/\/institucional.ufrrj.br\/casst\/wp-json\/wp\/v2\/pages\/46\/revisions\/2234"}],"wp:attachment":[{"href":"https:\/\/institucional.ufrrj.br\/casst\/wp-json\/wp\/v2\/media?parent=46"}],"curies":[{"name":"wp","href":"https:\/\/api.w.org\/{rel}","templated":true}]}}