{"id":2509,"date":"2025-02-07T10:30:52","date_gmt":"2025-02-07T13:30:52","guid":{"rendered":"https:\/\/institucional.ufrrj.br\/casst\/?page_id=2509"},"modified":"2025-02-07T10:30:52","modified_gmt":"2025-02-07T13:30:52","slug":"desvios-incidentes-e-acidente-de-trabalho","status":"publish","type":"page","link":"https:\/\/institucional.ufrrj.br\/casst\/desvios-incidentes-e-acidente-de-trabalho\/","title":{"rendered":"Desvios, Incidentes e Acidente de Trabalho"},"content":{"rendered":"<p>Desvios, incidentes e acidentes de trabalho s\u00e3o termos frequentemente utilizados para descrever situa\u00e7\u00f5es relacionadas \u00e0 seguran\u00e7a e sa\u00fade ocupacional. Vamos entender melhor cada um deles.<\/p>\n<p>Os desvios s\u00e3o situa\u00e7\u00f5es em que ocorre uma falha ou descumprimento das normas, procedimentos ou pr\u00e1ticas seguras estabelecidas no ambiente de trabalho. Podem ser pequenas infra\u00e7\u00f5es ou n\u00e3o conformidades que, se n\u00e3o corrigidas, podem levar a incidentes ou acidentes mais graves.<\/p>\n<p>Os incidentes de trabalho referem-se a eventos inesperados que ocorrem durante a execu\u00e7\u00e3o das atividades laborais, mas que n\u00e3o resultam em les\u00f5es ou danos significativos. Esses incidentes s\u00e3o sinais de alerta e indicam que algo n\u00e3o est\u00e1 funcionando corretamente, exigindo uma investiga\u00e7\u00e3o e a\u00e7\u00e3o corretiva para prevenir acidentes futuros.<\/p>\n<p>J\u00e1 os acidentes de trabalho s\u00e3o eventos indesejados que ocorrem durante o exerc\u00edcio da atividade laboral e resultam em les\u00f5es, doen\u00e7as ocupacionais ou at\u00e9 mesmo a morte do trabalhador. Podem ser causados por diversos fatores, como falhas de seguran\u00e7a, condi\u00e7\u00f5es inadequadas de trabalho, falta de treinamento, neglig\u00eancia, entre outros.<\/p>\n<p>\u00c9 essencial prevenir e controlar essas situa\u00e7\u00f5es por meio da implementa\u00e7\u00e3o de medidas de seguran\u00e7a e programas de preven\u00e7\u00e3o para proteger a sa\u00fade e a integridade dos trabalhadores. Por isso, a Coordena\u00e7\u00e3o de Aten\u00e7\u00e3o \u00e0 Sa\u00fade e Seguran\u00e7a do Trabalhador \u2013 CASST implementou processos para que esses desvios, incidentes e acidentes possam ser comunicados e tratados. Esses processos s\u00e3o divididos:<\/p>\n<p><strong>Servidor:<\/strong><\/p>\n<p>Em caso de Desvios e Incidentes, realizar a comunica\u00e7\u00e3o atrav\u00e9s do link abaixo:<br \/>\n<a href=\"https:\/\/docs.google.com\/forms\/d\/e\/1FAIpQLSc_3Um-vcJCRnlkmJS-Gjpk5pUBgFxbiV5xi6-JBeqgUpqe9Q\/viewform?fbzx=562631654560928968\">https:\/\/docs.google.com\/forms\/d\/e\/1FAIpQLSc_3Um-vcJCRnlkmJS-Gjpk5pUBgFxbiV5xi6-JBeqgUpqe9Q\/viewform?fbzx=562631654560928968<\/a><\/p>\n<p>Em caso de Acidente de Trabalho segue o passo a passo:<\/p>\n<p><strong>SIPAC &#8212;&gt; MESA VIRTUAL &#8212; &gt; DOCUMENTOS&#8212;&gt; CADASTRAR DOCUMENTO &#8212;-&gt; TIPO DE DOCUMENTO: FORMUL\u00c1RIO DE ABERTURA &#8211; DESCRI\u00c7\u00c3O DE ACIDENTE\/DOEN\u00c7A EM SERVI\u00c7O (CASST) &#8212;&gt; NATUREZA DO DOCUMENTO: OSTENSIVO&#8211;&gt; ASSUNTO DETALHADO: ACIDENTE DE TRABALHO&#8211;&gt; ESCREVER DOCUMENTO&#8211;&gt; CARREGAR MODELO &#8212;&gt; PREENCHER FORMUL\u00c1RIO&#8212;&gt; ENVIAR PARA COORDENA\u00c7\u00c3O DE ATEN\u00c7\u00c3O \u00c0 SA\u00daDE E SEGURAN\u00c7A DO TRABALHO (CASST).<\/strong><\/p>\n<p><strong>Terceirizado, Bolsista, Estagi\u00e1rio e Discente<\/strong><\/p>\n<p>Em caso de Desvios, Incidentes e Acidentes realizar a comunica\u00e7\u00e3o atrav\u00e9s do link abaixo:<br \/>\n<a href=\"https:\/\/docs.google.com\/forms\/d\/e\/1FAIpQLSc_3Um-vcJCRnlkmJS-Gjpk5pUBgFxbiV5xi6-JBeqgUpqe9Q\/viewform?fbzx=562631654560928968\">https:\/\/docs.google.com\/forms\/d\/e\/1FAIpQLSc_3Um-vcJCRnlkmJS-Gjpk5pUBgFxbiV5xi6-JBeqgUpqe9Q\/viewform?fbzx=562631654560928968<\/a><\/p>\n<p>Al\u00e9m disso, empresas terceiras, precisam realizar a comunica\u00e7\u00e3o imediata da ocorr\u00eancia para seu gestor imediato para as devidas tratativas legais, corretivas e preventivas.<\/p>\n","protected":false},"excerpt":{"rendered":"<p>Desvios, incidentes e acidentes de trabalho s\u00e3o termos frequentemente utilizados para descrever situa\u00e7\u00f5es relacionadas \u00e0 seguran\u00e7a e sa\u00fade ocupacional. Vamos <a class=\"read-more\" href=\"https:\/\/institucional.ufrrj.br\/casst\/desvios-incidentes-e-acidente-de-trabalho\/ \" >&#8230; <span class=\"font-italic\">leia mais <i class=\"fas fa-angle-right\"><\/i><\/span><\/a><\/p>\n","protected":false},"author":706,"featured_media":0,"parent":0,"menu_order":0,"comment_status":"closed","ping_status":"closed","template":"","meta":{"_acf_changed":false,"_exactmetrics_skip_tracking":false,"_exactmetrics_sitenote_active":false,"_exactmetrics_sitenote_note":"","_exactmetrics_sitenote_category":0,"footnotes":""},"class_list":["post-2509","page","type-page","status-publish","hentry"],"yoast_head":"<!-- This site is optimized with the Yoast SEO plugin v27.2 - https:\/\/yoast.com\/product\/yoast-seo-wordpress\/ -->\n<title>Desvios, Incidentes e Acidente de Trabalho - Coordena\u00e7\u00e3o de Aten\u00e7\u00e3o \u00e0 Sa\u00fade e Seguran\u00e7a do Trabalho<\/title>\n<meta name=\"robots\" content=\"index, follow, max-snippet:-1, max-image-preview:large, max-video-preview:-1\" \/>\n<link rel=\"canonical\" href=\"https:\/\/institucional.ufrrj.br\/casst\/desvios-incidentes-e-acidente-de-trabalho\/\" \/>\n<meta property=\"og:locale\" content=\"pt_BR\" \/>\n<meta property=\"og:type\" content=\"article\" \/>\n<meta property=\"og:title\" content=\"Desvios, Incidentes e Acidente de Trabalho - Coordena\u00e7\u00e3o de Aten\u00e7\u00e3o \u00e0 Sa\u00fade e Seguran\u00e7a do Trabalho\" \/>\n<meta property=\"og:description\" content=\"Desvios, incidentes e acidentes de trabalho s\u00e3o termos frequentemente utilizados para descrever situa\u00e7\u00f5es relacionadas \u00e0 seguran\u00e7a e sa\u00fade ocupacional. Vamos ... leia mais\" \/>\n<meta property=\"og:url\" content=\"https:\/\/institucional.ufrrj.br\/casst\/desvios-incidentes-e-acidente-de-trabalho\/\" \/>\n<meta property=\"og:site_name\" content=\"Coordena\u00e7\u00e3o de Aten\u00e7\u00e3o \u00e0 Sa\u00fade e Seguran\u00e7a do Trabalho\" \/>\n<meta name=\"twitter:card\" content=\"summary_large_image\" \/>\n<meta name=\"twitter:label1\" content=\"Est. tempo de leitura\" \/>\n\t<meta name=\"twitter:data1\" content=\"2 minutos\" \/>\n<script type=\"application\/ld+json\" class=\"yoast-schema-graph\">{\"@context\":\"https:\/\/schema.org\",\"@graph\":[{\"@type\":\"WebPage\",\"@id\":\"https:\/\/institucional.ufrrj.br\/casst\/desvios-incidentes-e-acidente-de-trabalho\/\",\"url\":\"https:\/\/institucional.ufrrj.br\/casst\/desvios-incidentes-e-acidente-de-trabalho\/\",\"name\":\"Desvios, Incidentes e Acidente de Trabalho - Coordena\u00e7\u00e3o de Aten\u00e7\u00e3o \u00e0 Sa\u00fade e Seguran\u00e7a do Trabalho\",\"isPartOf\":{\"@id\":\"https:\/\/institucional.ufrrj.br\/casst\/#website\"},\"datePublished\":\"2025-02-07T13:30:52+00:00\",\"breadcrumb\":{\"@id\":\"https:\/\/institucional.ufrrj.br\/casst\/desvios-incidentes-e-acidente-de-trabalho\/#breadcrumb\"},\"inLanguage\":\"pt-BR\",\"potentialAction\":[{\"@type\":\"ReadAction\",\"target\":[\"https:\/\/institucional.ufrrj.br\/casst\/desvios-incidentes-e-acidente-de-trabalho\/\"]}]},{\"@type\":\"BreadcrumbList\",\"@id\":\"https:\/\/institucional.ufrrj.br\/casst\/desvios-incidentes-e-acidente-de-trabalho\/#breadcrumb\",\"itemListElement\":[{\"@type\":\"ListItem\",\"position\":1,\"name\":\"In\u00edcio\",\"item\":\"https:\/\/institucional.ufrrj.br\/casst\/\"},{\"@type\":\"ListItem\",\"position\":2,\"name\":\"Desvios, Incidentes e Acidente de Trabalho\"}]},{\"@type\":\"WebSite\",\"@id\":\"https:\/\/institucional.ufrrj.br\/casst\/#website\",\"url\":\"https:\/\/institucional.ufrrj.br\/casst\/\",\"name\":\"Coordena\u00e7\u00e3o de Aten\u00e7\u00e3o \u00e0 Sa\u00fade e Seguran\u00e7a do Trabalho\",\"description\":\"Coordena\u00e7\u00e3o de Aten\u00e7\u00e3o \u00e0 Sa\u00fade e Seguran\u00e7a do Trabalho\",\"potentialAction\":[{\"@type\":\"SearchAction\",\"target\":{\"@type\":\"EntryPoint\",\"urlTemplate\":\"https:\/\/institucional.ufrrj.br\/casst\/?s={search_term_string}\"},\"query-input\":{\"@type\":\"PropertyValueSpecification\",\"valueRequired\":true,\"valueName\":\"search_term_string\"}}],\"inLanguage\":\"pt-BR\"}]}<\/script>\n<!-- \/ Yoast SEO plugin. -->","yoast_head_json":{"title":"Desvios, Incidentes e Acidente de Trabalho - Coordena\u00e7\u00e3o de Aten\u00e7\u00e3o \u00e0 Sa\u00fade e Seguran\u00e7a do Trabalho","robots":{"index":"index","follow":"follow","max-snippet":"max-snippet:-1","max-image-preview":"max-image-preview:large","max-video-preview":"max-video-preview:-1"},"canonical":"https:\/\/institucional.ufrrj.br\/casst\/desvios-incidentes-e-acidente-de-trabalho\/","og_locale":"pt_BR","og_type":"article","og_title":"Desvios, Incidentes e Acidente de Trabalho - Coordena\u00e7\u00e3o de Aten\u00e7\u00e3o \u00e0 Sa\u00fade e Seguran\u00e7a do Trabalho","og_description":"Desvios, incidentes e acidentes de trabalho s\u00e3o termos frequentemente utilizados para descrever situa\u00e7\u00f5es relacionadas \u00e0 seguran\u00e7a e sa\u00fade ocupacional. Vamos ... leia mais","og_url":"https:\/\/institucional.ufrrj.br\/casst\/desvios-incidentes-e-acidente-de-trabalho\/","og_site_name":"Coordena\u00e7\u00e3o de Aten\u00e7\u00e3o \u00e0 Sa\u00fade e Seguran\u00e7a do Trabalho","twitter_card":"summary_large_image","twitter_misc":{"Est. tempo de leitura":"2 minutos"},"schema":{"@context":"https:\/\/schema.org","@graph":[{"@type":"WebPage","@id":"https:\/\/institucional.ufrrj.br\/casst\/desvios-incidentes-e-acidente-de-trabalho\/","url":"https:\/\/institucional.ufrrj.br\/casst\/desvios-incidentes-e-acidente-de-trabalho\/","name":"Desvios, Incidentes e Acidente de Trabalho - Coordena\u00e7\u00e3o de Aten\u00e7\u00e3o \u00e0 Sa\u00fade e Seguran\u00e7a do Trabalho","isPartOf":{"@id":"https:\/\/institucional.ufrrj.br\/casst\/#website"},"datePublished":"2025-02-07T13:30:52+00:00","breadcrumb":{"@id":"https:\/\/institucional.ufrrj.br\/casst\/desvios-incidentes-e-acidente-de-trabalho\/#breadcrumb"},"inLanguage":"pt-BR","potentialAction":[{"@type":"ReadAction","target":["https:\/\/institucional.ufrrj.br\/casst\/desvios-incidentes-e-acidente-de-trabalho\/"]}]},{"@type":"BreadcrumbList","@id":"https:\/\/institucional.ufrrj.br\/casst\/desvios-incidentes-e-acidente-de-trabalho\/#breadcrumb","itemListElement":[{"@type":"ListItem","position":1,"name":"In\u00edcio","item":"https:\/\/institucional.ufrrj.br\/casst\/"},{"@type":"ListItem","position":2,"name":"Desvios, Incidentes e Acidente de Trabalho"}]},{"@type":"WebSite","@id":"https:\/\/institucional.ufrrj.br\/casst\/#website","url":"https:\/\/institucional.ufrrj.br\/casst\/","name":"Coordena\u00e7\u00e3o de Aten\u00e7\u00e3o \u00e0 Sa\u00fade e Seguran\u00e7a do Trabalho","description":"Coordena\u00e7\u00e3o de Aten\u00e7\u00e3o \u00e0 Sa\u00fade e Seguran\u00e7a do Trabalho","potentialAction":[{"@type":"SearchAction","target":{"@type":"EntryPoint","urlTemplate":"https:\/\/institucional.ufrrj.br\/casst\/?s={search_term_string}"},"query-input":{"@type":"PropertyValueSpecification","valueRequired":true,"valueName":"search_term_string"}}],"inLanguage":"pt-BR"}]}},"acf":[],"_links":{"self":[{"href":"https:\/\/institucional.ufrrj.br\/casst\/wp-json\/wp\/v2\/pages\/2509","targetHints":{"allow":["GET"]}}],"collection":[{"href":"https:\/\/institucional.ufrrj.br\/casst\/wp-json\/wp\/v2\/pages"}],"about":[{"href":"https:\/\/institucional.ufrrj.br\/casst\/wp-json\/wp\/v2\/types\/page"}],"author":[{"embeddable":true,"href":"https:\/\/institucional.ufrrj.br\/casst\/wp-json\/wp\/v2\/users\/706"}],"replies":[{"embeddable":true,"href":"https:\/\/institucional.ufrrj.br\/casst\/wp-json\/wp\/v2\/comments?post=2509"}],"version-history":[{"count":1,"href":"https:\/\/institucional.ufrrj.br\/casst\/wp-json\/wp\/v2\/pages\/2509\/revisions"}],"predecessor-version":[{"id":2510,"href":"https:\/\/institucional.ufrrj.br\/casst\/wp-json\/wp\/v2\/pages\/2509\/revisions\/2510"}],"wp:attachment":[{"href":"https:\/\/institucional.ufrrj.br\/casst\/wp-json\/wp\/v2\/media?parent=2509"}],"curies":[{"name":"wp","href":"https:\/\/api.w.org\/{rel}","templated":true}]}}