{"id":2506,"date":"2025-02-07T10:29:42","date_gmt":"2025-02-07T13:29:42","guid":{"rendered":"https:\/\/institucional.ufrrj.br\/casst\/?page_id=2506"},"modified":"2025-02-07T10:29:42","modified_gmt":"2025-02-07T13:29:42","slug":"averbacao-e-contagem-de-tempo-especial","status":"publish","type":"page","link":"https:\/\/institucional.ufrrj.br\/casst\/averbacao-e-contagem-de-tempo-especial\/","title":{"rendered":"Averba\u00e7\u00e3o e Contagem de Tempo Especial"},"content":{"rendered":"<p>Averba\u00e7\u00e3o refere-se ao processo de registro de per\u00edodos de trabalho realizados em atividades que possuem condi\u00e7\u00f5es especiais, como exposi\u00e7\u00e3o a agentes nocivos \u00e0 sa\u00fade ou atividades perigosas. Esses per\u00edodos especiais podem incluir trabalho em minas, contato com subst\u00e2ncias t\u00f3xicas, ru\u00eddo excessivo, entre outros. Averbar esses per\u00edodos \u00e9 fundamental para o c\u00e1lculo do tempo total de contribui\u00e7\u00e3o do trabalhador para a previd\u00eancia social.<\/p>\n<p>J\u00e1 a Contagem de Tempo Especial diz respeito ao c\u00e1lculo diferenciado do tempo de contribui\u00e7\u00e3o para fins de aposentadoria. A legisla\u00e7\u00e3o previdenci\u00e1ria estabelece que atividades desempenhadas em condi\u00e7\u00f5es especiais podem ter um valor de tempo maior na contagem para aposentadoria. Por exemplo, cada ano trabalhado em atividade especial pode ser considerado como 1,2 ou 1,4 ano comum, dependendo do grau de nocividade da atividade.<\/p>\n<p>Em resumo, a averba\u00e7\u00e3o permite o registro dos per\u00edodos de trabalho em condi\u00e7\u00f5es especiais, enquanto a contagem de tempo especial beneficia o trabalhador ao aumentar o valor do tempo de contribui\u00e7\u00e3o para aposentadoria. Esses processos s\u00e3o relevantes para garantir os direitos previdenci\u00e1rios dos trabalhadores que atuaram em atividades consideradas especiais.<\/p>\n<p>A CASST elabora o Perfil Profissiogr\u00e1fico Previdenci\u00e1rio (PPP) atrav\u00e9s do processo de Averba\u00e7\u00e3o e\/ou Contagem de Tempo Especial aberto pelo servidor. Este documento traz o hist\u00f3rico laboral do trabalhador e as seguintes informa\u00e7\u00f5es b\u00e1sicas: dados administrativos da empresa e do trabalhador; registros ambientais; etc. O reconhecimento dos per\u00edodos das atividades desempenhadas em condi\u00e7\u00f5es especiais ser\u00e1 feito pelos M\u00e9dicos do Trabalho com enquadramento na legisla\u00e7\u00e3o em vigor.Atualmente, o pedido para solicitar Averba\u00e7\u00e3o e Contagem de Tempo Especial deve ser feito via SIPAC, com as seguintes etapas:<\/p>\n<p><strong>SIPAC \u2013&gt; Mesa Virtual \u2013&gt; Documentos \u2013&gt; Cadastrar Documentos \u2013&gt; Tipo de Documentos\/Formul\u00e1rio de Abertura &#8211; Averba\u00e7\u00e3o De Tempo De Contribui\u00e7\u00e3o \u2013&gt; Natureza do documento \u2013 Restrito \u2013&gt; Assunto Detalhado \u2013 Averba\u00e7\u00e3o De Tempo De Contribui\u00e7\u00e3o \u2013&gt; Escrever Documento \u2013&gt; Carregar Modelo.<\/strong><\/p>\n<p><strong>SIPAC \u2013&gt; Mesa Virtual \u2013&gt; Documentos \u2013&gt; Cadastrar Documentos \u2013&gt; Tipo de Documentos\/Formul\u00e1rio de Abertura &#8211; Formul\u00e1rio De Abertura &#8211; Solicita\u00e7\u00e3o De Convers\u00e3o Do Tempo Especial Em Tempo Comum (PROGEP)\u2013&gt; Natureza do documento \u2013 Restrito \u2013&gt; Assunto Detalhado \u2013 Contagem E Averba\u00e7\u00e3o De Tempo De Servi\u00e7o\u2013&gt; Escrever Documento \u2013&gt; Carregar Modelo<\/strong><\/p>\n<p>Preencha o requerimento com todas as informa\u00e7\u00f5es pertinentes, crie o processo junto a Se\u00e7\u00e3o Geral de Arquivo e Protocolo e encaminhe o mesmo para a COAPEN.<\/p>\n<p>&nbsp;<\/p>\n<p>Documentos relacionados:<\/p>\n<p><a href=\"https:\/\/institucional.ufrrj.br\/casst\/files\/2023\/05\/MPOG_ORIENTACAO-NORMATIVA-No-5-DE-22_7_2014-DOU-I-DE-23_7_2014.pdf\">Anexos II ao V da Orienta\u00e7\u00e3o Normativa\/MPOG n\u00ba 5, de 22 de julho de 2014<\/a><\/p>\n<p><a href=\"https:\/\/institucional.ufrrj.br\/casst\/files\/2023\/05\/PORTARIA-SGP_SEDGG_ME-No-10.360-DE-6-DE-DEZEMBRO-DE-2022-PORTARIA-SGP_SEDGG_ME-No-10.360-DE-6-DE-DEZEMBRO-DE-2022-DOU-Imprensa-Nacional.pdf\">Portaria SGP\/SEDGG\/ME n\u00ba 10.360, de 6 de dezembro de 2022<\/a><\/p>\n","protected":false},"excerpt":{"rendered":"<p>Averba\u00e7\u00e3o refere-se ao processo de registro de per\u00edodos de trabalho realizados em atividades que possuem condi\u00e7\u00f5es especiais, como exposi\u00e7\u00e3o a <a class=\"read-more\" href=\"https:\/\/institucional.ufrrj.br\/casst\/averbacao-e-contagem-de-tempo-especial\/ \" >&#8230; <span class=\"font-italic\">leia mais <i class=\"fas fa-angle-right\"><\/i><\/span><\/a><\/p>\n","protected":false},"author":706,"featured_media":0,"parent":0,"menu_order":0,"comment_status":"closed","ping_status":"closed","template":"","meta":{"_acf_changed":false,"_exactmetrics_skip_tracking":false,"_exactmetrics_sitenote_active":false,"_exactmetrics_sitenote_note":"","_exactmetrics_sitenote_category":0,"footnotes":""},"class_list":["post-2506","page","type-page","status-publish","hentry"],"yoast_head":"<!-- This site is optimized with the Yoast SEO plugin v27.2 - https:\/\/yoast.com\/product\/yoast-seo-wordpress\/ -->\n<title>Averba\u00e7\u00e3o e Contagem de Tempo Especial - Coordena\u00e7\u00e3o de Aten\u00e7\u00e3o \u00e0 Sa\u00fade e Seguran\u00e7a do Trabalho<\/title>\n<meta name=\"robots\" content=\"index, follow, max-snippet:-1, max-image-preview:large, max-video-preview:-1\" \/>\n<link rel=\"canonical\" href=\"https:\/\/institucional.ufrrj.br\/casst\/averbacao-e-contagem-de-tempo-especial\/\" \/>\n<meta property=\"og:locale\" content=\"pt_BR\" \/>\n<meta property=\"og:type\" content=\"article\" \/>\n<meta property=\"og:title\" content=\"Averba\u00e7\u00e3o e Contagem de Tempo Especial - Coordena\u00e7\u00e3o de Aten\u00e7\u00e3o \u00e0 Sa\u00fade e Seguran\u00e7a do Trabalho\" \/>\n<meta property=\"og:description\" content=\"Averba\u00e7\u00e3o refere-se ao processo de registro de per\u00edodos de trabalho realizados em atividades que possuem condi\u00e7\u00f5es especiais, como exposi\u00e7\u00e3o a ... leia mais\" \/>\n<meta property=\"og:url\" content=\"https:\/\/institucional.ufrrj.br\/casst\/averbacao-e-contagem-de-tempo-especial\/\" \/>\n<meta property=\"og:site_name\" content=\"Coordena\u00e7\u00e3o de Aten\u00e7\u00e3o \u00e0 Sa\u00fade e Seguran\u00e7a do Trabalho\" \/>\n<meta name=\"twitter:card\" content=\"summary_large_image\" \/>\n<meta name=\"twitter:label1\" content=\"Est. tempo de leitura\" \/>\n\t<meta name=\"twitter:data1\" content=\"2 minutos\" \/>\n<script type=\"application\/ld+json\" class=\"yoast-schema-graph\">{\"@context\":\"https:\/\/schema.org\",\"@graph\":[{\"@type\":\"WebPage\",\"@id\":\"https:\/\/institucional.ufrrj.br\/casst\/averbacao-e-contagem-de-tempo-especial\/\",\"url\":\"https:\/\/institucional.ufrrj.br\/casst\/averbacao-e-contagem-de-tempo-especial\/\",\"name\":\"Averba\u00e7\u00e3o e Contagem de Tempo Especial - Coordena\u00e7\u00e3o de Aten\u00e7\u00e3o \u00e0 Sa\u00fade e Seguran\u00e7a do Trabalho\",\"isPartOf\":{\"@id\":\"https:\/\/institucional.ufrrj.br\/casst\/#website\"},\"datePublished\":\"2025-02-07T13:29:42+00:00\",\"breadcrumb\":{\"@id\":\"https:\/\/institucional.ufrrj.br\/casst\/averbacao-e-contagem-de-tempo-especial\/#breadcrumb\"},\"inLanguage\":\"pt-BR\",\"potentialAction\":[{\"@type\":\"ReadAction\",\"target\":[\"https:\/\/institucional.ufrrj.br\/casst\/averbacao-e-contagem-de-tempo-especial\/\"]}]},{\"@type\":\"BreadcrumbList\",\"@id\":\"https:\/\/institucional.ufrrj.br\/casst\/averbacao-e-contagem-de-tempo-especial\/#breadcrumb\",\"itemListElement\":[{\"@type\":\"ListItem\",\"position\":1,\"name\":\"In\u00edcio\",\"item\":\"https:\/\/institucional.ufrrj.br\/casst\/\"},{\"@type\":\"ListItem\",\"position\":2,\"name\":\"Averba\u00e7\u00e3o e Contagem de Tempo Especial\"}]},{\"@type\":\"WebSite\",\"@id\":\"https:\/\/institucional.ufrrj.br\/casst\/#website\",\"url\":\"https:\/\/institucional.ufrrj.br\/casst\/\",\"name\":\"Coordena\u00e7\u00e3o de Aten\u00e7\u00e3o \u00e0 Sa\u00fade e Seguran\u00e7a do Trabalho\",\"description\":\"Coordena\u00e7\u00e3o de Aten\u00e7\u00e3o \u00e0 Sa\u00fade e Seguran\u00e7a do Trabalho\",\"potentialAction\":[{\"@type\":\"SearchAction\",\"target\":{\"@type\":\"EntryPoint\",\"urlTemplate\":\"https:\/\/institucional.ufrrj.br\/casst\/?s={search_term_string}\"},\"query-input\":{\"@type\":\"PropertyValueSpecification\",\"valueRequired\":true,\"valueName\":\"search_term_string\"}}],\"inLanguage\":\"pt-BR\"}]}<\/script>\n<!-- \/ Yoast SEO plugin. -->","yoast_head_json":{"title":"Averba\u00e7\u00e3o e Contagem de Tempo Especial - Coordena\u00e7\u00e3o de Aten\u00e7\u00e3o \u00e0 Sa\u00fade e Seguran\u00e7a do Trabalho","robots":{"index":"index","follow":"follow","max-snippet":"max-snippet:-1","max-image-preview":"max-image-preview:large","max-video-preview":"max-video-preview:-1"},"canonical":"https:\/\/institucional.ufrrj.br\/casst\/averbacao-e-contagem-de-tempo-especial\/","og_locale":"pt_BR","og_type":"article","og_title":"Averba\u00e7\u00e3o e Contagem de Tempo Especial - Coordena\u00e7\u00e3o de Aten\u00e7\u00e3o \u00e0 Sa\u00fade e Seguran\u00e7a do Trabalho","og_description":"Averba\u00e7\u00e3o refere-se ao processo de registro de per\u00edodos de trabalho realizados em atividades que possuem condi\u00e7\u00f5es especiais, como exposi\u00e7\u00e3o a ... leia mais","og_url":"https:\/\/institucional.ufrrj.br\/casst\/averbacao-e-contagem-de-tempo-especial\/","og_site_name":"Coordena\u00e7\u00e3o de Aten\u00e7\u00e3o \u00e0 Sa\u00fade e Seguran\u00e7a do Trabalho","twitter_card":"summary_large_image","twitter_misc":{"Est. tempo de leitura":"2 minutos"},"schema":{"@context":"https:\/\/schema.org","@graph":[{"@type":"WebPage","@id":"https:\/\/institucional.ufrrj.br\/casst\/averbacao-e-contagem-de-tempo-especial\/","url":"https:\/\/institucional.ufrrj.br\/casst\/averbacao-e-contagem-de-tempo-especial\/","name":"Averba\u00e7\u00e3o e Contagem de Tempo Especial - Coordena\u00e7\u00e3o de Aten\u00e7\u00e3o \u00e0 Sa\u00fade e Seguran\u00e7a do Trabalho","isPartOf":{"@id":"https:\/\/institucional.ufrrj.br\/casst\/#website"},"datePublished":"2025-02-07T13:29:42+00:00","breadcrumb":{"@id":"https:\/\/institucional.ufrrj.br\/casst\/averbacao-e-contagem-de-tempo-especial\/#breadcrumb"},"inLanguage":"pt-BR","potentialAction":[{"@type":"ReadAction","target":["https:\/\/institucional.ufrrj.br\/casst\/averbacao-e-contagem-de-tempo-especial\/"]}]},{"@type":"BreadcrumbList","@id":"https:\/\/institucional.ufrrj.br\/casst\/averbacao-e-contagem-de-tempo-especial\/#breadcrumb","itemListElement":[{"@type":"ListItem","position":1,"name":"In\u00edcio","item":"https:\/\/institucional.ufrrj.br\/casst\/"},{"@type":"ListItem","position":2,"name":"Averba\u00e7\u00e3o e Contagem de Tempo Especial"}]},{"@type":"WebSite","@id":"https:\/\/institucional.ufrrj.br\/casst\/#website","url":"https:\/\/institucional.ufrrj.br\/casst\/","name":"Coordena\u00e7\u00e3o de Aten\u00e7\u00e3o \u00e0 Sa\u00fade e Seguran\u00e7a do Trabalho","description":"Coordena\u00e7\u00e3o de Aten\u00e7\u00e3o \u00e0 Sa\u00fade e Seguran\u00e7a do Trabalho","potentialAction":[{"@type":"SearchAction","target":{"@type":"EntryPoint","urlTemplate":"https:\/\/institucional.ufrrj.br\/casst\/?s={search_term_string}"},"query-input":{"@type":"PropertyValueSpecification","valueRequired":true,"valueName":"search_term_string"}}],"inLanguage":"pt-BR"}]}},"acf":[],"_links":{"self":[{"href":"https:\/\/institucional.ufrrj.br\/casst\/wp-json\/wp\/v2\/pages\/2506","targetHints":{"allow":["GET"]}}],"collection":[{"href":"https:\/\/institucional.ufrrj.br\/casst\/wp-json\/wp\/v2\/pages"}],"about":[{"href":"https:\/\/institucional.ufrrj.br\/casst\/wp-json\/wp\/v2\/types\/page"}],"author":[{"embeddable":true,"href":"https:\/\/institucional.ufrrj.br\/casst\/wp-json\/wp\/v2\/users\/706"}],"replies":[{"embeddable":true,"href":"https:\/\/institucional.ufrrj.br\/casst\/wp-json\/wp\/v2\/comments?post=2506"}],"version-history":[{"count":1,"href":"https:\/\/institucional.ufrrj.br\/casst\/wp-json\/wp\/v2\/pages\/2506\/revisions"}],"predecessor-version":[{"id":2507,"href":"https:\/\/institucional.ufrrj.br\/casst\/wp-json\/wp\/v2\/pages\/2506\/revisions\/2507"}],"wp:attachment":[{"href":"https:\/\/institucional.ufrrj.br\/casst\/wp-json\/wp\/v2\/media?parent=2506"}],"curies":[{"name":"wp","href":"https:\/\/api.w.org\/{rel}","templated":true}]}}