{"id":2496,"date":"2025-02-07T10:22:11","date_gmt":"2025-02-07T13:22:11","guid":{"rendered":"https:\/\/institucional.ufrrj.br\/casst\/?page_id=2496"},"modified":"2025-02-07T10:22:11","modified_gmt":"2025-02-07T13:22:11","slug":"psicologia","status":"publish","type":"page","link":"https:\/\/institucional.ufrrj.br\/casst\/psicologia\/","title":{"rendered":"Psicologia"},"content":{"rendered":"<p><strong>Como \u00e9 a atua\u00e7\u00e3o da Psicologia na Sa\u00fade do Trabalhador?<\/strong><\/p>\n<p>A Psicologia atua por meio da escuta ativa de todos os trabalhadores que a procuram. Os atendimentos, em princ\u00edpio, s\u00e3o feitos individualmente e podem se estender para Orienta\u00e7\u00e3o Psicol\u00f3gica ou Terapia Breve. A Orienta\u00e7\u00e3o Psicol\u00f3gica \u00e9 mais focada no problema trazido pelo trabalhador e dura at\u00e9 3 encontros, j\u00e1 a Terapia Breve tem dura\u00e7\u00e3o de at\u00e9 10 encontros, no qual h\u00e1 um problema delimitado, mas tamb\u00e9m um objetivo a ser alcan\u00e7ado, e neste processo surgem v\u00e1rias quest\u00f5es de ordem pessoal, familiar e profissional.<\/p>\n<p>A Psicologia na CASST n\u00e3o tem car\u00e1ter assistencial, por\u00e9m atua sempre visando \u00e0 promo\u00e7\u00e3o da sa\u00fade!<\/p>\n<p><strong><br \/>\nEm quais a\u00e7\u00f5es a Psicologia atua na CASST?<\/strong><\/p>\n<p>A Psicologia n\u00e3o se restringe somente ao atendimento individual na CASST. Atuamos tamb\u00e9m em Cursos (Planejamento para Aposentadoria, Orienta\u00e7\u00e3o p\u00f3s-Carreira, Treinamento em Gest\u00e3o de Compet\u00eancias, Gerencie suas Emo\u00e7\u00f5es), assessoria \u00e0 Per\u00edcia em Sa\u00fade, elabora\u00e7\u00e3o de material para divulgar informa\u00e7\u00f5es sobre sa\u00fade, palestras, Atendimento Psicossocial nos Ambientes de Trabalho e demais a\u00e7\u00f5es com a equipe multiprofissional.<\/p>\n<p><strong><br \/>\nQuem pode ser atendido pela Psicologia da CASST?<\/strong><\/p>\n<p>Todos os trabalhadores que exercem suas fun\u00e7\u00f5es na UFRRJ podem ser atendidos pela Psicologia, independente de seu v\u00ednculo empregat\u00edcio.<\/p>\n","protected":false},"excerpt":{"rendered":"<p>Como \u00e9 a atua\u00e7\u00e3o da Psicologia na Sa\u00fade do Trabalhador? A Psicologia atua por meio da escuta ativa de todos <a class=\"read-more\" href=\"https:\/\/institucional.ufrrj.br\/casst\/psicologia\/ \" >&#8230; <span class=\"font-italic\">leia mais <i class=\"fas fa-angle-right\"><\/i><\/span><\/a><\/p>\n","protected":false},"author":706,"featured_media":0,"parent":0,"menu_order":0,"comment_status":"closed","ping_status":"closed","template":"","meta":{"_acf_changed":false,"_exactmetrics_skip_tracking":false,"_exactmetrics_sitenote_active":false,"_exactmetrics_sitenote_note":"","_exactmetrics_sitenote_category":0,"footnotes":""},"class_list":["post-2496","page","type-page","status-publish","hentry"],"yoast_head":"<!-- This site is optimized with the Yoast SEO plugin v27.2 - https:\/\/yoast.com\/product\/yoast-seo-wordpress\/ -->\n<title>Psicologia - Coordena\u00e7\u00e3o de Aten\u00e7\u00e3o \u00e0 Sa\u00fade e Seguran\u00e7a do Trabalho<\/title>\n<meta name=\"robots\" content=\"index, follow, max-snippet:-1, max-image-preview:large, max-video-preview:-1\" \/>\n<link rel=\"canonical\" href=\"https:\/\/institucional.ufrrj.br\/casst\/psicologia\/\" \/>\n<meta property=\"og:locale\" content=\"pt_BR\" \/>\n<meta property=\"og:type\" content=\"article\" \/>\n<meta property=\"og:title\" content=\"Psicologia - Coordena\u00e7\u00e3o de Aten\u00e7\u00e3o \u00e0 Sa\u00fade e Seguran\u00e7a do Trabalho\" \/>\n<meta property=\"og:description\" content=\"Como \u00e9 a atua\u00e7\u00e3o da Psicologia na Sa\u00fade do Trabalhador? A Psicologia atua por meio da escuta ativa de todos ... leia mais\" \/>\n<meta property=\"og:url\" content=\"https:\/\/institucional.ufrrj.br\/casst\/psicologia\/\" \/>\n<meta property=\"og:site_name\" content=\"Coordena\u00e7\u00e3o de Aten\u00e7\u00e3o \u00e0 Sa\u00fade e Seguran\u00e7a do Trabalho\" \/>\n<meta name=\"twitter:card\" content=\"summary_large_image\" \/>\n<meta name=\"twitter:label1\" content=\"Est. tempo de leitura\" \/>\n\t<meta name=\"twitter:data1\" content=\"1 minuto\" \/>\n<script type=\"application\/ld+json\" class=\"yoast-schema-graph\">{\"@context\":\"https:\/\/schema.org\",\"@graph\":[{\"@type\":\"WebPage\",\"@id\":\"https:\/\/institucional.ufrrj.br\/casst\/psicologia\/\",\"url\":\"https:\/\/institucional.ufrrj.br\/casst\/psicologia\/\",\"name\":\"Psicologia - Coordena\u00e7\u00e3o de Aten\u00e7\u00e3o \u00e0 Sa\u00fade e Seguran\u00e7a do Trabalho\",\"isPartOf\":{\"@id\":\"https:\/\/institucional.ufrrj.br\/casst\/#website\"},\"datePublished\":\"2025-02-07T13:22:11+00:00\",\"breadcrumb\":{\"@id\":\"https:\/\/institucional.ufrrj.br\/casst\/psicologia\/#breadcrumb\"},\"inLanguage\":\"pt-BR\",\"potentialAction\":[{\"@type\":\"ReadAction\",\"target\":[\"https:\/\/institucional.ufrrj.br\/casst\/psicologia\/\"]}]},{\"@type\":\"BreadcrumbList\",\"@id\":\"https:\/\/institucional.ufrrj.br\/casst\/psicologia\/#breadcrumb\",\"itemListElement\":[{\"@type\":\"ListItem\",\"position\":1,\"name\":\"In\u00edcio\",\"item\":\"https:\/\/institucional.ufrrj.br\/casst\/\"},{\"@type\":\"ListItem\",\"position\":2,\"name\":\"Psicologia\"}]},{\"@type\":\"WebSite\",\"@id\":\"https:\/\/institucional.ufrrj.br\/casst\/#website\",\"url\":\"https:\/\/institucional.ufrrj.br\/casst\/\",\"name\":\"Coordena\u00e7\u00e3o de Aten\u00e7\u00e3o \u00e0 Sa\u00fade e Seguran\u00e7a do Trabalho\",\"description\":\"Coordena\u00e7\u00e3o de Aten\u00e7\u00e3o \u00e0 Sa\u00fade e Seguran\u00e7a do Trabalho\",\"potentialAction\":[{\"@type\":\"SearchAction\",\"target\":{\"@type\":\"EntryPoint\",\"urlTemplate\":\"https:\/\/institucional.ufrrj.br\/casst\/?s={search_term_string}\"},\"query-input\":{\"@type\":\"PropertyValueSpecification\",\"valueRequired\":true,\"valueName\":\"search_term_string\"}}],\"inLanguage\":\"pt-BR\"}]}<\/script>\n<!-- \/ Yoast SEO plugin. -->","yoast_head_json":{"title":"Psicologia - Coordena\u00e7\u00e3o de Aten\u00e7\u00e3o \u00e0 Sa\u00fade e Seguran\u00e7a do Trabalho","robots":{"index":"index","follow":"follow","max-snippet":"max-snippet:-1","max-image-preview":"max-image-preview:large","max-video-preview":"max-video-preview:-1"},"canonical":"https:\/\/institucional.ufrrj.br\/casst\/psicologia\/","og_locale":"pt_BR","og_type":"article","og_title":"Psicologia - Coordena\u00e7\u00e3o de Aten\u00e7\u00e3o \u00e0 Sa\u00fade e Seguran\u00e7a do Trabalho","og_description":"Como \u00e9 a atua\u00e7\u00e3o da Psicologia na Sa\u00fade do Trabalhador? A Psicologia atua por meio da escuta ativa de todos ... leia mais","og_url":"https:\/\/institucional.ufrrj.br\/casst\/psicologia\/","og_site_name":"Coordena\u00e7\u00e3o de Aten\u00e7\u00e3o \u00e0 Sa\u00fade e Seguran\u00e7a do Trabalho","twitter_card":"summary_large_image","twitter_misc":{"Est. tempo de leitura":"1 minuto"},"schema":{"@context":"https:\/\/schema.org","@graph":[{"@type":"WebPage","@id":"https:\/\/institucional.ufrrj.br\/casst\/psicologia\/","url":"https:\/\/institucional.ufrrj.br\/casst\/psicologia\/","name":"Psicologia - Coordena\u00e7\u00e3o de Aten\u00e7\u00e3o \u00e0 Sa\u00fade e Seguran\u00e7a do Trabalho","isPartOf":{"@id":"https:\/\/institucional.ufrrj.br\/casst\/#website"},"datePublished":"2025-02-07T13:22:11+00:00","breadcrumb":{"@id":"https:\/\/institucional.ufrrj.br\/casst\/psicologia\/#breadcrumb"},"inLanguage":"pt-BR","potentialAction":[{"@type":"ReadAction","target":["https:\/\/institucional.ufrrj.br\/casst\/psicologia\/"]}]},{"@type":"BreadcrumbList","@id":"https:\/\/institucional.ufrrj.br\/casst\/psicologia\/#breadcrumb","itemListElement":[{"@type":"ListItem","position":1,"name":"In\u00edcio","item":"https:\/\/institucional.ufrrj.br\/casst\/"},{"@type":"ListItem","position":2,"name":"Psicologia"}]},{"@type":"WebSite","@id":"https:\/\/institucional.ufrrj.br\/casst\/#website","url":"https:\/\/institucional.ufrrj.br\/casst\/","name":"Coordena\u00e7\u00e3o de Aten\u00e7\u00e3o \u00e0 Sa\u00fade e Seguran\u00e7a do Trabalho","description":"Coordena\u00e7\u00e3o de Aten\u00e7\u00e3o \u00e0 Sa\u00fade e Seguran\u00e7a do Trabalho","potentialAction":[{"@type":"SearchAction","target":{"@type":"EntryPoint","urlTemplate":"https:\/\/institucional.ufrrj.br\/casst\/?s={search_term_string}"},"query-input":{"@type":"PropertyValueSpecification","valueRequired":true,"valueName":"search_term_string"}}],"inLanguage":"pt-BR"}]}},"acf":[],"_links":{"self":[{"href":"https:\/\/institucional.ufrrj.br\/casst\/wp-json\/wp\/v2\/pages\/2496","targetHints":{"allow":["GET"]}}],"collection":[{"href":"https:\/\/institucional.ufrrj.br\/casst\/wp-json\/wp\/v2\/pages"}],"about":[{"href":"https:\/\/institucional.ufrrj.br\/casst\/wp-json\/wp\/v2\/types\/page"}],"author":[{"embeddable":true,"href":"https:\/\/institucional.ufrrj.br\/casst\/wp-json\/wp\/v2\/users\/706"}],"replies":[{"embeddable":true,"href":"https:\/\/institucional.ufrrj.br\/casst\/wp-json\/wp\/v2\/comments?post=2496"}],"version-history":[{"count":1,"href":"https:\/\/institucional.ufrrj.br\/casst\/wp-json\/wp\/v2\/pages\/2496\/revisions"}],"predecessor-version":[{"id":2497,"href":"https:\/\/institucional.ufrrj.br\/casst\/wp-json\/wp\/v2\/pages\/2496\/revisions\/2497"}],"wp:attachment":[{"href":"https:\/\/institucional.ufrrj.br\/casst\/wp-json\/wp\/v2\/media?parent=2496"}],"curies":[{"name":"wp","href":"https:\/\/api.w.org\/{rel}","templated":true}]}}