{"id":286,"date":"2016-04-07T12:02:05","date_gmt":"2016-04-07T12:02:05","guid":{"rendered":"http:\/\/institucional.ufrrj.br\/campusnovaiguacu\/?page_id=286"},"modified":"2016-04-12T12:28:07","modified_gmt":"2016-04-12T12:28:07","slug":"bloco-pos-graduacao","status":"publish","type":"page","link":"https:\/\/institucional.ufrrj.br\/campusnovaiguacu\/onde-fica\/bloco-pos-graduacao\/","title":{"rendered":"BLOCO P\u00d3S GRADUA\u00c7\u00c3O"},"content":{"rendered":"<p><a href=\"https:\/\/institucional.ufrrj.br\/campusnovaiguacu\/files\/2016\/04\/Bloco-P\u00f3s-gradua\u00e7\u00e3o.jpg\" rel=\"lightbox[286]\">SALA 101 &#8211; LEAFRO (LABORAT\u00d3RIO DE ESTUDOS AFRO-BRASILEIROS)<\/a><\/p>\n<p><a href=\"https:\/\/institucional.ufrrj.br\/campusnovaiguacu\/files\/2016\/04\/Bloco-P\u00f3s-gradua\u00e7\u00e3o.jpg\" rel=\"lightbox[286]\">SALA 102 &#8211; CEDIM (CENTRO DE DOCUMENTA\u00c7\u00c3O E IMAGEM)<\/a><\/p>\n<p><a href=\"https:\/\/institucional.ufrrj.br\/campusnovaiguacu\/files\/2016\/04\/Bloco-P\u00f3s-gradua\u00e7\u00e3o.jpg\" rel=\"lightbox[286]\">SALA 103 &#8211; SALA DE AULA<\/a><\/p>\n<p><a href=\"https:\/\/institucional.ufrrj.br\/campusnovaiguacu\/files\/2016\/04\/Bloco-P\u00f3s-gradua\u00e7\u00e3o.jpg\" rel=\"lightbox[286]\">SALA 104 &#8211; REPRESENTA\u00c7\u00c3O PROPPG \/ SECRETARIA PR\u00c9-ENEM<\/a><\/p>\n<p><a href=\"https:\/\/institucional.ufrrj.br\/campusnovaiguacu\/files\/2016\/04\/Bloco-P\u00f3s-gradua\u00e7\u00e3o.jpg\" rel=\"lightbox[286]\">SALA 105 &#8211; SALA DE AULA<\/a><\/p>\n<p><a href=\"https:\/\/institucional.ufrrj.br\/campusnovaiguacu\/files\/2016\/04\/Bloco-P\u00f3s-gradua\u00e7\u00e3o.jpg\" rel=\"lightbox[286]\">SALA 106 &#8211; SALA DE AULA<\/a><\/p>\n<p><a href=\"https:\/\/institucional.ufrrj.br\/campusnovaiguacu\/files\/2016\/04\/Bloco-P\u00f3s-gradua\u00e7\u00e3o.jpg\" rel=\"lightbox[286]\">SALA 107 &#8211; SALA DE REUNI\u00c3O<\/a><\/p>\n<p><a href=\"https:\/\/institucional.ufrrj.br\/campusnovaiguacu\/files\/2016\/04\/Bloco-P\u00f3s-gradua\u00e7\u00e3o.jpg\" rel=\"lightbox[286]\">SALA 108 &#8211; AUDIT\u00d3RIO<\/a><\/p>\n<p><a href=\"https:\/\/institucional.ufrrj.br\/campusnovaiguacu\/files\/2016\/04\/Bloco-P\u00f3s-gradua\u00e7\u00e3o.jpg\" rel=\"lightbox[286]\">SALA 109 &#8211; COTIC (COORDENADORIA DE TECNOLOGIA DA INFORMA\u00c7\u00c3O E COMUNICA\u00c7\u00c3O) \/ REDES<\/a><\/p>\n<p><a href=\"https:\/\/institucional.ufrrj.br\/campusnovaiguacu\/files\/2016\/04\/Bloco-P\u00f3s-gradua\u00e7\u00e3o.jpg\" rel=\"lightbox[286]\">SALA 110 &#8211; SALA DE AULA<\/a><\/p>\n<p>&nbsp;<\/p>\n<p>&nbsp;<\/p>\n","protected":false},"excerpt":{"rendered":"<p>SALA 101 &#8211; LEAFRO (LABORAT\u00d3RIO DE ESTUDOS AFRO-BRASILEIROS) SALA 102 &#8211; CEDIM (CENTRO DE DOCUMENTA\u00c7\u00c3O E IMAGEM) SALA 103 &#8211; <a class=\"read-more\" href=\"https:\/\/institucional.ufrrj.br\/campusnovaiguacu\/onde-fica\/bloco-pos-graduacao\/ \">&#8230; <i class=\"fa fa-long-arrow-right\"><\/i><\/a><\/p>\n","protected":false},"author":1,"featured_media":0,"parent":256,"menu_order":0,"comment_status":"closed","ping_status":"closed","template":"","meta":{"_acf_changed":false,"footnotes":""},"class_list":["post-286","page","type-page","status-publish","hentry"],"yoast_head":"<!-- This site is optimized with the Yoast SEO plugin v27.2 - https:\/\/yoast.com\/product\/yoast-seo-wordpress\/ -->\n<title>BLOCO P\u00d3S GRADUA\u00c7\u00c3O - Campus Nova Igua\u00e7u<\/title>\n<meta name=\"robots\" content=\"index, follow, max-snippet:-1, max-image-preview:large, max-video-preview:-1\" \/>\n<link rel=\"canonical\" href=\"https:\/\/institucional.ufrrj.br\/campusnovaiguacu\/onde-fica\/bloco-pos-graduacao\/\" \/>\n<meta property=\"og:locale\" content=\"pt_BR\" \/>\n<meta property=\"og:type\" content=\"article\" \/>\n<meta property=\"og:title\" content=\"BLOCO P\u00d3S GRADUA\u00c7\u00c3O - Campus Nova Igua\u00e7u\" \/>\n<meta property=\"og:description\" content=\"SALA 101 &#8211; LEAFRO (LABORAT\u00d3RIO DE ESTUDOS AFRO-BRASILEIROS) SALA 102 &#8211; CEDIM (CENTRO DE DOCUMENTA\u00c7\u00c3O E IMAGEM) SALA 103 &#8211; ...\" \/>\n<meta property=\"og:url\" content=\"https:\/\/institucional.ufrrj.br\/campusnovaiguacu\/onde-fica\/bloco-pos-graduacao\/\" \/>\n<meta property=\"og:site_name\" content=\"Campus Nova Igua\u00e7u\" \/>\n<meta property=\"article:modified_time\" content=\"2016-04-12T12:28:07+00:00\" \/>\n<meta name=\"twitter:card\" content=\"summary_large_image\" \/>\n<script type=\"application\/ld+json\" class=\"yoast-schema-graph\">{\"@context\":\"https:\/\/schema.org\",\"@graph\":[{\"@type\":\"WebPage\",\"@id\":\"https:\/\/institucional.ufrrj.br\/campusnovaiguacu\/onde-fica\/bloco-pos-graduacao\/\",\"url\":\"https:\/\/institucional.ufrrj.br\/campusnovaiguacu\/onde-fica\/bloco-pos-graduacao\/\",\"name\":\"BLOCO P\u00d3S GRADUA\u00c7\u00c3O - Campus Nova Igua\u00e7u\",\"isPartOf\":{\"@id\":\"https:\/\/institucional.ufrrj.br\/campusnovaiguacu\/#website\"},\"datePublished\":\"2016-04-07T12:02:05+00:00\",\"dateModified\":\"2016-04-12T12:28:07+00:00\",\"breadcrumb\":{\"@id\":\"https:\/\/institucional.ufrrj.br\/campusnovaiguacu\/onde-fica\/bloco-pos-graduacao\/#breadcrumb\"},\"inLanguage\":\"pt-BR\",\"potentialAction\":[{\"@type\":\"ReadAction\",\"target\":[\"https:\/\/institucional.ufrrj.br\/campusnovaiguacu\/onde-fica\/bloco-pos-graduacao\/\"]}]},{\"@type\":\"BreadcrumbList\",\"@id\":\"https:\/\/institucional.ufrrj.br\/campusnovaiguacu\/onde-fica\/bloco-pos-graduacao\/#breadcrumb\",\"itemListElement\":[{\"@type\":\"ListItem\",\"position\":1,\"name\":\"In\u00edcio\",\"item\":\"https:\/\/institucional.ufrrj.br\/campusnovaiguacu\/\"},{\"@type\":\"ListItem\",\"position\":2,\"name\":\"ONDE FICA?\",\"item\":\"https:\/\/institucional.ufrrj.br\/campusnovaiguacu\/onde-fica\/\"},{\"@type\":\"ListItem\",\"position\":3,\"name\":\"BLOCO P\u00d3S GRADUA\u00c7\u00c3O\"}]},{\"@type\":\"WebSite\",\"@id\":\"https:\/\/institucional.ufrrj.br\/campusnovaiguacu\/#website\",\"url\":\"https:\/\/institucional.ufrrj.br\/campusnovaiguacu\/\",\"name\":\"Campus Nova Igua\u00e7u\",\"description\":\"Universidade Federal Rural do Rio de Janeiro\",\"potentialAction\":[{\"@type\":\"SearchAction\",\"target\":{\"@type\":\"EntryPoint\",\"urlTemplate\":\"https:\/\/institucional.ufrrj.br\/campusnovaiguacu\/?s={search_term_string}\"},\"query-input\":{\"@type\":\"PropertyValueSpecification\",\"valueRequired\":true,\"valueName\":\"search_term_string\"}}],\"inLanguage\":\"pt-BR\"}]}<\/script>\n<!-- \/ Yoast SEO plugin. -->","yoast_head_json":{"title":"BLOCO P\u00d3S GRADUA\u00c7\u00c3O - Campus Nova Igua\u00e7u","robots":{"index":"index","follow":"follow","max-snippet":"max-snippet:-1","max-image-preview":"max-image-preview:large","max-video-preview":"max-video-preview:-1"},"canonical":"https:\/\/institucional.ufrrj.br\/campusnovaiguacu\/onde-fica\/bloco-pos-graduacao\/","og_locale":"pt_BR","og_type":"article","og_title":"BLOCO P\u00d3S GRADUA\u00c7\u00c3O - Campus Nova Igua\u00e7u","og_description":"SALA 101 &#8211; LEAFRO (LABORAT\u00d3RIO DE ESTUDOS AFRO-BRASILEIROS) SALA 102 &#8211; CEDIM (CENTRO DE DOCUMENTA\u00c7\u00c3O E IMAGEM) SALA 103 &#8211; ...","og_url":"https:\/\/institucional.ufrrj.br\/campusnovaiguacu\/onde-fica\/bloco-pos-graduacao\/","og_site_name":"Campus Nova Igua\u00e7u","article_modified_time":"2016-04-12T12:28:07+00:00","twitter_card":"summary_large_image","schema":{"@context":"https:\/\/schema.org","@graph":[{"@type":"WebPage","@id":"https:\/\/institucional.ufrrj.br\/campusnovaiguacu\/onde-fica\/bloco-pos-graduacao\/","url":"https:\/\/institucional.ufrrj.br\/campusnovaiguacu\/onde-fica\/bloco-pos-graduacao\/","name":"BLOCO P\u00d3S GRADUA\u00c7\u00c3O - Campus Nova Igua\u00e7u","isPartOf":{"@id":"https:\/\/institucional.ufrrj.br\/campusnovaiguacu\/#website"},"datePublished":"2016-04-07T12:02:05+00:00","dateModified":"2016-04-12T12:28:07+00:00","breadcrumb":{"@id":"https:\/\/institucional.ufrrj.br\/campusnovaiguacu\/onde-fica\/bloco-pos-graduacao\/#breadcrumb"},"inLanguage":"pt-BR","potentialAction":[{"@type":"ReadAction","target":["https:\/\/institucional.ufrrj.br\/campusnovaiguacu\/onde-fica\/bloco-pos-graduacao\/"]}]},{"@type":"BreadcrumbList","@id":"https:\/\/institucional.ufrrj.br\/campusnovaiguacu\/onde-fica\/bloco-pos-graduacao\/#breadcrumb","itemListElement":[{"@type":"ListItem","position":1,"name":"In\u00edcio","item":"https:\/\/institucional.ufrrj.br\/campusnovaiguacu\/"},{"@type":"ListItem","position":2,"name":"ONDE FICA?","item":"https:\/\/institucional.ufrrj.br\/campusnovaiguacu\/onde-fica\/"},{"@type":"ListItem","position":3,"name":"BLOCO P\u00d3S GRADUA\u00c7\u00c3O"}]},{"@type":"WebSite","@id":"https:\/\/institucional.ufrrj.br\/campusnovaiguacu\/#website","url":"https:\/\/institucional.ufrrj.br\/campusnovaiguacu\/","name":"Campus Nova Igua\u00e7u","description":"Universidade Federal Rural do Rio de Janeiro","potentialAction":[{"@type":"SearchAction","target":{"@type":"EntryPoint","urlTemplate":"https:\/\/institucional.ufrrj.br\/campusnovaiguacu\/?s={search_term_string}"},"query-input":{"@type":"PropertyValueSpecification","valueRequired":true,"valueName":"search_term_string"}}],"inLanguage":"pt-BR"}]}},"acf":[],"aioseo_notices":[],"_links":{"self":[{"href":"https:\/\/institucional.ufrrj.br\/campusnovaiguacu\/wp-json\/wp\/v2\/pages\/286","targetHints":{"allow":["GET"]}}],"collection":[{"href":"https:\/\/institucional.ufrrj.br\/campusnovaiguacu\/wp-json\/wp\/v2\/pages"}],"about":[{"href":"https:\/\/institucional.ufrrj.br\/campusnovaiguacu\/wp-json\/wp\/v2\/types\/page"}],"author":[{"embeddable":true,"href":"https:\/\/institucional.ufrrj.br\/campusnovaiguacu\/wp-json\/wp\/v2\/users\/1"}],"replies":[{"embeddable":true,"href":"https:\/\/institucional.ufrrj.br\/campusnovaiguacu\/wp-json\/wp\/v2\/comments?post=286"}],"version-history":[{"count":5,"href":"https:\/\/institucional.ufrrj.br\/campusnovaiguacu\/wp-json\/wp\/v2\/pages\/286\/revisions"}],"predecessor-version":[{"id":420,"href":"https:\/\/institucional.ufrrj.br\/campusnovaiguacu\/wp-json\/wp\/v2\/pages\/286\/revisions\/420"}],"up":[{"embeddable":true,"href":"https:\/\/institucional.ufrrj.br\/campusnovaiguacu\/wp-json\/wp\/v2\/pages\/256"}],"wp:attachment":[{"href":"https:\/\/institucional.ufrrj.br\/campusnovaiguacu\/wp-json\/wp\/v2\/media?parent=286"}],"curies":[{"name":"wp","href":"https:\/\/api.w.org\/{rel}","templated":true}]}}