{"id":74,"date":"2015-05-25T13:02:32","date_gmt":"2015-05-25T13:02:32","guid":{"rendered":"http:\/\/institucional.ufrrj.br\/biblioteca\/?page_id=74"},"modified":"2026-01-15T23:11:44","modified_gmt":"2026-01-16T02:11:44","slug":"ficha-catalografica","status":"publish","type":"page","link":"https:\/\/institucional.ufrrj.br\/biblioteca\/produtos-e-servicos\/ficha-catalografica\/","title":{"rendered":"Ficha Catalogr\u00e1fica on line"},"content":{"rendered":"<p data-start=\"233\" data-end=\"343\">A BC\/UFRRJ disponibiliza um programa on-line, desenvolvido pela USP, para a elabora\u00e7\u00e3o da ficha catalogr\u00e1fica.<\/p>\n<p data-start=\"348\" data-end=\"503\" data-is-last-node=\"\">Basta preencher os dados do seu trabalho (como autor, t\u00edtulo, data, n\u00famero de folhas e assuntos) que o sistema ger\u00e1-lo-\u00e1 automaticamente em PDF<strong> e deve ser inserida no verso da folha de rosto <\/strong><em>(ver manual abaixo)<\/em><\/p>\n<p data-start=\"348\" data-end=\"503\" data-is-last-node=\"\">Acesse no link: <span style=\"color: #0000ff\"><a style=\"color: #0000ff\" href=\"https:\/\/fichacatalografica.ufrrj.br\">https:\/\/fichacatalografica.ufrrj.br<\/a>\u00a0<\/span><\/p>\n<p>&#8212;<\/p>\n<p><strong>IMPORTANTE<\/strong>: os dados fornecidos s\u00e3o de responsabilidade do autor.<\/p>\n<p><strong>ATEN\u00c7\u00c3O<\/strong>: Caso tenha dificuldade em abrir o formul\u00e1rio, tente com o browser <strong><a href=\"https:\/\/www.mozilla.org\/pt-BR\/firefox\/windows\/\">Firefox<\/a><\/strong>.<\/p>\n<p>O atendimento presencial, em caso de d\u00favidas ou necessidade de mais informa\u00e7\u00f5es, \u00e9 feito diretamente no Servi\u00e7o de Processamento T\u00e9cnico.<\/p>\n<p>Tel: (21) 2681-4630<\/p>\n<p>Hor\u00e1rio de atendimento: 8h \u00e0s 14h.<\/p>\n<p>e-mail: <a href=\"mailto:sptbc@ufrrj.br\">sptbc@ufrrj.br<\/a><\/p>\n\n\n<div data-wp-interactive=\"core\/file\" class=\"wp-block-file\"><object data-wp-bind--hidden=\"!state.hasPdfPreview\" hidden class=\"wp-block-file__embed\" data=\"https:\/\/institucional.ufrrj.br\/biblioteca\/files\/2026\/01\/Manual-Ficha-Catalografica-UFRRJ-NOVO-2025-Manual-Ficha-Catalografica-UFRRJ-NOVO-2025-1.pdf\" type=\"application\/pdf\" style=\"width:100%;height:600px\" aria-label=\"Incorporado de Manual Ficha Catalogr\u00e1fica UFRRJ (NOVO 2025).\"><\/object><a id=\"wp-block-file--media-45103131-b73b-401e-9d7a-a3f91139b872\" href=\"https:\/\/institucional.ufrrj.br\/biblioteca\/files\/2026\/01\/Manual-Ficha-Catalografica-UFRRJ-NOVO-2025-Manual-Ficha-Catalografica-UFRRJ-NOVO-2025-1.pdf\">Manual Ficha Catalogr\u00e1fica UFRRJ (NOVO 2025)<\/a><a href=\"https:\/\/institucional.ufrrj.br\/biblioteca\/files\/2026\/01\/Manual-Ficha-Catalografica-UFRRJ-NOVO-2025-Manual-Ficha-Catalografica-UFRRJ-NOVO-2025-1.pdf\" class=\"wp-block-file__button wp-element-button\" download aria-describedby=\"wp-block-file--media-45103131-b73b-401e-9d7a-a3f91139b872\">Baixar PDF<\/a><\/div>\n\n\n\n<p><em>Outras informa\u00e7\u00f5es relacionadas (Manual e template &#8211; trabalhos acad\u00eamicos)<\/em><\/p>\n\n\n\n<figure class=\"wp-block-embed is-type-wp-embed is-provider-biblioteca-central wp-block-embed-biblioteca-central\"><div class=\"wp-block-embed__wrapper\">\n<blockquote class=\"wp-embedded-content\" data-secret=\"u74V5KcnkF\"><a href=\"https:\/\/institucional.ufrrj.br\/biblioteca\/manual-e-template-trabalhos-academicos\/\">Manual e template &#8211; Trabalhos acad\u00eamicos<\/a><\/blockquote><iframe loading=\"lazy\" class=\"wp-embedded-content\" sandbox=\"allow-scripts\" security=\"restricted\" style=\"position: absolute; visibility: hidden;\" title=\"&#8220;Manual e template &#8211; Trabalhos acad\u00eamicos&#8221; &#8212; BIBLIOTECA CENTRAL\" src=\"https:\/\/institucional.ufrrj.br\/biblioteca\/manual-e-template-trabalhos-academicos\/embed\/#?secret=lAGbS1HUUe#?secret=u74V5KcnkF\" data-secret=\"u74V5KcnkF\" width=\"500\" height=\"282\" frameborder=\"0\" marginwidth=\"0\" marginheight=\"0\" scrolling=\"no\"><\/iframe>\n<\/div><\/figure>\n","protected":false},"excerpt":{"rendered":"<p>A BC\/UFRRJ disponibiliza um programa on-line, desenvolvido pela USP, para a elabora\u00e7\u00e3o da ficha catalogr\u00e1fica. Basta preencher os dados do <a class=\"read-more\" href=\"https:\/\/institucional.ufrrj.br\/biblioteca\/produtos-e-servicos\/ficha-catalografica\/ \">&#8230; <i class=\"fa fa-long-arrow-right\"><\/i><\/a><\/p>\n","protected":false},"author":634,"featured_media":0,"parent":25,"menu_order":0,"comment_status":"open","ping_status":"open","template":"","meta":{"footnotes":"","_links_to":"","_links_to_target":""},"class_list":["post-74","page","type-page","status-publish","hentry"],"yoast_head":"<!-- This site is optimized with the Yoast SEO plugin v27.2 - https:\/\/yoast.com\/product\/yoast-seo-wordpress\/ -->\n<title>Ficha Catalogr\u00e1fica on line - BIBLIOTECA CENTRAL<\/title>\n<meta name=\"robots\" content=\"index, follow, max-snippet:-1, max-image-preview:large, max-video-preview:-1\" \/>\n<link rel=\"canonical\" href=\"https:\/\/institucional.ufrrj.br\/biblioteca\/produtos-e-servicos\/ficha-catalografica\/\" \/>\n<meta property=\"og:locale\" content=\"pt_BR\" \/>\n<meta property=\"og:type\" content=\"article\" \/>\n<meta property=\"og:title\" content=\"Ficha Catalogr\u00e1fica on line - BIBLIOTECA CENTRAL\" \/>\n<meta property=\"og:description\" content=\"A BC\/UFRRJ disponibiliza um programa on-line, desenvolvido pela USP, para a elabora\u00e7\u00e3o da ficha catalogr\u00e1fica. Basta preencher os dados do ...\" \/>\n<meta property=\"og:url\" content=\"https:\/\/institucional.ufrrj.br\/biblioteca\/produtos-e-servicos\/ficha-catalografica\/\" \/>\n<meta property=\"og:site_name\" content=\"BIBLIOTECA CENTRAL\" \/>\n<meta property=\"article:publisher\" content=\"https:\/\/www.facebook.com\/pages\/Biblioteca-Central-UFRRJ\/169326639938700?ref=profile\" \/>\n<meta property=\"article:modified_time\" content=\"2026-01-16T02:11:44+00:00\" \/>\n<meta name=\"twitter:card\" content=\"summary_large_image\" \/>\n<meta name=\"twitter:label1\" content=\"Est. tempo de leitura\" \/>\n\t<meta name=\"twitter:data1\" content=\"1 minuto\" \/>\n<script type=\"application\/ld+json\" class=\"yoast-schema-graph\">{\"@context\":\"https:\/\/schema.org\",\"@graph\":[{\"@type\":\"WebPage\",\"@id\":\"https:\/\/institucional.ufrrj.br\/biblioteca\/produtos-e-servicos\/ficha-catalografica\/\",\"url\":\"https:\/\/institucional.ufrrj.br\/biblioteca\/produtos-e-servicos\/ficha-catalografica\/\",\"name\":\"Ficha Catalogr\u00e1fica on line - BIBLIOTECA CENTRAL\",\"isPartOf\":{\"@id\":\"https:\/\/institucional.ufrrj.br\/biblioteca\/#website\"},\"datePublished\":\"2015-05-25T13:02:32+00:00\",\"dateModified\":\"2026-01-16T02:11:44+00:00\",\"breadcrumb\":{\"@id\":\"https:\/\/institucional.ufrrj.br\/biblioteca\/produtos-e-servicos\/ficha-catalografica\/#breadcrumb\"},\"inLanguage\":\"pt-BR\",\"potentialAction\":[{\"@type\":\"ReadAction\",\"target\":[\"https:\/\/institucional.ufrrj.br\/biblioteca\/produtos-e-servicos\/ficha-catalografica\/\"]}]},{\"@type\":\"BreadcrumbList\",\"@id\":\"https:\/\/institucional.ufrrj.br\/biblioteca\/produtos-e-servicos\/ficha-catalografica\/#breadcrumb\",\"itemListElement\":[{\"@type\":\"ListItem\",\"position\":1,\"name\":\"In\u00edcio\",\"item\":\"https:\/\/institucional.ufrrj.br\/biblioteca\/\"},{\"@type\":\"ListItem\",\"position\":2,\"name\":\"Produtos e Servi\u00e7os\",\"item\":\"https:\/\/institucional.ufrrj.br\/biblioteca\/produtos-e-servicos\/\"},{\"@type\":\"ListItem\",\"position\":3,\"name\":\"Ficha Catalogr\u00e1fica on line\"}]},{\"@type\":\"WebSite\",\"@id\":\"https:\/\/institucional.ufrrj.br\/biblioteca\/#website\",\"url\":\"https:\/\/institucional.ufrrj.br\/biblioteca\/\",\"name\":\"BIBLIOTECA CENTRAL\",\"description\":\"Universidade Federal Rural do Rio de Janeiro  - UFRRJ\",\"potentialAction\":[{\"@type\":\"SearchAction\",\"target\":{\"@type\":\"EntryPoint\",\"urlTemplate\":\"https:\/\/institucional.ufrrj.br\/biblioteca\/?s={search_term_string}\"},\"query-input\":{\"@type\":\"PropertyValueSpecification\",\"valueRequired\":true,\"valueName\":\"search_term_string\"}}],\"inLanguage\":\"pt-BR\"}]}<\/script>\n<!-- \/ Yoast SEO plugin. -->","yoast_head_json":{"title":"Ficha Catalogr\u00e1fica on line - BIBLIOTECA CENTRAL","robots":{"index":"index","follow":"follow","max-snippet":"max-snippet:-1","max-image-preview":"max-image-preview:large","max-video-preview":"max-video-preview:-1"},"canonical":"https:\/\/institucional.ufrrj.br\/biblioteca\/produtos-e-servicos\/ficha-catalografica\/","og_locale":"pt_BR","og_type":"article","og_title":"Ficha Catalogr\u00e1fica on line - BIBLIOTECA CENTRAL","og_description":"A BC\/UFRRJ disponibiliza um programa on-line, desenvolvido pela USP, para a elabora\u00e7\u00e3o da ficha catalogr\u00e1fica. Basta preencher os dados do ...","og_url":"https:\/\/institucional.ufrrj.br\/biblioteca\/produtos-e-servicos\/ficha-catalografica\/","og_site_name":"BIBLIOTECA CENTRAL","article_publisher":"https:\/\/www.facebook.com\/pages\/Biblioteca-Central-UFRRJ\/169326639938700?ref=profile","article_modified_time":"2026-01-16T02:11:44+00:00","twitter_card":"summary_large_image","twitter_misc":{"Est. tempo de leitura":"1 minuto"},"schema":{"@context":"https:\/\/schema.org","@graph":[{"@type":"WebPage","@id":"https:\/\/institucional.ufrrj.br\/biblioteca\/produtos-e-servicos\/ficha-catalografica\/","url":"https:\/\/institucional.ufrrj.br\/biblioteca\/produtos-e-servicos\/ficha-catalografica\/","name":"Ficha Catalogr\u00e1fica on line - BIBLIOTECA CENTRAL","isPartOf":{"@id":"https:\/\/institucional.ufrrj.br\/biblioteca\/#website"},"datePublished":"2015-05-25T13:02:32+00:00","dateModified":"2026-01-16T02:11:44+00:00","breadcrumb":{"@id":"https:\/\/institucional.ufrrj.br\/biblioteca\/produtos-e-servicos\/ficha-catalografica\/#breadcrumb"},"inLanguage":"pt-BR","potentialAction":[{"@type":"ReadAction","target":["https:\/\/institucional.ufrrj.br\/biblioteca\/produtos-e-servicos\/ficha-catalografica\/"]}]},{"@type":"BreadcrumbList","@id":"https:\/\/institucional.ufrrj.br\/biblioteca\/produtos-e-servicos\/ficha-catalografica\/#breadcrumb","itemListElement":[{"@type":"ListItem","position":1,"name":"In\u00edcio","item":"https:\/\/institucional.ufrrj.br\/biblioteca\/"},{"@type":"ListItem","position":2,"name":"Produtos e Servi\u00e7os","item":"https:\/\/institucional.ufrrj.br\/biblioteca\/produtos-e-servicos\/"},{"@type":"ListItem","position":3,"name":"Ficha Catalogr\u00e1fica on line"}]},{"@type":"WebSite","@id":"https:\/\/institucional.ufrrj.br\/biblioteca\/#website","url":"https:\/\/institucional.ufrrj.br\/biblioteca\/","name":"BIBLIOTECA CENTRAL","description":"Universidade Federal Rural do Rio de Janeiro  - UFRRJ","potentialAction":[{"@type":"SearchAction","target":{"@type":"EntryPoint","urlTemplate":"https:\/\/institucional.ufrrj.br\/biblioteca\/?s={search_term_string}"},"query-input":{"@type":"PropertyValueSpecification","valueRequired":true,"valueName":"search_term_string"}}],"inLanguage":"pt-BR"}]}},"_links":{"self":[{"href":"https:\/\/institucional.ufrrj.br\/biblioteca\/wp-json\/wp\/v2\/pages\/74","targetHints":{"allow":["GET"]}}],"collection":[{"href":"https:\/\/institucional.ufrrj.br\/biblioteca\/wp-json\/wp\/v2\/pages"}],"about":[{"href":"https:\/\/institucional.ufrrj.br\/biblioteca\/wp-json\/wp\/v2\/types\/page"}],"author":[{"embeddable":true,"href":"https:\/\/institucional.ufrrj.br\/biblioteca\/wp-json\/wp\/v2\/users\/634"}],"replies":[{"embeddable":true,"href":"https:\/\/institucional.ufrrj.br\/biblioteca\/wp-json\/wp\/v2\/comments?post=74"}],"version-history":[{"count":1,"href":"https:\/\/institucional.ufrrj.br\/biblioteca\/wp-json\/wp\/v2\/pages\/74\/revisions"}],"predecessor-version":[{"id":3401,"href":"https:\/\/institucional.ufrrj.br\/biblioteca\/wp-json\/wp\/v2\/pages\/74\/revisions\/3401"}],"up":[{"embeddable":true,"href":"https:\/\/institucional.ufrrj.br\/biblioteca\/wp-json\/wp\/v2\/pages\/25"}],"wp:attachment":[{"href":"https:\/\/institucional.ufrrj.br\/biblioteca\/wp-json\/wp\/v2\/media?parent=74"}],"curies":[{"name":"wp","href":"https:\/\/api.w.org\/{rel}","templated":true}]}}