{"id":50,"date":"2015-05-25T12:59:46","date_gmt":"2015-05-25T12:59:46","guid":{"rendered":"http:\/\/institucional.ufrrj.br\/biblioteca\/?page_id=50"},"modified":"2026-01-15T21:35:47","modified_gmt":"2026-01-16T00:35:47","slug":"cadastro-de-usuarios","status":"publish","type":"page","link":"https:\/\/institucional.ufrrj.br\/biblioteca\/produtos-e-servicos\/cadastro-de-usuarios\/","title":{"rendered":"Cadastro de Usu\u00e1rios"},"content":{"rendered":"\n<p class=\"eplus-wrapper\"><span style=\"color: #000000\"><strong>USU\u00c1RIOS N\u00c3O CADASTRADOS<\/strong><\/span><\/p>\n\n\n\n<p class=\"eplus-wrapper\"><strong>Siga os passos abaixo:<\/strong><\/p>\n\n\n\n<p class=\"eplus-wrapper\">1. Acesse o <a href=\"https:\/\/institucional.ufrrj.br\/biblioteca\/formulario-de-pre-cadastro\" target=\"_blank\" rel=\"noreferrer noopener\"><strong><mark style=\"background-color:#ffffff\" class=\"has-inline-color has-vivid-cyan-blue-color\">Formul\u00e1rio de Pr\u00e9-cadastro<\/mark><\/strong><\/a><mark style=\"background-color:#ffffff\" class=\"has-inline-color has-vivid-cyan-blue-color\">;<\/mark><\/p>\n\n\n\n<p class=\"eplus-wrapper\">2. Preencha os campos do formul\u00e1rio e envie;<\/p>\n\n\n\n<p class=\"eplus-wrapper\">3. Cadastro da Foto no formul\u00e1rio dever\u00e1 seguir as instru\u00e7\u00f5es abaixo:<\/p>\n\n\n\n<ul class=\"wp-block-list eplus-wrapper\">\n<li class=\"eplus-wrapper\">Formato 3&#215;4 (recomendado at\u00e9 500 KB);<\/li>\n\n\n\n<li class=\"eplus-wrapper\">Tipos de arquivo: JPEG ou JPG;<\/li>\n\n\n\n<li class=\"eplus-wrapper\">Posi\u00e7\u00e3o do Usu\u00e1rio: deve estar de frente e com o rosto em primeiro plano;<\/li>\n\n\n\n<li class=\"eplus-wrapper\">Fundo da foto: neutro, sem objetos vis\u00edveis, como nas fotos usadas em documentos oficiais (ex: RG, Carteira de Habilita\u00e7\u00e3o, Passaporte);<\/li>\n\n\n\n<li class=\"eplus-wrapper\">Nomeie o arquivo da foto com seu nome completo.<\/li>\n<\/ul>\n\n\n<div class=\"wp-block-image eplus-wrapper\">\n<figure class=\"aligncenter size-full\"><a href=\"https:\/\/institucional.ufrrj.br\/biblioteca\/files\/2022\/10\/biblioteca-foto.png\"><img loading=\"lazy\" decoding=\"async\" width=\"605\" height=\"234\" src=\"https:\/\/institucional.ufrrj.br\/biblioteca\/files\/2022\/10\/biblioteca-foto.png\" alt=\"\" class=\"wp-image-1717\" srcset=\"https:\/\/institucional.ufrrj.br\/biblioteca\/files\/2022\/10\/biblioteca-foto.png 605w, https:\/\/institucional.ufrrj.br\/biblioteca\/files\/2022\/10\/biblioteca-foto-300x116.png 300w\" sizes=\"auto, (max-width: 605px) 100vw, 605px\" \/><\/a><figcaption class=\"wp-element-caption\">Exemplo da Foto para  o cadastro <\/figcaption><\/figure>\n<\/div>\n\n\n<p class=\"eplus-wrapper\">4. Ser\u00e1 enviado um e-mail de confirma\u00e7\u00e3o do seu pr\u00e9-cadastro;<\/p>\n\n\n\n<p class=\"eplus-wrapper\">5. Aguarde o e-mail de confirma\u00e7\u00e3o de seu cadastro com o n\u00famero de registro na Biblioteca;<\/p>\n\n\n\n<p class=\"eplus-wrapper\">6. Compare\u00e7a \u00e0 Biblioteca no hor\u00e1rio de funcionamento (segunda a sexta-feira, das 08:00h \u00e0s 22:00h) munido&nbsp;com os seguintes documentos:<\/p>\n\n\n\n<p class=\"eplus-wrapper\"><strong>Discentes<\/strong> (ensino m\u00e9dio (CTUR), gradua\u00e7\u00e3o e p\u00f3s-gradua\u00e7\u00e3o): comprovante de matr\u00edcula e documento oficial com foto.<\/p>\n\n\n\n<p class=\"eplus-wrapper\"><strong>Servidores<\/strong> (Docentes ou T\u00e9cnico-Administrativos): comprovante de v\u00ednculo com a institui\u00e7\u00e3o e documento oficial com foto.<\/p>\n\n\n\n<p>&#8212;<\/p>\n\n\n\n<p class=\"eplus-wrapper\"><span style=\"color: #000000\"><strong>USU\u00c1RIOS J\u00c1 CADASTRADOS<\/strong><\/span><\/p>\n\n\n\n<p class=\"eplus-wrapper\"><span style=\"color: #000000\">Os endere\u00e7os eletr\u00f4nicos atualizados permitem que informa\u00e7\u00f5es importantes sobre empr\u00e9stimos e devolu\u00e7\u00f5es sejam enviadas corretamente.<\/span><br><span style=\"color: #0000ff\"><span style=\"color: #000000\"> Caso haja mudan\u00e7a em seu cadastro, solicite altera\u00e7\u00e3o em nosso Servi\u00e7o de Refer\u00eancia ou envie-nos um e-mail, informando a altera\u00e7\u00e3o:<\/span> <\/span><a href=\"mailto:cadastrobc@ufrrj.br\"><mark style=\"background-color:#ffffff\" class=\"has-inline-color has-vivid-cyan-blue-color\">cadastrobc@ufrrj.br<\/mark><\/a><\/p>\n","protected":false},"excerpt":{"rendered":"<p>USU\u00c1RIOS N\u00c3O CADASTRADOS Siga os passos abaixo: 1. Acesse o Formul\u00e1rio de Pr\u00e9-cadastro; 2. Preencha os campos do formul\u00e1rio e <a class=\"read-more\" href=\"https:\/\/institucional.ufrrj.br\/biblioteca\/produtos-e-servicos\/cadastro-de-usuarios\/ \">&#8230; <i class=\"fa fa-long-arrow-right\"><\/i><\/a><\/p>\n","protected":false},"author":634,"featured_media":0,"parent":25,"menu_order":0,"comment_status":"open","ping_status":"open","template":"","meta":{"footnotes":"","_links_to":"","_links_to_target":""},"class_list":["post-50","page","type-page","status-publish","hentry"],"yoast_head":"<!-- This site is optimized with the Yoast SEO plugin v27.2 - https:\/\/yoast.com\/product\/yoast-seo-wordpress\/ -->\n<title>Cadastro de Usu\u00e1rios - BIBLIOTECA CENTRAL<\/title>\n<meta name=\"robots\" content=\"index, follow, max-snippet:-1, max-image-preview:large, max-video-preview:-1\" \/>\n<link rel=\"canonical\" href=\"https:\/\/institucional.ufrrj.br\/biblioteca\/produtos-e-servicos\/cadastro-de-usuarios\/\" \/>\n<meta property=\"og:locale\" content=\"pt_BR\" \/>\n<meta property=\"og:type\" content=\"article\" \/>\n<meta property=\"og:title\" content=\"Cadastro de Usu\u00e1rios - BIBLIOTECA CENTRAL\" \/>\n<meta property=\"og:description\" content=\"USU\u00c1RIOS N\u00c3O CADASTRADOS Siga os passos abaixo: 1. Acesse o Formul\u00e1rio de Pr\u00e9-cadastro; 2. Preencha os campos do formul\u00e1rio e ...\" \/>\n<meta property=\"og:url\" content=\"https:\/\/institucional.ufrrj.br\/biblioteca\/produtos-e-servicos\/cadastro-de-usuarios\/\" \/>\n<meta property=\"og:site_name\" content=\"BIBLIOTECA CENTRAL\" \/>\n<meta property=\"article:publisher\" content=\"https:\/\/www.facebook.com\/pages\/Biblioteca-Central-UFRRJ\/169326639938700?ref=profile\" \/>\n<meta property=\"article:modified_time\" content=\"2026-01-16T00:35:47+00:00\" \/>\n<meta property=\"og:image\" content=\"https:\/\/institucional.ufrrj.br\/biblioteca\/files\/2022\/10\/biblioteca-foto.png\" \/>\n\t<meta property=\"og:image:width\" content=\"605\" \/>\n\t<meta property=\"og:image:height\" content=\"234\" \/>\n\t<meta property=\"og:image:type\" content=\"image\/png\" \/>\n<meta name=\"twitter:card\" content=\"summary_large_image\" \/>\n<meta name=\"twitter:label1\" content=\"Est. tempo de leitura\" \/>\n\t<meta name=\"twitter:data1\" content=\"2 minutos\" \/>\n<script type=\"application\/ld+json\" class=\"yoast-schema-graph\">{\"@context\":\"https:\/\/schema.org\",\"@graph\":[{\"@type\":\"WebPage\",\"@id\":\"https:\/\/institucional.ufrrj.br\/biblioteca\/produtos-e-servicos\/cadastro-de-usuarios\/\",\"url\":\"https:\/\/institucional.ufrrj.br\/biblioteca\/produtos-e-servicos\/cadastro-de-usuarios\/\",\"name\":\"Cadastro de Usu\u00e1rios - BIBLIOTECA CENTRAL\",\"isPartOf\":{\"@id\":\"https:\/\/institucional.ufrrj.br\/biblioteca\/#website\"},\"primaryImageOfPage\":{\"@id\":\"https:\/\/institucional.ufrrj.br\/biblioteca\/produtos-e-servicos\/cadastro-de-usuarios\/#primaryimage\"},\"image\":{\"@id\":\"https:\/\/institucional.ufrrj.br\/biblioteca\/produtos-e-servicos\/cadastro-de-usuarios\/#primaryimage\"},\"thumbnailUrl\":\"https:\/\/institucional.ufrrj.br\/biblioteca\/files\/2022\/10\/biblioteca-foto.png\",\"datePublished\":\"2015-05-25T12:59:46+00:00\",\"dateModified\":\"2026-01-16T00:35:47+00:00\",\"breadcrumb\":{\"@id\":\"https:\/\/institucional.ufrrj.br\/biblioteca\/produtos-e-servicos\/cadastro-de-usuarios\/#breadcrumb\"},\"inLanguage\":\"pt-BR\",\"potentialAction\":[{\"@type\":\"ReadAction\",\"target\":[\"https:\/\/institucional.ufrrj.br\/biblioteca\/produtos-e-servicos\/cadastro-de-usuarios\/\"]}]},{\"@type\":\"ImageObject\",\"inLanguage\":\"pt-BR\",\"@id\":\"https:\/\/institucional.ufrrj.br\/biblioteca\/produtos-e-servicos\/cadastro-de-usuarios\/#primaryimage\",\"url\":\"https:\/\/institucional.ufrrj.br\/biblioteca\/files\/2022\/10\/biblioteca-foto.png\",\"contentUrl\":\"https:\/\/institucional.ufrrj.br\/biblioteca\/files\/2022\/10\/biblioteca-foto.png\",\"width\":605,\"height\":234},{\"@type\":\"BreadcrumbList\",\"@id\":\"https:\/\/institucional.ufrrj.br\/biblioteca\/produtos-e-servicos\/cadastro-de-usuarios\/#breadcrumb\",\"itemListElement\":[{\"@type\":\"ListItem\",\"position\":1,\"name\":\"In\u00edcio\",\"item\":\"https:\/\/institucional.ufrrj.br\/biblioteca\/\"},{\"@type\":\"ListItem\",\"position\":2,\"name\":\"Produtos e Servi\u00e7os\",\"item\":\"https:\/\/institucional.ufrrj.br\/biblioteca\/produtos-e-servicos\/\"},{\"@type\":\"ListItem\",\"position\":3,\"name\":\"Cadastro de Usu\u00e1rios\"}]},{\"@type\":\"WebSite\",\"@id\":\"https:\/\/institucional.ufrrj.br\/biblioteca\/#website\",\"url\":\"https:\/\/institucional.ufrrj.br\/biblioteca\/\",\"name\":\"BIBLIOTECA CENTRAL\",\"description\":\"Universidade Federal Rural do Rio de Janeiro  - UFRRJ\",\"potentialAction\":[{\"@type\":\"SearchAction\",\"target\":{\"@type\":\"EntryPoint\",\"urlTemplate\":\"https:\/\/institucional.ufrrj.br\/biblioteca\/?s={search_term_string}\"},\"query-input\":{\"@type\":\"PropertyValueSpecification\",\"valueRequired\":true,\"valueName\":\"search_term_string\"}}],\"inLanguage\":\"pt-BR\"}]}<\/script>\n<!-- \/ Yoast SEO plugin. -->","yoast_head_json":{"title":"Cadastro de Usu\u00e1rios - BIBLIOTECA CENTRAL","robots":{"index":"index","follow":"follow","max-snippet":"max-snippet:-1","max-image-preview":"max-image-preview:large","max-video-preview":"max-video-preview:-1"},"canonical":"https:\/\/institucional.ufrrj.br\/biblioteca\/produtos-e-servicos\/cadastro-de-usuarios\/","og_locale":"pt_BR","og_type":"article","og_title":"Cadastro de Usu\u00e1rios - BIBLIOTECA CENTRAL","og_description":"USU\u00c1RIOS N\u00c3O CADASTRADOS Siga os passos abaixo: 1. Acesse o Formul\u00e1rio de Pr\u00e9-cadastro; 2. Preencha os campos do formul\u00e1rio e ...","og_url":"https:\/\/institucional.ufrrj.br\/biblioteca\/produtos-e-servicos\/cadastro-de-usuarios\/","og_site_name":"BIBLIOTECA CENTRAL","article_publisher":"https:\/\/www.facebook.com\/pages\/Biblioteca-Central-UFRRJ\/169326639938700?ref=profile","article_modified_time":"2026-01-16T00:35:47+00:00","og_image":[{"width":605,"height":234,"url":"https:\/\/institucional.ufrrj.br\/biblioteca\/files\/2022\/10\/biblioteca-foto.png","type":"image\/png"}],"twitter_card":"summary_large_image","twitter_misc":{"Est. tempo de leitura":"2 minutos"},"schema":{"@context":"https:\/\/schema.org","@graph":[{"@type":"WebPage","@id":"https:\/\/institucional.ufrrj.br\/biblioteca\/produtos-e-servicos\/cadastro-de-usuarios\/","url":"https:\/\/institucional.ufrrj.br\/biblioteca\/produtos-e-servicos\/cadastro-de-usuarios\/","name":"Cadastro de Usu\u00e1rios - BIBLIOTECA CENTRAL","isPartOf":{"@id":"https:\/\/institucional.ufrrj.br\/biblioteca\/#website"},"primaryImageOfPage":{"@id":"https:\/\/institucional.ufrrj.br\/biblioteca\/produtos-e-servicos\/cadastro-de-usuarios\/#primaryimage"},"image":{"@id":"https:\/\/institucional.ufrrj.br\/biblioteca\/produtos-e-servicos\/cadastro-de-usuarios\/#primaryimage"},"thumbnailUrl":"https:\/\/institucional.ufrrj.br\/biblioteca\/files\/2022\/10\/biblioteca-foto.png","datePublished":"2015-05-25T12:59:46+00:00","dateModified":"2026-01-16T00:35:47+00:00","breadcrumb":{"@id":"https:\/\/institucional.ufrrj.br\/biblioteca\/produtos-e-servicos\/cadastro-de-usuarios\/#breadcrumb"},"inLanguage":"pt-BR","potentialAction":[{"@type":"ReadAction","target":["https:\/\/institucional.ufrrj.br\/biblioteca\/produtos-e-servicos\/cadastro-de-usuarios\/"]}]},{"@type":"ImageObject","inLanguage":"pt-BR","@id":"https:\/\/institucional.ufrrj.br\/biblioteca\/produtos-e-servicos\/cadastro-de-usuarios\/#primaryimage","url":"https:\/\/institucional.ufrrj.br\/biblioteca\/files\/2022\/10\/biblioteca-foto.png","contentUrl":"https:\/\/institucional.ufrrj.br\/biblioteca\/files\/2022\/10\/biblioteca-foto.png","width":605,"height":234},{"@type":"BreadcrumbList","@id":"https:\/\/institucional.ufrrj.br\/biblioteca\/produtos-e-servicos\/cadastro-de-usuarios\/#breadcrumb","itemListElement":[{"@type":"ListItem","position":1,"name":"In\u00edcio","item":"https:\/\/institucional.ufrrj.br\/biblioteca\/"},{"@type":"ListItem","position":2,"name":"Produtos e Servi\u00e7os","item":"https:\/\/institucional.ufrrj.br\/biblioteca\/produtos-e-servicos\/"},{"@type":"ListItem","position":3,"name":"Cadastro de Usu\u00e1rios"}]},{"@type":"WebSite","@id":"https:\/\/institucional.ufrrj.br\/biblioteca\/#website","url":"https:\/\/institucional.ufrrj.br\/biblioteca\/","name":"BIBLIOTECA CENTRAL","description":"Universidade Federal Rural do Rio de Janeiro  - UFRRJ","potentialAction":[{"@type":"SearchAction","target":{"@type":"EntryPoint","urlTemplate":"https:\/\/institucional.ufrrj.br\/biblioteca\/?s={search_term_string}"},"query-input":{"@type":"PropertyValueSpecification","valueRequired":true,"valueName":"search_term_string"}}],"inLanguage":"pt-BR"}]}},"_links":{"self":[{"href":"https:\/\/institucional.ufrrj.br\/biblioteca\/wp-json\/wp\/v2\/pages\/50","targetHints":{"allow":["GET"]}}],"collection":[{"href":"https:\/\/institucional.ufrrj.br\/biblioteca\/wp-json\/wp\/v2\/pages"}],"about":[{"href":"https:\/\/institucional.ufrrj.br\/biblioteca\/wp-json\/wp\/v2\/types\/page"}],"author":[{"embeddable":true,"href":"https:\/\/institucional.ufrrj.br\/biblioteca\/wp-json\/wp\/v2\/users\/634"}],"replies":[{"embeddable":true,"href":"https:\/\/institucional.ufrrj.br\/biblioteca\/wp-json\/wp\/v2\/comments?post=50"}],"version-history":[{"count":1,"href":"https:\/\/institucional.ufrrj.br\/biblioteca\/wp-json\/wp\/v2\/pages\/50\/revisions"}],"predecessor-version":[{"id":3370,"href":"https:\/\/institucional.ufrrj.br\/biblioteca\/wp-json\/wp\/v2\/pages\/50\/revisions\/3370"}],"up":[{"embeddable":true,"href":"https:\/\/institucional.ufrrj.br\/biblioteca\/wp-json\/wp\/v2\/pages\/25"}],"wp:attachment":[{"href":"https:\/\/institucional.ufrrj.br\/biblioteca\/wp-json\/wp\/v2\/media?parent=50"}],"curies":[{"name":"wp","href":"https:\/\/api.w.org\/{rel}","templated":true}]}}