{"id":3336,"date":"2026-01-14T16:56:41","date_gmt":"2026-01-14T19:56:41","guid":{"rendered":"https:\/\/institucional.ufrrj.br\/biblioteca\/?page_id=3336"},"modified":"2026-02-23T13:30:18","modified_gmt":"2026-02-23T16:30:18","slug":"manual-e-template-trabalhos-academicos","status":"publish","type":"page","link":"https:\/\/institucional.ufrrj.br\/biblioteca\/manual-e-template-trabalhos-academicos\/","title":{"rendered":"Manual e template &#8211; Trabalhos acad\u00eamicos"},"content":{"rendered":"\n<div class=\"wp-block-group is-vertical is-content-justification-left is-layout-flex wp-container-core-group-is-layout-ad009506 wp-block-group-is-layout-flex\">\n<p data-start=\"153\" data-end=\"367\"><span data-start=\"155\" data-end=\"235\">O<\/span> Manual para Trabalhos Finais de Curso na P\u00f3s-Gradua\u00e7\u00e3o da UFRRJ \u00e9 o atual documento oficial que orienta a prepara\u00e7\u00e3o e apresenta\u00e7\u00e3o das produ\u00e7\u00f5es cient\u00edficas dos p\u00f3s-graduandos da Universidade.<\/p>\n<p data-start=\"153\" data-end=\"367\"><strong>Para este manual<\/strong>, consideram-se trabalhos acad\u00eamicos:<\/p>\n<ul>\n<li data-start=\"433\" data-end=\"505\"><strong data-start=\"433\" data-end=\"486\">Trabalho de Conclus\u00e3o de Curso (TCC) \/ Monografia<\/strong> \u2013 Especializa\u00e7\u00e3o;<\/li>\n<li data-start=\"433\" data-end=\"505\"><strong data-start=\"510\" data-end=\"525\">Disserta\u00e7\u00e3o<\/strong> \u2013 Mestrado;<\/li>\n<li data-start=\"433\" data-end=\"505\"><strong data-start=\"543\" data-end=\"551\">Tese<\/strong> \u2013 Doutorado;<\/li>\n<li data-start=\"433\" data-end=\"505\"><strong data-start=\"570\" data-end=\"603\">Trabalho Final de Curso (TFC)<\/strong> \u2013 Programas de P\u00f3s-Gradua\u00e7\u00e3o Profissionais e \u00c1rea Interdisciplinar da CAPES.<\/li>\n<\/ul>\n<p>A nova edi\u00e7\u00e3o do Manual tamb\u00e9m <strong>inclui um\u00a0Template\/Modelo<\/strong> para auxiliar na formata\u00e7\u00e3o dos trabalhos.<\/p>\n<p>&#8212;<\/p>\n<p><em>Documentos relacionados abaixo:<\/em><\/p>\n<\/div>\n\n\n\n<div data-wp-interactive=\"core\/file\" class=\"wp-block-file\"><object data-wp-bind--hidden=\"!state.hasPdfPreview\" hidden class=\"wp-block-file__embed\" data=\"https:\/\/institucional.ufrrj.br\/biblioteca\/files\/2026\/01\/Manual-para-trabalhos-finais-de-curso-da-pos-graduacao-da-UFRRJ-1.pdf\" type=\"application\/pdf\" style=\"width:100%;height:600px\" aria-label=\"Incorporado de . Manual para trabalhos finais de curso da p\u00f3s-gradua\u00e7\u00e3o da UFRRJ.\"><\/object><a id=\"wp-block-file--media-e82c805c-1c48-44f4-82fa-f71c52147d74\" href=\"https:\/\/institucional.ufrrj.br\/biblioteca\/files\/2026\/01\/Manual-TFC-UFRRJ.pdf\">. Manual para trabalhos finais de curso da p\u00f3s-gradua\u00e7\u00e3o da UFRRJ<\/a><a href=\"https:\/\/institucional.ufrrj.br\/biblioteca\/files\/2026\/01\/Manual-para-trabalhos-finais-de-curso-da-pos-graduacao-da-UFRRJ-1.pdf\" class=\"wp-block-file__button wp-element-button\" download aria-describedby=\"wp-block-file--media-e82c805c-1c48-44f4-82fa-f71c52147d74\"><strong>Baixar pdf<\/strong><\/a><\/div>\n\n\n\n<div class=\"wp-block-file\"><a id=\"wp-block-file--media-588e4303-148c-4dc0-ad41-9b6db9c36f56\" href=\"https:\/\/institucional.ufrrj.br\/biblioteca\/manual-e-template-trabalhos-academicos\/template-de-trabalhos-finais-de-curso-ufrrj\/\">. <strong>Template de trabalhos finais de curso UFRRJ<\/strong><\/a><a href=\"https:\/\/institucional.ufrrj.br\/biblioteca\/files\/2026\/01\/Template-de-trabalhos-finais-de-curso-UFRRJ.docx\" class=\"wp-block-file__button wp-element-button\" download aria-describedby=\"wp-block-file--media-588e4303-148c-4dc0-ad41-9b6db9c36f56\"><strong>Baixar em word<\/strong><\/a><\/div>\n\n\n\n<p>&#8212;<\/p>\n\n\n\n<p><em>Outras informa\u00e7\u00f5es relacionadas (ficha catalogr\u00e1fica; explore + fontes):<\/em><\/p>\n\n\n\n<figure class=\"wp-block-embed is-type-wp-embed is-provider-biblioteca-central wp-block-embed-biblioteca-central\"><div class=\"wp-block-embed__wrapper\">\n<blockquote class=\"wp-embedded-content\" data-secret=\"RXGyPzjKrQ\"><a href=\"https:\/\/institucional.ufrrj.br\/biblioteca\/produtos-e-servicos\/ficha-catalografica\/\">Ficha Catalogr\u00e1fica on line<\/a><\/blockquote><iframe loading=\"lazy\" class=\"wp-embedded-content\" sandbox=\"allow-scripts\" security=\"restricted\" style=\"position: absolute; visibility: hidden;\" title=\"&#8220;Ficha Catalogr\u00e1fica on line&#8221; &#8212; BIBLIOTECA CENTRAL\" src=\"https:\/\/institucional.ufrrj.br\/biblioteca\/produtos-e-servicos\/ficha-catalografica\/embed\/#?secret=rQ84MNLCRp#?secret=RXGyPzjKrQ\" data-secret=\"RXGyPzjKrQ\" width=\"500\" height=\"282\" frameborder=\"0\" marginwidth=\"0\" marginheight=\"0\" scrolling=\"no\"><\/iframe>\n<\/div><\/figure>\n\n\n\n<figure class=\"wp-block-embed is-type-wp-embed is-provider-biblioteca-central wp-block-embed-biblioteca-central\"><div class=\"wp-block-embed__wrapper\">\n<blockquote class=\"wp-embedded-content\" data-secret=\"JCt7q78DnP\"><a href=\"https:\/\/institucional.ufrrj.br\/biblioteca\/exploremaisfontes\/\">Explore + fontes<\/a><\/blockquote><iframe loading=\"lazy\" class=\"wp-embedded-content\" sandbox=\"allow-scripts\" security=\"restricted\" style=\"position: absolute; visibility: hidden;\" title=\"&#8220;Explore + fontes&#8221; &#8212; BIBLIOTECA CENTRAL\" src=\"https:\/\/institucional.ufrrj.br\/biblioteca\/exploremaisfontes\/embed\/#?secret=G6MGFf7guc#?secret=JCt7q78DnP\" data-secret=\"JCt7q78DnP\" width=\"500\" height=\"282\" frameborder=\"0\" marginwidth=\"0\" marginheight=\"0\" scrolling=\"no\"><\/iframe>\n<\/div><\/figure>\n","protected":false},"excerpt":{"rendered":"<p>O Manual para Trabalhos Finais de Curso na P\u00f3s-Gradua\u00e7\u00e3o da UFRRJ \u00e9 o atual documento oficial que orienta a prepara\u00e7\u00e3o <a class=\"read-more\" href=\"https:\/\/institucional.ufrrj.br\/biblioteca\/manual-e-template-trabalhos-academicos\/ \">&#8230; <i class=\"fa fa-long-arrow-right\"><\/i><\/a><\/p>\n","protected":false},"author":377,"featured_media":0,"parent":0,"menu_order":0,"comment_status":"closed","ping_status":"closed","template":"","meta":{"footnotes":"","_links_to":"","_links_to_target":""},"class_list":["post-3336","page","type-page","status-publish","hentry"],"yoast_head":"<!-- This site is optimized with the Yoast SEO plugin v27.2 - https:\/\/yoast.com\/product\/yoast-seo-wordpress\/ -->\n<title>Manual e template - Trabalhos acad\u00eamicos - BIBLIOTECA CENTRAL<\/title>\n<meta name=\"robots\" content=\"index, follow, max-snippet:-1, max-image-preview:large, max-video-preview:-1\" \/>\n<link rel=\"canonical\" href=\"https:\/\/institucional.ufrrj.br\/biblioteca\/manual-e-template-trabalhos-academicos\/\" \/>\n<meta property=\"og:locale\" content=\"pt_BR\" \/>\n<meta property=\"og:type\" content=\"article\" \/>\n<meta property=\"og:title\" content=\"Manual e template - Trabalhos acad\u00eamicos - BIBLIOTECA CENTRAL\" \/>\n<meta property=\"og:description\" content=\"O Manual para Trabalhos Finais de Curso na P\u00f3s-Gradua\u00e7\u00e3o da UFRRJ \u00e9 o atual documento oficial que orienta a prepara\u00e7\u00e3o ...\" \/>\n<meta property=\"og:url\" content=\"https:\/\/institucional.ufrrj.br\/biblioteca\/manual-e-template-trabalhos-academicos\/\" \/>\n<meta property=\"og:site_name\" content=\"BIBLIOTECA CENTRAL\" \/>\n<meta property=\"article:publisher\" content=\"https:\/\/www.facebook.com\/pages\/Biblioteca-Central-UFRRJ\/169326639938700?ref=profile\" \/>\n<meta property=\"article:modified_time\" content=\"2026-02-23T16:30:18+00:00\" \/>\n<meta name=\"twitter:card\" content=\"summary_large_image\" \/>\n<meta name=\"twitter:label1\" content=\"Est. tempo de leitura\" \/>\n\t<meta name=\"twitter:data1\" content=\"1 minuto\" \/>\n<script type=\"application\/ld+json\" class=\"yoast-schema-graph\">{\"@context\":\"https:\/\/schema.org\",\"@graph\":[{\"@type\":\"WebPage\",\"@id\":\"https:\/\/institucional.ufrrj.br\/biblioteca\/manual-e-template-trabalhos-academicos\/\",\"url\":\"https:\/\/institucional.ufrrj.br\/biblioteca\/manual-e-template-trabalhos-academicos\/\",\"name\":\"Manual e template - Trabalhos acad\u00eamicos - BIBLIOTECA CENTRAL\",\"isPartOf\":{\"@id\":\"https:\/\/institucional.ufrrj.br\/biblioteca\/#website\"},\"datePublished\":\"2026-01-14T19:56:41+00:00\",\"dateModified\":\"2026-02-23T16:30:18+00:00\",\"breadcrumb\":{\"@id\":\"https:\/\/institucional.ufrrj.br\/biblioteca\/manual-e-template-trabalhos-academicos\/#breadcrumb\"},\"inLanguage\":\"pt-BR\",\"potentialAction\":[{\"@type\":\"ReadAction\",\"target\":[\"https:\/\/institucional.ufrrj.br\/biblioteca\/manual-e-template-trabalhos-academicos\/\"]}]},{\"@type\":\"BreadcrumbList\",\"@id\":\"https:\/\/institucional.ufrrj.br\/biblioteca\/manual-e-template-trabalhos-academicos\/#breadcrumb\",\"itemListElement\":[{\"@type\":\"ListItem\",\"position\":1,\"name\":\"In\u00edcio\",\"item\":\"https:\/\/institucional.ufrrj.br\/biblioteca\/\"},{\"@type\":\"ListItem\",\"position\":2,\"name\":\"Manual e template &#8211; Trabalhos acad\u00eamicos\"}]},{\"@type\":\"WebSite\",\"@id\":\"https:\/\/institucional.ufrrj.br\/biblioteca\/#website\",\"url\":\"https:\/\/institucional.ufrrj.br\/biblioteca\/\",\"name\":\"BIBLIOTECA CENTRAL\",\"description\":\"Universidade Federal Rural do Rio de Janeiro  - UFRRJ\",\"potentialAction\":[{\"@type\":\"SearchAction\",\"target\":{\"@type\":\"EntryPoint\",\"urlTemplate\":\"https:\/\/institucional.ufrrj.br\/biblioteca\/?s={search_term_string}\"},\"query-input\":{\"@type\":\"PropertyValueSpecification\",\"valueRequired\":true,\"valueName\":\"search_term_string\"}}],\"inLanguage\":\"pt-BR\"}]}<\/script>\n<!-- \/ Yoast SEO plugin. -->","yoast_head_json":{"title":"Manual e template - Trabalhos acad\u00eamicos - BIBLIOTECA CENTRAL","robots":{"index":"index","follow":"follow","max-snippet":"max-snippet:-1","max-image-preview":"max-image-preview:large","max-video-preview":"max-video-preview:-1"},"canonical":"https:\/\/institucional.ufrrj.br\/biblioteca\/manual-e-template-trabalhos-academicos\/","og_locale":"pt_BR","og_type":"article","og_title":"Manual e template - Trabalhos acad\u00eamicos - BIBLIOTECA CENTRAL","og_description":"O Manual para Trabalhos Finais de Curso na P\u00f3s-Gradua\u00e7\u00e3o da UFRRJ \u00e9 o atual documento oficial que orienta a prepara\u00e7\u00e3o ...","og_url":"https:\/\/institucional.ufrrj.br\/biblioteca\/manual-e-template-trabalhos-academicos\/","og_site_name":"BIBLIOTECA CENTRAL","article_publisher":"https:\/\/www.facebook.com\/pages\/Biblioteca-Central-UFRRJ\/169326639938700?ref=profile","article_modified_time":"2026-02-23T16:30:18+00:00","twitter_card":"summary_large_image","twitter_misc":{"Est. tempo de leitura":"1 minuto"},"schema":{"@context":"https:\/\/schema.org","@graph":[{"@type":"WebPage","@id":"https:\/\/institucional.ufrrj.br\/biblioteca\/manual-e-template-trabalhos-academicos\/","url":"https:\/\/institucional.ufrrj.br\/biblioteca\/manual-e-template-trabalhos-academicos\/","name":"Manual e template - Trabalhos acad\u00eamicos - BIBLIOTECA CENTRAL","isPartOf":{"@id":"https:\/\/institucional.ufrrj.br\/biblioteca\/#website"},"datePublished":"2026-01-14T19:56:41+00:00","dateModified":"2026-02-23T16:30:18+00:00","breadcrumb":{"@id":"https:\/\/institucional.ufrrj.br\/biblioteca\/manual-e-template-trabalhos-academicos\/#breadcrumb"},"inLanguage":"pt-BR","potentialAction":[{"@type":"ReadAction","target":["https:\/\/institucional.ufrrj.br\/biblioteca\/manual-e-template-trabalhos-academicos\/"]}]},{"@type":"BreadcrumbList","@id":"https:\/\/institucional.ufrrj.br\/biblioteca\/manual-e-template-trabalhos-academicos\/#breadcrumb","itemListElement":[{"@type":"ListItem","position":1,"name":"In\u00edcio","item":"https:\/\/institucional.ufrrj.br\/biblioteca\/"},{"@type":"ListItem","position":2,"name":"Manual e template &#8211; Trabalhos acad\u00eamicos"}]},{"@type":"WebSite","@id":"https:\/\/institucional.ufrrj.br\/biblioteca\/#website","url":"https:\/\/institucional.ufrrj.br\/biblioteca\/","name":"BIBLIOTECA CENTRAL","description":"Universidade Federal Rural do Rio de Janeiro  - UFRRJ","potentialAction":[{"@type":"SearchAction","target":{"@type":"EntryPoint","urlTemplate":"https:\/\/institucional.ufrrj.br\/biblioteca\/?s={search_term_string}"},"query-input":{"@type":"PropertyValueSpecification","valueRequired":true,"valueName":"search_term_string"}}],"inLanguage":"pt-BR"}]}},"_links":{"self":[{"href":"https:\/\/institucional.ufrrj.br\/biblioteca\/wp-json\/wp\/v2\/pages\/3336","targetHints":{"allow":["GET"]}}],"collection":[{"href":"https:\/\/institucional.ufrrj.br\/biblioteca\/wp-json\/wp\/v2\/pages"}],"about":[{"href":"https:\/\/institucional.ufrrj.br\/biblioteca\/wp-json\/wp\/v2\/types\/page"}],"author":[{"embeddable":true,"href":"https:\/\/institucional.ufrrj.br\/biblioteca\/wp-json\/wp\/v2\/users\/377"}],"replies":[{"embeddable":true,"href":"https:\/\/institucional.ufrrj.br\/biblioteca\/wp-json\/wp\/v2\/comments?post=3336"}],"version-history":[{"count":1,"href":"https:\/\/institucional.ufrrj.br\/biblioteca\/wp-json\/wp\/v2\/pages\/3336\/revisions"}],"predecessor-version":[{"id":3519,"href":"https:\/\/institucional.ufrrj.br\/biblioteca\/wp-json\/wp\/v2\/pages\/3336\/revisions\/3519"}],"wp:attachment":[{"href":"https:\/\/institucional.ufrrj.br\/biblioteca\/wp-json\/wp\/v2\/media?parent=3336"}],"curies":[{"name":"wp","href":"https:\/\/api.w.org\/{rel}","templated":true}]}}