{"id":23,"date":"2015-05-20T16:40:26","date_gmt":"2015-05-20T16:40:26","guid":{"rendered":"http:\/\/institucional.ufrrj.br\/biblioteca\/?page_id=23"},"modified":"2026-01-05T16:35:53","modified_gmt":"2026-01-05T19:35:53","slug":"exploremaisfontes","status":"publish","type":"page","link":"https:\/\/institucional.ufrrj.br\/biblioteca\/exploremaisfontes\/","title":{"rendered":"Explore + fontes"},"content":{"rendered":"<h3><strong>Amplie sua pesquisa!<\/strong><\/h3>\n<p><a href=\"https:\/\/arxiv.org\/\" target=\"_blank\" rel=\"noopener\"><span style=\"color: #0000ff\">ARXIV<\/span> (Acesso aberto a 1,602,786 impress\u00f5es eletr\u00f4nicas nas \u00e1reas de f\u00edsica, matem\u00e1tica, ci\u00eancia da computa\u00e7\u00e3o, biologia quantitativa, finan\u00e7as quantitativas, estat\u00edstica, engenharia el\u00e9trica e ci\u00eancia de sistemas e economia).<\/a><\/p>\n<p><a href=\"http:\/\/bdtd.ibict.br\/vufind\/\" target=\"_blank\" rel=\"noopener\"><span style=\"color: #0000ff\">BDTD<\/span> (teses e disserta\u00e7\u00f5es brasileiras)<\/a><\/p>\n<p><a href=\"https:\/\/benthamopen.com\/\" target=\"_blank\" rel=\"noopener\"><span style=\"color: #0000ff\">BENTHAM OPEN JOURNALS<\/span> (ci\u00eancia, medicina, tecnologia e ci\u00eancias sociais)<\/a><\/p>\n<p><a href=\"https:\/\/sistema.planalto.gov.br\/sophia\/\" target=\"_blank\" rel=\"noopener\"><span style=\"color: #0000ff\">BIBLIOTECA DA PRESID\u00caNCIA DA REP\u00daBLICA<\/span> (Ci\u00eancias Sociais, com \u00eanfase em Direito, com publica\u00e7\u00f5es em outras \u00e1reas do conhecimento)<\/a><\/p>\n<p><a href=\"https:\/\/www2.senado.leg.br\/bdsf\/\" target=\"_blank\" rel=\"noopener\"><span style=\"color: #0000ff\">BIBLIOTECA DIGITAL DO SENADO<\/span> (documentos de interesse do Poder Legislativo)<\/a><\/p>\n<p><a href=\"http:\/\/inovacaotecnologica.ibict.br\/\" target=\"_blank\" rel=\"noopener\"><span style=\"color: #0000ff\">BIBLIOTECA VIRTUAL DE INOVA\u00c7\u00c3O TECNOL\u00d3GICA<\/span> (a\u00e7\u00e3o conjunta entre FINEP e o Programa IBICT\/CNPq, reunindo informa\u00e7\u00e3o sobre inova\u00e7\u00e3o tecnol\u00f3gica, em seus m\u00faltiplos aspectos)<\/a><\/p>\n<p><a href=\"https:\/\/www.biomedcentral.com\/\" target=\"_blank\" rel=\"noopener\"><span style=\"color: #0000ff\">BIOMED CENTRAL<\/span> (ci\u00eancia, tecnologia, engenharia e medicina)<\/a><\/p>\n<p><a href=\"https:\/\/bookboon.com\/en\/engineering-ebooks\" target=\"_blank\" rel=\"noopener\"><span style=\"color: #0000ff\">BOOK BOON<\/span> (e-books em engenharia)<\/a><\/p>\n<p><a href=\"http:\/\/www.egov.ufsc.br\/portal\/buscalegis\" target=\"_blank\" rel=\"noopener\"><span style=\"color: #0000ff\">BUSCA LEGIS UFSC<\/span> (Biblioteca jur\u00eddica virtual vinculada ao Laborat\u00f3rio de Inform\u00e1tica Jur\u00eddica da Universidade Federal de Santa Catarina)<\/a><\/p>\n<p><a href=\"https:\/\/www.bvs-vet.org.br\/\" target=\"_blank\" rel=\"noopener\"><span style=\"color: #0000ff\">BVS-VET<\/span> (veterin\u00e1ria, zootecnia)<\/a><\/p>\n<p><a href=\"https:\/\/www.pangaea.de\/\" target=\"_blank\" rel=\"noopener\"><span style=\"color: #0000ff\">PANGAEA<\/span> (biblioteca de acesso aberto, destinada a arquivar, publicar e distribuir dados georreferenciados de pesquisas em sistemas terrestres)<\/a><\/p>\n<p><a href=\"https:\/\/portal.tcu.gov.br\/publicacoes-institucionais\" target=\"_blank\" rel=\"noopener\"><span style=\"color: #0000ff\">PORTAL TCU<\/span> (Tribunal de Contas da Uni\u00e3o) &#8211; Publica\u00e7\u00f5es Institucionais nos formatos de Guias, Livros, Manuais, Relat\u00f3rios de Fiscaliza\u00e7\u00e3o, Fichas-s\u00edntese dentre outros.<\/a><\/p>\n<p><a href=\"https:\/\/www.trt8.jus.br\/revista\" target=\"_blank\" rel=\"noopener\"><span style=\"color: #0000ff\">REVISTA TRT 8 <\/span>(Tribunal Regional do Trabalho da Oitava Regi\u00e3o Par\u00e1 e Amap\u00e1) &#8211; Campo do Direito, especialmente do Direito do Trabalho dividido em 4 se\u00e7\u00f5es: Doutrina, Registro, Jurisprud\u00eancia e Notici\u00e1rio. Publicada semestralmente.<\/a><\/p>\n<p><a href=\"https:\/\/zenodo.org\/\" target=\"_blank\" rel=\"noopener\"><span style=\"color: #0000ff\">ZENODO<\/span> &#8211; Reposit\u00f3rio reposit\u00f3rio de pesquisa aberto e multidisciplinar, criado pelo CERN e OpenAIRE, que permite aos pesquisadores compartilhar e preservar publica\u00e7\u00f5es, conjuntos de dados e softwares<\/a><\/p>\n<hr \/>\n<h3><strong>Livros abertos<br \/><\/strong><\/h3>\n<p><span style=\"color: #000000\">Editora da UFRRJ (EDUR)* &#8211;<\/span> <span style=\"color: #0000ff\"><a style=\"color: #0000ff\" href=\"https:\/\/editora.ufrrj.br\/portal\/shop\/\" target=\"_blank\" rel=\"noopener\">https:\/\/editora.ufrrj.br\/portal\/shop\/<\/a><\/span><\/p>\n<p><span style=\"color: #000000\">Portal de Livros Abertos da USP &#8211;<\/span> <span style=\"color: #0000ff\"><a style=\"color: #0000ff\" href=\"https:\/\/www.arcoeditores.com\/nossos-e-books\" target=\"_blank\" rel=\"noopener\">https:\/\/www.livrosabertos.abcd.usp.br\/portaldelivrosUSP\/index<\/a><\/span><\/p>\n<p><span style=\"color: #000000\">Arco Editores &#8211;<\/span> <span style=\"color: #0000ff\"><a style=\"color: #0000ff\" href=\"https:\/\/www.arcoeditores.com\/nossos-e-books\" target=\"_blank\" rel=\"noopener\">https:\/\/www.arcoeditores.com\/nossos-e-books\u00a0<\/a><\/span><\/p>\n<p><span style=\"color: #999999\"><span style=\"color: #000000\">Brazilian Text Experts: Make a Difference! &#8211;<\/span>\u00a0<span style=\"color: #0000ff\"><a style=\"color: #0000ff\" href=\"https:\/\/elfreire.com.br\/publicacoes\/\" target=\"_blank\" rel=\"noopener\">https:\/\/elfreire.com.br\/publicacoes\/<\/a><span style=\"color: #000000\"> e <span style=\"color: #0000ff\"><a style=\"color: #0000ff\" href=\"https:\/\/zenodo.org\/search?q=metadata.creators.person_or_org.name%3A%22L.%20Freire%2C%20Evandro%22&amp;l=list&amp;p=1&amp;s=10&amp;sort=bestmatch\" target=\"_blank\" rel=\"noopener\">zenodo.org<\/a><\/span><\/span><\/span><\/span><\/p>\n<p><span style=\"color: #000000\">Editora da UFF (EDUFF)* &#8211;<\/span> <span style=\"color: #0000ff\"><a style=\"color: #0000ff\" href=\"https:\/\/www.eduff.com.br\/categorias\/biblioteca-livre\" target=\"_blank\" rel=\"noopener\">https:\/\/www.eduff.com.br\/categorias\/biblioteca-livre<\/a><\/span><\/p>\n<p><span style=\"color: #999999\">* Cont\u00e9m livros pagos no cat\u00e1logo<\/span><\/p>\n\n\n<p><\/p>\n","protected":false},"excerpt":{"rendered":"<p>Amplie sua pesquisa! ARXIV (Acesso aberto a 1,602,786 impress\u00f5es eletr\u00f4nicas nas \u00e1reas de f\u00edsica, matem\u00e1tica, ci\u00eancia da computa\u00e7\u00e3o, biologia quantitativa, <a class=\"read-more\" href=\"https:\/\/institucional.ufrrj.br\/biblioteca\/exploremaisfontes\/ \">&#8230; <i class=\"fa fa-long-arrow-right\"><\/i><\/a><\/p>\n","protected":false},"author":634,"featured_media":0,"parent":0,"menu_order":0,"comment_status":"open","ping_status":"closed","template":"","meta":{"footnotes":"","_links_to":"","_links_to_target":""},"class_list":["post-23","page","type-page","status-publish","hentry"],"yoast_head":"<!-- This site is optimized with the Yoast SEO plugin v27.2 - https:\/\/yoast.com\/product\/yoast-seo-wordpress\/ -->\n<title>Explore + fontes - BIBLIOTECA CENTRAL<\/title>\n<meta name=\"robots\" content=\"index, follow, max-snippet:-1, max-image-preview:large, max-video-preview:-1\" \/>\n<link rel=\"canonical\" href=\"https:\/\/institucional.ufrrj.br\/biblioteca\/exploremaisfontes\/\" \/>\n<meta property=\"og:locale\" content=\"pt_BR\" \/>\n<meta property=\"og:type\" content=\"article\" \/>\n<meta property=\"og:title\" content=\"Explore + fontes - BIBLIOTECA CENTRAL\" \/>\n<meta property=\"og:description\" content=\"Amplie sua pesquisa! ARXIV (Acesso aberto a 1,602,786 impress\u00f5es eletr\u00f4nicas nas \u00e1reas de f\u00edsica, matem\u00e1tica, ci\u00eancia da computa\u00e7\u00e3o, biologia quantitativa, ...\" \/>\n<meta property=\"og:url\" content=\"https:\/\/institucional.ufrrj.br\/biblioteca\/exploremaisfontes\/\" \/>\n<meta property=\"og:site_name\" content=\"BIBLIOTECA CENTRAL\" \/>\n<meta property=\"article:publisher\" content=\"https:\/\/www.facebook.com\/pages\/Biblioteca-Central-UFRRJ\/169326639938700?ref=profile\" \/>\n<meta property=\"article:modified_time\" content=\"2026-01-05T19:35:53+00:00\" \/>\n<meta name=\"twitter:card\" content=\"summary_large_image\" \/>\n<meta name=\"twitter:label1\" content=\"Est. tempo de leitura\" \/>\n\t<meta name=\"twitter:data1\" content=\"2 minutos\" \/>\n<script type=\"application\/ld+json\" class=\"yoast-schema-graph\">{\"@context\":\"https:\/\/schema.org\",\"@graph\":[{\"@type\":\"WebPage\",\"@id\":\"https:\/\/institucional.ufrrj.br\/biblioteca\/exploremaisfontes\/\",\"url\":\"https:\/\/institucional.ufrrj.br\/biblioteca\/exploremaisfontes\/\",\"name\":\"Explore + fontes - BIBLIOTECA CENTRAL\",\"isPartOf\":{\"@id\":\"https:\/\/institucional.ufrrj.br\/biblioteca\/#website\"},\"datePublished\":\"2015-05-20T16:40:26+00:00\",\"dateModified\":\"2026-01-05T19:35:53+00:00\",\"breadcrumb\":{\"@id\":\"https:\/\/institucional.ufrrj.br\/biblioteca\/exploremaisfontes\/#breadcrumb\"},\"inLanguage\":\"pt-BR\",\"potentialAction\":[{\"@type\":\"ReadAction\",\"target\":[\"https:\/\/institucional.ufrrj.br\/biblioteca\/exploremaisfontes\/\"]}]},{\"@type\":\"BreadcrumbList\",\"@id\":\"https:\/\/institucional.ufrrj.br\/biblioteca\/exploremaisfontes\/#breadcrumb\",\"itemListElement\":[{\"@type\":\"ListItem\",\"position\":1,\"name\":\"In\u00edcio\",\"item\":\"https:\/\/institucional.ufrrj.br\/biblioteca\/\"},{\"@type\":\"ListItem\",\"position\":2,\"name\":\"Acesso aberto\"}]},{\"@type\":\"WebSite\",\"@id\":\"https:\/\/institucional.ufrrj.br\/biblioteca\/#website\",\"url\":\"https:\/\/institucional.ufrrj.br\/biblioteca\/\",\"name\":\"BIBLIOTECA CENTRAL\",\"description\":\"Universidade Federal Rural do Rio de Janeiro  - UFRRJ\",\"potentialAction\":[{\"@type\":\"SearchAction\",\"target\":{\"@type\":\"EntryPoint\",\"urlTemplate\":\"https:\/\/institucional.ufrrj.br\/biblioteca\/?s={search_term_string}\"},\"query-input\":{\"@type\":\"PropertyValueSpecification\",\"valueRequired\":true,\"valueName\":\"search_term_string\"}}],\"inLanguage\":\"pt-BR\"}]}<\/script>\n<!-- \/ Yoast SEO plugin. -->","yoast_head_json":{"title":"Explore + fontes - BIBLIOTECA CENTRAL","robots":{"index":"index","follow":"follow","max-snippet":"max-snippet:-1","max-image-preview":"max-image-preview:large","max-video-preview":"max-video-preview:-1"},"canonical":"https:\/\/institucional.ufrrj.br\/biblioteca\/exploremaisfontes\/","og_locale":"pt_BR","og_type":"article","og_title":"Explore + fontes - BIBLIOTECA CENTRAL","og_description":"Amplie sua pesquisa! ARXIV (Acesso aberto a 1,602,786 impress\u00f5es eletr\u00f4nicas nas \u00e1reas de f\u00edsica, matem\u00e1tica, ci\u00eancia da computa\u00e7\u00e3o, biologia quantitativa, ...","og_url":"https:\/\/institucional.ufrrj.br\/biblioteca\/exploremaisfontes\/","og_site_name":"BIBLIOTECA CENTRAL","article_publisher":"https:\/\/www.facebook.com\/pages\/Biblioteca-Central-UFRRJ\/169326639938700?ref=profile","article_modified_time":"2026-01-05T19:35:53+00:00","twitter_card":"summary_large_image","twitter_misc":{"Est. tempo de leitura":"2 minutos"},"schema":{"@context":"https:\/\/schema.org","@graph":[{"@type":"WebPage","@id":"https:\/\/institucional.ufrrj.br\/biblioteca\/exploremaisfontes\/","url":"https:\/\/institucional.ufrrj.br\/biblioteca\/exploremaisfontes\/","name":"Explore + fontes - BIBLIOTECA CENTRAL","isPartOf":{"@id":"https:\/\/institucional.ufrrj.br\/biblioteca\/#website"},"datePublished":"2015-05-20T16:40:26+00:00","dateModified":"2026-01-05T19:35:53+00:00","breadcrumb":{"@id":"https:\/\/institucional.ufrrj.br\/biblioteca\/exploremaisfontes\/#breadcrumb"},"inLanguage":"pt-BR","potentialAction":[{"@type":"ReadAction","target":["https:\/\/institucional.ufrrj.br\/biblioteca\/exploremaisfontes\/"]}]},{"@type":"BreadcrumbList","@id":"https:\/\/institucional.ufrrj.br\/biblioteca\/exploremaisfontes\/#breadcrumb","itemListElement":[{"@type":"ListItem","position":1,"name":"In\u00edcio","item":"https:\/\/institucional.ufrrj.br\/biblioteca\/"},{"@type":"ListItem","position":2,"name":"Acesso aberto"}]},{"@type":"WebSite","@id":"https:\/\/institucional.ufrrj.br\/biblioteca\/#website","url":"https:\/\/institucional.ufrrj.br\/biblioteca\/","name":"BIBLIOTECA CENTRAL","description":"Universidade Federal Rural do Rio de Janeiro  - UFRRJ","potentialAction":[{"@type":"SearchAction","target":{"@type":"EntryPoint","urlTemplate":"https:\/\/institucional.ufrrj.br\/biblioteca\/?s={search_term_string}"},"query-input":{"@type":"PropertyValueSpecification","valueRequired":true,"valueName":"search_term_string"}}],"inLanguage":"pt-BR"}]}},"_links":{"self":[{"href":"https:\/\/institucional.ufrrj.br\/biblioteca\/wp-json\/wp\/v2\/pages\/23","targetHints":{"allow":["GET"]}}],"collection":[{"href":"https:\/\/institucional.ufrrj.br\/biblioteca\/wp-json\/wp\/v2\/pages"}],"about":[{"href":"https:\/\/institucional.ufrrj.br\/biblioteca\/wp-json\/wp\/v2\/types\/page"}],"author":[{"embeddable":true,"href":"https:\/\/institucional.ufrrj.br\/biblioteca\/wp-json\/wp\/v2\/users\/634"}],"replies":[{"embeddable":true,"href":"https:\/\/institucional.ufrrj.br\/biblioteca\/wp-json\/wp\/v2\/comments?post=23"}],"version-history":[{"count":2,"href":"https:\/\/institucional.ufrrj.br\/biblioteca\/wp-json\/wp\/v2\/pages\/23\/revisions"}],"predecessor-version":[{"id":3318,"href":"https:\/\/institucional.ufrrj.br\/biblioteca\/wp-json\/wp\/v2\/pages\/23\/revisions\/3318"}],"wp:attachment":[{"href":"https:\/\/institucional.ufrrj.br\/biblioteca\/wp-json\/wp\/v2\/media?parent=23"}],"curies":[{"name":"wp","href":"https:\/\/api.w.org\/{rel}","templated":true}]}}