{"id":2780,"date":"2021-05-19T21:00:28","date_gmt":"2021-05-20T00:00:28","guid":{"rendered":"http:\/\/institucional.ufrrj.br\/ajudasig\/?page_id=2780"},"modified":"2021-05-19T21:08:16","modified_gmt":"2021-05-20T00:08:16","slug":"governo-digital","status":"publish","type":"page","link":"https:\/\/institucional.ufrrj.br\/ajudasig\/governo-digital\/","title":{"rendered":"Governo Digital"},"content":{"rendered":"<h4>O que \u00e9<\/h4>\n<p>Transforma\u00e7\u00e3o digital no governo significa oferecer um servi\u00e7o p\u00fablico de qualidade, com menos gasto de tempo e dinheiro por parte do cidad\u00e3o, para melhorar a vida daqueles que vivem e trabalham no pa\u00eds.<\/p>\n<p>O potencial da transforma\u00e7\u00e3o digital no setor p\u00fablico \u00e9 enorme. Com a automa\u00e7\u00e3o de servi\u00e7os, o pa\u00eds reduzir\u00e1 substancialmente as suas despesas anuais. Mas, al\u00e9m disso, quando entregamos um servi\u00e7o digital, que antes era presencial e carregado de burocracia, tamb\u00e9m nos transformamos. Isso porque tornamos a vida do cidad\u00e3o mais f\u00e1cil, monitoramos melhor a oferta desses servi\u00e7os e suas melhorias, e tornamos mais direta e transparente a rela\u00e7\u00e3o do Estado com os brasileiros.<\/p>\n<p>A tecnologia d\u00e1 essa agilidade e otimiza\u00e7\u00e3o.<\/p>\n<p>Imagine como o cidad\u00e3o se sente quando fica sabendo que n\u00e3o vai precisar se deslocar, comparecer em ag\u00eancias, balc\u00f5es, enfrentar filas ou carregar papel para obter um servi\u00e7o?<\/p>\n<p>\u00c9 isso que a transforma\u00e7\u00e3o digital significa: usarmos a tecnologia no setor p\u00fablico, mas sem deixarmos de lado os benef\u00edcios e o impacto que as nossas decis\u00f5es ter\u00e3o na vida das pessoas.<\/p>\n<p>Fonte: <a href=\"https:\/\/www.gov.br\/governodigital\/pt-br\/transformacao-digital\/o-que-e\" target=\"_blank\" rel=\"noopener noreferrer\">https:\/\/www.gov.br\/governodigital\/pt-br\/transformacao-digital\/o-que-e<\/a><\/p>\n<p>Saiba mais sobre governo digital acessando a <a href=\"http:\/\/www.planalto.gov.br\/ccivil_03\/_ato2019-2022\/2021\/lei\/L14129.htm\" target=\"_blank\" rel=\"noopener noreferrer\">Lei 14.129 de 29 de Mar\u00e7o de 2021<\/a><\/p>\n<p>&nbsp;<\/p>\n<p>&nbsp;<\/p>\n","protected":false},"excerpt":{"rendered":"<p>O que \u00e9 Transforma\u00e7\u00e3o digital no governo significa oferecer um servi\u00e7o p\u00fablico de qualidade, com menos gasto de tempo e <a class=\"read-more\" href=\"https:\/\/institucional.ufrrj.br\/ajudasig\/governo-digital\/ \" >&#8230; <span class=\"font-italic\">leia mais <i class=\"fas fa-angle-right\"><\/i><\/span><\/a><\/p>\n","protected":false},"author":751,"featured_media":0,"parent":0,"menu_order":0,"comment_status":"closed","ping_status":"closed","template":"","meta":{"_exactmetrics_skip_tracking":false,"_exactmetrics_sitenote_active":false,"_exactmetrics_sitenote_note":"","_exactmetrics_sitenote_category":0,"footnotes":""},"class_list":["post-2780","page","type-page","status-publish","hentry"],"yoast_head":"<!-- This site is optimized with the Yoast SEO plugin v27.2 - https:\/\/yoast.com\/product\/yoast-seo-wordpress\/ -->\n<title>Governo Digital - AJUDA SIG - COTIC<\/title>\n<meta name=\"robots\" content=\"index, follow, max-snippet:-1, max-image-preview:large, max-video-preview:-1\" \/>\n<link rel=\"canonical\" href=\"https:\/\/institucional.ufrrj.br\/ajudasig\/governo-digital\/\" \/>\n<meta property=\"og:locale\" content=\"pt_BR\" \/>\n<meta property=\"og:type\" content=\"article\" \/>\n<meta property=\"og:title\" content=\"Governo Digital - AJUDA SIG - COTIC\" \/>\n<meta property=\"og:description\" content=\"O que \u00e9 Transforma\u00e7\u00e3o digital no governo significa oferecer um servi\u00e7o p\u00fablico de qualidade, com menos gasto de tempo e ... leia mais\" \/>\n<meta property=\"og:url\" content=\"https:\/\/institucional.ufrrj.br\/ajudasig\/governo-digital\/\" \/>\n<meta property=\"og:site_name\" content=\"AJUDA SIG - COTIC\" \/>\n<meta property=\"article:modified_time\" content=\"2021-05-20T00:08:16+00:00\" \/>\n<meta name=\"twitter:card\" content=\"summary_large_image\" \/>\n<meta name=\"twitter:label1\" content=\"Est. tempo de leitura\" \/>\n\t<meta name=\"twitter:data1\" content=\"1 minuto\" \/>\n<script type=\"application\/ld+json\" class=\"yoast-schema-graph\">{\"@context\":\"https:\/\/schema.org\",\"@graph\":[{\"@type\":\"WebPage\",\"@id\":\"https:\/\/institucional.ufrrj.br\/ajudasig\/governo-digital\/\",\"url\":\"https:\/\/institucional.ufrrj.br\/ajudasig\/governo-digital\/\",\"name\":\"Governo Digital - AJUDA SIG - COTIC\",\"isPartOf\":{\"@id\":\"https:\/\/institucional.ufrrj.br\/ajudasig\/#website\"},\"datePublished\":\"2021-05-20T00:00:28+00:00\",\"dateModified\":\"2021-05-20T00:08:16+00:00\",\"breadcrumb\":{\"@id\":\"https:\/\/institucional.ufrrj.br\/ajudasig\/governo-digital\/#breadcrumb\"},\"inLanguage\":\"pt-BR\",\"potentialAction\":[{\"@type\":\"ReadAction\",\"target\":[\"https:\/\/institucional.ufrrj.br\/ajudasig\/governo-digital\/\"]}]},{\"@type\":\"BreadcrumbList\",\"@id\":\"https:\/\/institucional.ufrrj.br\/ajudasig\/governo-digital\/#breadcrumb\",\"itemListElement\":[{\"@type\":\"ListItem\",\"position\":1,\"name\":\"In\u00edcio\",\"item\":\"https:\/\/institucional.ufrrj.br\/ajudasig\/\"},{\"@type\":\"ListItem\",\"position\":2,\"name\":\"Governo Digital\"}]},{\"@type\":\"WebSite\",\"@id\":\"https:\/\/institucional.ufrrj.br\/ajudasig\/#website\",\"url\":\"https:\/\/institucional.ufrrj.br\/ajudasig\/\",\"name\":\"AJUDA SIG - COTIC\",\"description\":\"Equipe Ajuda SIG - COTIC\",\"potentialAction\":[{\"@type\":\"SearchAction\",\"target\":{\"@type\":\"EntryPoint\",\"urlTemplate\":\"https:\/\/institucional.ufrrj.br\/ajudasig\/?s={search_term_string}\"},\"query-input\":{\"@type\":\"PropertyValueSpecification\",\"valueRequired\":true,\"valueName\":\"search_term_string\"}}],\"inLanguage\":\"pt-BR\"}]}<\/script>\n<!-- \/ Yoast SEO plugin. -->","yoast_head_json":{"title":"Governo Digital - AJUDA SIG - COTIC","robots":{"index":"index","follow":"follow","max-snippet":"max-snippet:-1","max-image-preview":"max-image-preview:large","max-video-preview":"max-video-preview:-1"},"canonical":"https:\/\/institucional.ufrrj.br\/ajudasig\/governo-digital\/","og_locale":"pt_BR","og_type":"article","og_title":"Governo Digital - AJUDA SIG - COTIC","og_description":"O que \u00e9 Transforma\u00e7\u00e3o digital no governo significa oferecer um servi\u00e7o p\u00fablico de qualidade, com menos gasto de tempo e ... leia mais","og_url":"https:\/\/institucional.ufrrj.br\/ajudasig\/governo-digital\/","og_site_name":"AJUDA SIG - COTIC","article_modified_time":"2021-05-20T00:08:16+00:00","twitter_card":"summary_large_image","twitter_misc":{"Est. tempo de leitura":"1 minuto"},"schema":{"@context":"https:\/\/schema.org","@graph":[{"@type":"WebPage","@id":"https:\/\/institucional.ufrrj.br\/ajudasig\/governo-digital\/","url":"https:\/\/institucional.ufrrj.br\/ajudasig\/governo-digital\/","name":"Governo Digital - AJUDA SIG - COTIC","isPartOf":{"@id":"https:\/\/institucional.ufrrj.br\/ajudasig\/#website"},"datePublished":"2021-05-20T00:00:28+00:00","dateModified":"2021-05-20T00:08:16+00:00","breadcrumb":{"@id":"https:\/\/institucional.ufrrj.br\/ajudasig\/governo-digital\/#breadcrumb"},"inLanguage":"pt-BR","potentialAction":[{"@type":"ReadAction","target":["https:\/\/institucional.ufrrj.br\/ajudasig\/governo-digital\/"]}]},{"@type":"BreadcrumbList","@id":"https:\/\/institucional.ufrrj.br\/ajudasig\/governo-digital\/#breadcrumb","itemListElement":[{"@type":"ListItem","position":1,"name":"In\u00edcio","item":"https:\/\/institucional.ufrrj.br\/ajudasig\/"},{"@type":"ListItem","position":2,"name":"Governo Digital"}]},{"@type":"WebSite","@id":"https:\/\/institucional.ufrrj.br\/ajudasig\/#website","url":"https:\/\/institucional.ufrrj.br\/ajudasig\/","name":"AJUDA SIG - COTIC","description":"Equipe Ajuda SIG - COTIC","potentialAction":[{"@type":"SearchAction","target":{"@type":"EntryPoint","urlTemplate":"https:\/\/institucional.ufrrj.br\/ajudasig\/?s={search_term_string}"},"query-input":{"@type":"PropertyValueSpecification","valueRequired":true,"valueName":"search_term_string"}}],"inLanguage":"pt-BR"}]}},"_links":{"self":[{"href":"https:\/\/institucional.ufrrj.br\/ajudasig\/wp-json\/wp\/v2\/pages\/2780","targetHints":{"allow":["GET"]}}],"collection":[{"href":"https:\/\/institucional.ufrrj.br\/ajudasig\/wp-json\/wp\/v2\/pages"}],"about":[{"href":"https:\/\/institucional.ufrrj.br\/ajudasig\/wp-json\/wp\/v2\/types\/page"}],"author":[{"embeddable":true,"href":"https:\/\/institucional.ufrrj.br\/ajudasig\/wp-json\/wp\/v2\/users\/751"}],"replies":[{"embeddable":true,"href":"https:\/\/institucional.ufrrj.br\/ajudasig\/wp-json\/wp\/v2\/comments?post=2780"}],"version-history":[{"count":5,"href":"https:\/\/institucional.ufrrj.br\/ajudasig\/wp-json\/wp\/v2\/pages\/2780\/revisions"}],"predecessor-version":[{"id":2785,"href":"https:\/\/institucional.ufrrj.br\/ajudasig\/wp-json\/wp\/v2\/pages\/2780\/revisions\/2785"}],"wp:attachment":[{"href":"https:\/\/institucional.ufrrj.br\/ajudasig\/wp-json\/wp\/v2\/media?parent=2780"}],"curies":[{"name":"wp","href":"https:\/\/api.w.org\/{rel}","templated":true}]}}