{"id":264,"date":"2019-10-24T09:48:00","date_gmt":"2019-10-24T12:48:00","guid":{"rendered":"http:\/\/institucional.ufrrj.br\/ajudasig\/?page_id=264"},"modified":"2019-11-25T14:56:44","modified_gmt":"2019-11-25T17:56:44","slug":"sipac","status":"publish","type":"page","link":"https:\/\/institucional.ufrrj.br\/ajudasig\/faq\/sipac\/","title":{"rendered":"FAQ &#8211; SIPAC"},"content":{"rendered":"<p>Assuntos categorizados por m\u00f3dulos do SIPAC:<\/p>\n<p><a href=\"#mesa_virtual\">Portal Administrativo &#8211; Mesa Virtual<\/a><\/p>\n<p>&nbsp;<\/p>\n<h3 id=\"mesa_virtual\">Mesa Virtual<\/h3>\n<p>&nbsp;<\/p>\n<p><strong>1- Como posso alternar a visualiza\u00e7\u00e3o de processos digitais e f\u00edsicos?<\/strong><\/p>\n<p>R- Dentro da Mesa Virtual, habilite ou desabilite o filtro &#8220;eletr\u00f4nicos&#8221;.<\/p>\n<p>&nbsp;<\/p>\n<p><strong>2- N\u00e3o consigo utilizar a op\u00e7\u00e3o &#8220;Cadastrar Fluxo de Processos&#8221;, por qu\u00ea?<\/strong><\/p>\n<p>R- Essa op\u00e7\u00e3o est\u00e1 desabilitada atualmente e ser\u00e1 habilitada futuramente.<\/p>\n<p>&nbsp;<\/p>\n<p><strong>3- N\u00e3o consigo alterar\/cancelar um encaminhamento de um documento, por qu\u00ea?<\/strong><\/p>\n<p>R- Apenas ser\u00e1 poss\u00edvel alterar ou cancelar o encaminhamento de <strong>Documentos<\/strong> com \u00faltima movimenta\u00e7\u00e3o de envio pertencente<\/p>\n<p>\u00e0 sua unidade (ou unidades\/centros de custo vinculados) e que ainda n\u00e3o foram recebidos pelo destino.<\/p>\n<p>&nbsp;<\/p>\n<p><strong>4- N\u00e3o consigo alterar\/cancelar um encaminhamento de um processo, por qu\u00ea?<\/strong><\/p>\n<p>R- Apenas ser\u00e1 poss\u00edvel alterar ou cancelar o encaminhamento de <strong>Processos <\/strong>enviados e ainda n\u00e3o foram recebidos pela unidade de destino.<\/p>\n<p>&nbsp;<\/p>\n<p><strong>5- Como realizar a retirada de um documento anexado a um processo?<\/strong><\/p>\n<p>R- O procedimento a ser utilizado \u00e9 o desentranhamento e pode ser realizado atrav\u00e9s do caminho:<\/p>\n<p>Processos &gt;&gt;&gt; Retirada de Pe\u00e7as &gt;&gt;&gt; Desentranhamento<\/p>\n<p><span style=\"color: #ff0000\">Obs: Esse procedimento somente pode ser realizado por usu\u00e1rios com designa\u00e7\u00e3o de chefia.<\/span><\/p>\n<p>&nbsp;<\/p>\n<p><strong>6- Como funciona o cadastro de documentos na Mesa Virtual?<\/strong><\/p>\n<p>R- Para cadastrar um documento dentro da Mesa Virtual siga o caminho:<\/p>\n<p>Documentos &gt;&gt;&gt; Cadastrar Documentos<\/p>\n<p>Essa op\u00e7\u00e3o\u00a0 permite o registro de documento avulso na institui\u00e7\u00e3o, isto \u00e9, informa\u00e7\u00e3o que n\u00e3o demanda reuni\u00e3o e ordena\u00e7\u00e3o em processo.<\/p>\n<p>&nbsp;<\/p>\n<p><strong>7- Como gerenciar as permiss\u00f5es de acesso aos processos e documentos restritos em uma determinada unidade?<\/strong><\/p>\n<p>R- O acesso aos processos e documentos restritos de uma unidade pode ser gerenciado atrav\u00e9s do seguinte caminho:<\/p>\n<p>Processos &gt;&gt;&gt; Gerenciar Acesso Restrito na Unidade<\/p>\n<p><span style=\"color: #ff0000\">Obs: Esse procedimento somente pode ser realizado por usu\u00e1rios com designa\u00e7\u00e3o de chefia.<\/span><\/p>\n<p>&nbsp;<\/p>\n<p><strong>8- N\u00e3o estou conseguindo adicionar anexos aos meus documentos pela Mesa Virtual.<\/strong><\/p>\n<p>R- Para documentos digitais, o sistema s\u00f3 permite o anexo de arquivos cujo formato seja adotado pelo ePING &#8211; Padr\u00f5es de Interoperabilidade de Governo Eletr\u00f4nico.<\/p>\n<p>&nbsp;<\/p>\n<p><strong>9- Como consigo criar um Modelo de documento para ser utilizado posteriormente pela minha unidade?<\/strong><\/p>\n<p>R- Para cadastrar um Modelo de Documento dentro da Mesa Virtual siga o caminho:<\/p>\n<p>Documentos &gt;&gt;&gt; Modelo de Documento &gt;&gt;&gt; Cadastrar Novo Modelo<\/p>\n<p>Esse modelo criado estar\u00e1 dispon\u00edvel atrav\u00e9s da op\u00e7\u00e3o &#8220;Cadastrar Modelo Unidade&#8221; durante o processo de cria\u00e7\u00e3o de um novo documento.<\/p>\n<p>&nbsp;<\/p>\n<p><strong>10-\u00a0 O que significa o campo &#8220;Tipo de Documento&#8221; durante o processo de cria\u00e7\u00e3o de um novo documento?<\/strong><\/p>\n<p>R- Os &#8220;Tipos de Documentos&#8221; s\u00e3o categoriza\u00e7\u00f5es documentais criadas previamente e inclu\u00eddas no sistema.<\/p>\n<p>Para maiores informa\u00e7\u00f5es, orientamos que entre em contato com o Setor de Protocolo da Universidade.<\/p>\n<p>&nbsp;<\/p>\n<p><strong>11-\u00a0 O que significa o campo &#8220;Assunto do Documento&#8221; durante o processo de cria\u00e7\u00e3o de um novo documento?<\/strong><\/p>\n<p>R- Os documentos avulsos da institui\u00e7\u00e3o devem ser classificados quanto ao seu assunto abordado, indicado pelo campo Assunto do Documento.<\/p>\n<p>Os assuntos t\u00eam como base as tabelas da classifica\u00e7\u00e3o CONARQ (Conselho Nacional de Arquivos).<\/p>\n<p>Para maiores informa\u00e7\u00f5es, orientamos que entre em contato com o Setor de Protocolo da Universidade.<\/p>\n<p>&nbsp;<\/p>\n<p><strong>12- Como funciona a op\u00e7\u00e3o &#8220;Ci\u00eancia de Processos&#8221;?<\/strong><\/p>\n<p>R- A op\u00e7\u00e3o ci\u00eancia de processos permite cadastrar qualquer usu\u00e1rio existente na plataforma SIG para que declare ter conhecimento de determinado processo.<\/p>\n<p>Dentro das op\u00e7\u00f5es tamb\u00e9m \u00e9 poss\u00edvel permitir que o usu\u00e1rio em quest\u00e3o tenha acesso aos documentos restritos do processo e\/ou adicione novos documentos ao processo.<\/p>\n<p><span style=\"color: #ff0000\">Obs: As op\u00e7\u00f5es de habilitar o acesso a documentos restritos\u00a0 ou adicionar novos documentos ao processo somente podem ser habilitadas por usu\u00e1rios com os perfis de Chefe, Vice-Chefe ou Secret\u00e1rio.<\/span><\/p>\n<p>&nbsp;<\/p>\n<p><strong>13- Como funciona a op\u00e7\u00e3o &#8220;Grupo de Assinantes&#8221;?<\/strong><\/p>\n<p>R- Para cadastrar um Grupo de Assinantes dentro da Mesa Virtual siga o caminho:<\/p>\n<p>Documentos &gt;&gt;&gt; Cadastrar\/Alterar Grupo de Assinantes &gt;&gt;&gt; Cadastrar Novo Grupo de Assinantes<\/p>\n<p>A op\u00e7\u00e3o &#8220;Grupo de Assinantes&#8221; permite selecionar um determinado n\u00famero de pessoas e adicion\u00e1-las a<\/p>\n<p>um grupo espec\u00edfico de assinantes de documentos, permitindo que posteriormente esse grupo seja<\/p>\n<p>selecionando ou inv\u00e9s de incluir os assinantes um por um.<\/p>\n<p>&nbsp;<\/p>\n<p><strong>14- Como funciona a op\u00e7\u00e3o &#8220;Grupo de Trabalho&#8221;?<\/strong><\/p>\n<p>R- A op\u00e7\u00e3o &#8220;Grupo de Trabalho&#8221; permite a coopera\u00e7\u00e3o entre membros da mesma unidade ou de diferentes unidades no que tange a<\/p>\n<p>manipula\u00e7\u00e3o de processos dentro do SIPAC.<\/p>\n<p>A op\u00e7\u00e3o &#8220;Grupo de Trabalho&#8221; ir\u00e1 aparecer na caixa de sele\u00e7\u00e3o localizado no canto superior esquerdo dentro da Mesa Virtual.<\/p>\n<p><span style=\"color: #ff0000\">Obs: No que tange a cria\u00e7\u00e3o de Grupos de Trabalho, somente usu\u00e1rios com designa\u00e7\u00e3o de chefia poder\u00e3o cri\u00e1-los.<\/span><\/p>\n<p>&nbsp;<\/p>\n<p>&nbsp;<\/p>\n","protected":false},"excerpt":{"rendered":"<p>Assuntos categorizados por m\u00f3dulos do SIPAC: Portal Administrativo &#8211; Mesa Virtual &nbsp; Mesa Virtual &nbsp; 1- Como posso alternar a <a class=\"read-more\" href=\"https:\/\/institucional.ufrrj.br\/ajudasig\/faq\/sipac\/ \" >&#8230; <span class=\"font-italic\">leia mais <i class=\"fas fa-angle-right\"><\/i><\/span><\/a><\/p>\n","protected":false},"author":751,"featured_media":0,"parent":90,"menu_order":0,"comment_status":"closed","ping_status":"closed","template":"","meta":{"_exactmetrics_skip_tracking":false,"_exactmetrics_sitenote_active":false,"_exactmetrics_sitenote_note":"","_exactmetrics_sitenote_category":0,"footnotes":""},"class_list":["post-264","page","type-page","status-publish","hentry"],"yoast_head":"<!-- This site is optimized with the Yoast SEO plugin v27.2 - https:\/\/yoast.com\/product\/yoast-seo-wordpress\/ -->\n<title>FAQ - SIPAC - AJUDA SIG - COTIC<\/title>\n<meta name=\"robots\" content=\"index, follow, max-snippet:-1, max-image-preview:large, max-video-preview:-1\" \/>\n<link rel=\"canonical\" href=\"https:\/\/institucional.ufrrj.br\/ajudasig\/faq\/sipac\/\" \/>\n<meta property=\"og:locale\" content=\"pt_BR\" \/>\n<meta property=\"og:type\" content=\"article\" \/>\n<meta property=\"og:title\" content=\"FAQ - SIPAC - AJUDA SIG - COTIC\" \/>\n<meta property=\"og:description\" content=\"Assuntos categorizados por m\u00f3dulos do SIPAC: Portal Administrativo &#8211; Mesa Virtual &nbsp; Mesa Virtual &nbsp; 1- Como posso alternar a ... leia mais\" \/>\n<meta property=\"og:url\" content=\"https:\/\/institucional.ufrrj.br\/ajudasig\/faq\/sipac\/\" \/>\n<meta property=\"og:site_name\" content=\"AJUDA SIG - COTIC\" \/>\n<meta property=\"article:modified_time\" content=\"2019-11-25T17:56:44+00:00\" \/>\n<meta name=\"twitter:card\" content=\"summary_large_image\" \/>\n<meta name=\"twitter:label1\" content=\"Est. tempo de leitura\" \/>\n\t<meta name=\"twitter:data1\" content=\"4 minutos\" \/>\n<script type=\"application\/ld+json\" class=\"yoast-schema-graph\">{\"@context\":\"https:\/\/schema.org\",\"@graph\":[{\"@type\":\"WebPage\",\"@id\":\"https:\/\/institucional.ufrrj.br\/ajudasig\/faq\/sipac\/\",\"url\":\"https:\/\/institucional.ufrrj.br\/ajudasig\/faq\/sipac\/\",\"name\":\"FAQ - SIPAC - AJUDA SIG - COTIC\",\"isPartOf\":{\"@id\":\"https:\/\/institucional.ufrrj.br\/ajudasig\/#website\"},\"datePublished\":\"2019-10-24T12:48:00+00:00\",\"dateModified\":\"2019-11-25T17:56:44+00:00\",\"breadcrumb\":{\"@id\":\"https:\/\/institucional.ufrrj.br\/ajudasig\/faq\/sipac\/#breadcrumb\"},\"inLanguage\":\"pt-BR\",\"potentialAction\":[{\"@type\":\"ReadAction\",\"target\":[\"https:\/\/institucional.ufrrj.br\/ajudasig\/faq\/sipac\/\"]}]},{\"@type\":\"BreadcrumbList\",\"@id\":\"https:\/\/institucional.ufrrj.br\/ajudasig\/faq\/sipac\/#breadcrumb\",\"itemListElement\":[{\"@type\":\"ListItem\",\"position\":1,\"name\":\"In\u00edcio\",\"item\":\"https:\/\/institucional.ufrrj.br\/ajudasig\/\"},{\"@type\":\"ListItem\",\"position\":2,\"name\":\"FAQ\",\"item\":\"https:\/\/institucional.ufrrj.br\/ajudasig\/faq\/\"},{\"@type\":\"ListItem\",\"position\":3,\"name\":\"FAQ &#8211; SIPAC\"}]},{\"@type\":\"WebSite\",\"@id\":\"https:\/\/institucional.ufrrj.br\/ajudasig\/#website\",\"url\":\"https:\/\/institucional.ufrrj.br\/ajudasig\/\",\"name\":\"AJUDA SIG - COTIC\",\"description\":\"Equipe Ajuda SIG - COTIC\",\"potentialAction\":[{\"@type\":\"SearchAction\",\"target\":{\"@type\":\"EntryPoint\",\"urlTemplate\":\"https:\/\/institucional.ufrrj.br\/ajudasig\/?s={search_term_string}\"},\"query-input\":{\"@type\":\"PropertyValueSpecification\",\"valueRequired\":true,\"valueName\":\"search_term_string\"}}],\"inLanguage\":\"pt-BR\"}]}<\/script>\n<!-- \/ Yoast SEO plugin. -->","yoast_head_json":{"title":"FAQ - SIPAC - AJUDA SIG - COTIC","robots":{"index":"index","follow":"follow","max-snippet":"max-snippet:-1","max-image-preview":"max-image-preview:large","max-video-preview":"max-video-preview:-1"},"canonical":"https:\/\/institucional.ufrrj.br\/ajudasig\/faq\/sipac\/","og_locale":"pt_BR","og_type":"article","og_title":"FAQ - SIPAC - AJUDA SIG - COTIC","og_description":"Assuntos categorizados por m\u00f3dulos do SIPAC: Portal Administrativo &#8211; Mesa Virtual &nbsp; Mesa Virtual &nbsp; 1- Como posso alternar a ... leia mais","og_url":"https:\/\/institucional.ufrrj.br\/ajudasig\/faq\/sipac\/","og_site_name":"AJUDA SIG - COTIC","article_modified_time":"2019-11-25T17:56:44+00:00","twitter_card":"summary_large_image","twitter_misc":{"Est. tempo de leitura":"4 minutos"},"schema":{"@context":"https:\/\/schema.org","@graph":[{"@type":"WebPage","@id":"https:\/\/institucional.ufrrj.br\/ajudasig\/faq\/sipac\/","url":"https:\/\/institucional.ufrrj.br\/ajudasig\/faq\/sipac\/","name":"FAQ - SIPAC - AJUDA SIG - COTIC","isPartOf":{"@id":"https:\/\/institucional.ufrrj.br\/ajudasig\/#website"},"datePublished":"2019-10-24T12:48:00+00:00","dateModified":"2019-11-25T17:56:44+00:00","breadcrumb":{"@id":"https:\/\/institucional.ufrrj.br\/ajudasig\/faq\/sipac\/#breadcrumb"},"inLanguage":"pt-BR","potentialAction":[{"@type":"ReadAction","target":["https:\/\/institucional.ufrrj.br\/ajudasig\/faq\/sipac\/"]}]},{"@type":"BreadcrumbList","@id":"https:\/\/institucional.ufrrj.br\/ajudasig\/faq\/sipac\/#breadcrumb","itemListElement":[{"@type":"ListItem","position":1,"name":"In\u00edcio","item":"https:\/\/institucional.ufrrj.br\/ajudasig\/"},{"@type":"ListItem","position":2,"name":"FAQ","item":"https:\/\/institucional.ufrrj.br\/ajudasig\/faq\/"},{"@type":"ListItem","position":3,"name":"FAQ &#8211; SIPAC"}]},{"@type":"WebSite","@id":"https:\/\/institucional.ufrrj.br\/ajudasig\/#website","url":"https:\/\/institucional.ufrrj.br\/ajudasig\/","name":"AJUDA SIG - COTIC","description":"Equipe Ajuda SIG - COTIC","potentialAction":[{"@type":"SearchAction","target":{"@type":"EntryPoint","urlTemplate":"https:\/\/institucional.ufrrj.br\/ajudasig\/?s={search_term_string}"},"query-input":{"@type":"PropertyValueSpecification","valueRequired":true,"valueName":"search_term_string"}}],"inLanguage":"pt-BR"}]}},"_links":{"self":[{"href":"https:\/\/institucional.ufrrj.br\/ajudasig\/wp-json\/wp\/v2\/pages\/264","targetHints":{"allow":["GET"]}}],"collection":[{"href":"https:\/\/institucional.ufrrj.br\/ajudasig\/wp-json\/wp\/v2\/pages"}],"about":[{"href":"https:\/\/institucional.ufrrj.br\/ajudasig\/wp-json\/wp\/v2\/types\/page"}],"author":[{"embeddable":true,"href":"https:\/\/institucional.ufrrj.br\/ajudasig\/wp-json\/wp\/v2\/users\/751"}],"replies":[{"embeddable":true,"href":"https:\/\/institucional.ufrrj.br\/ajudasig\/wp-json\/wp\/v2\/comments?post=264"}],"version-history":[{"count":29,"href":"https:\/\/institucional.ufrrj.br\/ajudasig\/wp-json\/wp\/v2\/pages\/264\/revisions"}],"predecessor-version":[{"id":378,"href":"https:\/\/institucional.ufrrj.br\/ajudasig\/wp-json\/wp\/v2\/pages\/264\/revisions\/378"}],"up":[{"embeddable":true,"href":"https:\/\/institucional.ufrrj.br\/ajudasig\/wp-json\/wp\/v2\/pages\/90"}],"wp:attachment":[{"href":"https:\/\/institucional.ufrrj.br\/ajudasig\/wp-json\/wp\/v2\/media?parent=264"}],"curies":[{"name":"wp","href":"https:\/\/api.w.org\/{rel}","templated":true}]}}