{"id":13840,"date":"2019-05-02T12:04:12","date_gmt":"2019-05-02T15:04:12","guid":{"rendered":"http:\/\/institucional.ufrrj.br\/agroecologia\/?page_id=13840"},"modified":"2021-04-29T16:14:18","modified_gmt":"2021-04-29T19:14:18","slug":"campus-nova-iguacu","status":"publish","type":"page","link":"https:\/\/institucional.ufrrj.br\/agroecologia\/feira\/campus-nova-iguacu\/","title":{"rendered":"Campus Nova Igua\u00e7u"},"content":{"rendered":"<p><img loading=\"lazy\" decoding=\"async\" class=\"alignnone wp-image-14546 size-large\" src=\"https:\/\/institucional.ufrrj.br\/agroecologia\/files\/2019\/11\/NovaIgua\u00e7u_Prancheta-1-1024x393.png\" alt=\"\" width=\"1024\" height=\"393\" srcset=\"https:\/\/institucional.ufrrj.br\/agroecologia\/files\/2019\/11\/NovaIgua\u00e7u_Prancheta-1-1024x393.png 1024w, https:\/\/institucional.ufrrj.br\/agroecologia\/files\/2019\/11\/NovaIgua\u00e7u_Prancheta-1-300x115.png 300w, https:\/\/institucional.ufrrj.br\/agroecologia\/files\/2019\/11\/NovaIgua\u00e7u_Prancheta-1-768x294.png 768w\" sizes=\"auto, (max-width: 1024px) 100vw, 1024px\" \/><\/p>\n<p>A Feira da Agricultura Familiar no Campus Nova Igua\u00e7u (FAF Nova Igua\u00e7u) foi inaugurada no dia 13 de Mar\u00e7o de 2018 e ocorre semanalmente \u00e0s ter\u00e7as-feiras, de 10h \u00e0s 15h, em frente ao Restaurante Universit\u00e1rio.<\/p>\n<p>Devido a pandemia de covid-19, a Feira\u00a0 n\u00e3o est\u00e1 sendo realizada presencialmente em Nova Igua\u00e7u. Como alternativa, clientes podem acessar o site da <strong><a href=\"https:\/\/www.fafrural.com.br\/\">Cesta<\/a><\/strong> e fazer seu pedido! O produtor Edson est\u00e1 fazendo as entregas semanalmente, \u00e0s quartas-feiras na Rural de Nova Igua\u00e7u.<\/p>\n<p><img loading=\"lazy\" decoding=\"async\" class=\"alignnone size-large wp-image-14492\" src=\"https:\/\/institucional.ufrrj.br\/agroecologia\/files\/2019\/11\/aaaa-1024x198.png\" alt=\"\" width=\"1024\" height=\"198\" srcset=\"https:\/\/institucional.ufrrj.br\/agroecologia\/files\/2019\/11\/aaaa-1024x198.png 1024w, https:\/\/institucional.ufrrj.br\/agroecologia\/files\/2019\/11\/aaaa-300x58.png 300w, https:\/\/institucional.ufrrj.br\/agroecologia\/files\/2019\/11\/aaaa-768x149.png 768w, https:\/\/institucional.ufrrj.br\/agroecologia\/files\/2019\/11\/aaaa.png 1280w\" sizes=\"auto, (max-width: 1024px) 100vw, 1024px\" \/><\/p>\n<p>Fazem parte da FAF Nova Igua\u00e7u, agricultores org\u00e2nicos e agroecol\u00f3gicos de Serop\u00e9dica, Duque de Caxias, Japeri, Mesquita, Campo Alegre, Queimados e Paracambi.<\/p>\n<p>Os principais produtos comercializados s\u00e3o aipim, abacate, ab\u00f3bora, banana, laranja, lim\u00e3o, quiabo, mel, ovos e queijo. Al\u00e9m de processados como batata chips, amendoim, cocada, doces de frutas, polpas de frutas e geleias. Na linha de higiene e beleza h\u00e1 sabonetes, produtos para o cabelo e outros produtos.<\/p>\n<p>&nbsp;<\/p>\n<div id=\"attachment_13854\" style=\"width: 1290px\" class=\"wp-caption aligncenter\"><img loading=\"lazy\" decoding=\"async\" aria-describedby=\"caption-attachment-13854\" class=\"wp-image-13854 size-full\" src=\"https:\/\/institucional.ufrrj.br\/agroecologia\/files\/2019\/05\/6.jpeg\" alt=\"\" width=\"1280\" height=\"851\" srcset=\"https:\/\/institucional.ufrrj.br\/agroecologia\/files\/2019\/05\/6.jpeg 1280w, https:\/\/institucional.ufrrj.br\/agroecologia\/files\/2019\/05\/6-300x199.jpeg 300w, https:\/\/institucional.ufrrj.br\/agroecologia\/files\/2019\/05\/6-768x511.jpeg 768w, https:\/\/institucional.ufrrj.br\/agroecologia\/files\/2019\/05\/6-1024x681.jpeg 1024w\" sizes=\"auto, (max-width: 1280px) 100vw, 1280px\" \/><p id=\"caption-attachment-13854\" class=\"wp-caption-text\">(FAF- Nova Igua\u00e7u Foto: Michelle Carneiro)<\/p><\/div>\n<p>&nbsp;<\/p>\n<p>A FAF Nova Igua\u00e7u conta com <strong>9 agricultores org\u00e2nicos ou agroecol\u00f3gicos,<\/strong> possuindo uma diversidade abundante de produtos desde os de origem animal at\u00e9 fitoter\u00e1picos, ampliando a rede de comercializa\u00e7\u00e3o e fortalecendo os la\u00e7os de confian\u00e7a com o consumidor.<\/p>\n<p>&nbsp;<\/p>\n<p><a href=\"https:\/\/institucional.ufrrj.br\/agroecologia\/files\/2019\/05\/40.jpeg\"><img loading=\"lazy\" decoding=\"async\" class=\"alignleft wp-image-13847 size-full\" src=\"https:\/\/institucional.ufrrj.br\/agroecologia\/files\/2019\/05\/40.jpeg\" alt=\"\" width=\"1280\" height=\"851\" srcset=\"https:\/\/institucional.ufrrj.br\/agroecologia\/files\/2019\/05\/40.jpeg 1280w, https:\/\/institucional.ufrrj.br\/agroecologia\/files\/2019\/05\/40-300x199.jpeg 300w, https:\/\/institucional.ufrrj.br\/agroecologia\/files\/2019\/05\/40-768x511.jpeg 768w, https:\/\/institucional.ufrrj.br\/agroecologia\/files\/2019\/05\/40-1024x681.jpeg 1024w\" sizes=\"auto, (max-width: 1280px) 100vw, 1280px\" \/><\/a><\/p>\n<p><strong>Pedro Jos\u00e9 <\/strong>oferece em sua barraca frutas como abacate, tangerina, caqui, lim\u00e3o taiti e legumes como aipim. Al\u00e9m disso, ele \u00e9 produtor artesanal de queijo Minas e requeij\u00e3o. Seu Pedro conta com a ajuda da esposa Luzia que fabrica p\u00e3es artesanais, oferecendo toda semana bolo de aipim e salgados de diversos tipos. A regi\u00e3o de produ\u00e7\u00e3o \u00e9 Miguel Pereira.<\/p>\n<p>&nbsp;<\/p>\n<hr \/>\n<p><a href=\"https:\/\/institucional.ufrrj.br\/agroecologia\/files\/2019\/05\/3.jpeg\"><img loading=\"lazy\" decoding=\"async\" class=\"alignleft wp-image-13841 size-full\" src=\"https:\/\/institucional.ufrrj.br\/agroecologia\/files\/2019\/05\/3.jpeg\" alt=\"\" width=\"1280\" height=\"851\" srcset=\"https:\/\/institucional.ufrrj.br\/agroecologia\/files\/2019\/05\/3.jpeg 1280w, https:\/\/institucional.ufrrj.br\/agroecologia\/files\/2019\/05\/3-300x199.jpeg 300w, https:\/\/institucional.ufrrj.br\/agroecologia\/files\/2019\/05\/3-768x511.jpeg 768w, https:\/\/institucional.ufrrj.br\/agroecologia\/files\/2019\/05\/3-1024x681.jpeg 1024w\" sizes=\"auto, (max-width: 1280px) 100vw, 1280px\" \/><\/a><\/p>\n<p><strong>Rosangela Mangili <\/strong>oferece produtos naturais independentes de qu\u00edmicas e agrot\u00f3xicos, como por exemplo, xaropes agroecol\u00f3gicos e suco Detox. Al\u00e9m de lanches r\u00e1pidos e saud\u00e1veis para o p\u00fablico circulante como salgados com racheio de PANCs (Plantas aliment\u00edcias n\u00e3o convencionais) entre outros. Sem corantes e aditivos qu\u00edmicos, Rosangela produz diversos itens prezando a sa\u00fade de seus clientes. A localiza\u00e7\u00e3o da produ\u00e7\u00e3o \u00e9 na regi\u00e3o de queimados\/RJ, onde os produtos s\u00e3o plantados, colhidos, processados e oferecidos por Dona Rosangela.<\/p>\n<p>&nbsp;<\/p>\n<hr \/>\n<p><a href=\"https:\/\/institucional.ufrrj.br\/agroecologia\/files\/2019\/05\/25.jpeg\"><img loading=\"lazy\" decoding=\"async\" class=\"alignleft wp-image-13842 size-full\" src=\"https:\/\/institucional.ufrrj.br\/agroecologia\/files\/2019\/05\/25.jpeg\" alt=\"\" width=\"1280\" height=\"851\" srcset=\"https:\/\/institucional.ufrrj.br\/agroecologia\/files\/2019\/05\/25.jpeg 1280w, https:\/\/institucional.ufrrj.br\/agroecologia\/files\/2019\/05\/25-300x199.jpeg 300w, https:\/\/institucional.ufrrj.br\/agroecologia\/files\/2019\/05\/25-768x511.jpeg 768w, https:\/\/institucional.ufrrj.br\/agroecologia\/files\/2019\/05\/25-1024x681.jpeg 1024w\" sizes=\"auto, (max-width: 1280px) 100vw, 1280px\" \/><\/a><strong>Lucia Helena <\/strong>possui uma propriedade que est\u00e1 localizada em Serop\u00e9dica (o s\u00edtio Shandra) que \u00e9 certificada pela Associa\u00e7\u00e3o de Agricultores Biol\u00f3gicos do Estado do Rio de Janeiro (ABIO). Em sua propriedade existe produ\u00e7\u00e3o de frut\u00edferas, como abacate e jaca. Al\u00e9m de verduras que s\u00e3o cultivadas em formato \u201cMandala\u201d (formato de estrutura circular de plantio) e visa diversificar a atividade agr\u00edcola. Lucia oferece seus produtos nas feiras de Nova Igua\u00e7u e Serop\u00e9dica semanalmente.<\/p>\n<p>&nbsp;<\/p>\n<hr \/>\n<p><a href=\"https:\/\/institucional.ufrrj.br\/agroecologia\/files\/2019\/05\/37.jpeg\"><img loading=\"lazy\" decoding=\"async\" class=\"alignleft wp-image-13846 size-full\" src=\"https:\/\/institucional.ufrrj.br\/agroecologia\/files\/2019\/05\/37.jpeg\" alt=\"\" width=\"1280\" height=\"851\" srcset=\"https:\/\/institucional.ufrrj.br\/agroecologia\/files\/2019\/05\/37.jpeg 1280w, https:\/\/institucional.ufrrj.br\/agroecologia\/files\/2019\/05\/37-300x199.jpeg 300w, https:\/\/institucional.ufrrj.br\/agroecologia\/files\/2019\/05\/37-768x511.jpeg 768w, https:\/\/institucional.ufrrj.br\/agroecologia\/files\/2019\/05\/37-1024x681.jpeg 1024w\" sizes=\"auto, (max-width: 1280px) 100vw, 1280px\" \/><\/a><strong>Genildo Xavier <\/strong>tem um s\u00edtio que est\u00e1 localizado na divisa de Tingu\u00e1 e Duque de Caxias. Genildo cultiva palmito, coco, banana e comercializa frutas de \u00e9pocas como lim\u00e3o e caqui. Al\u00e9m de oferecer seus produtos na feira. Ele tamb\u00e9m disponibiliza diversos lanches agroecol\u00f3gicos, como batata chips frita no \u00f3leo de palma, al\u00e9m de oferecer ovos caipiras.<\/p>\n<p>&nbsp;<\/p>\n<hr \/>\n<p><strong><img loading=\"lazy\" decoding=\"async\" class=\"alignleft wp-image-13843 \" src=\"https:\/\/institucional.ufrrj.br\/agroecologia\/files\/2019\/05\/26-e1573672282399.jpeg\" alt=\"\" width=\"1224\" height=\"1076\" srcset=\"https:\/\/institucional.ufrrj.br\/agroecologia\/files\/2019\/05\/26-e1573672282399.jpeg 851w, https:\/\/institucional.ufrrj.br\/agroecologia\/files\/2019\/05\/26-e1573672282399-300x264.jpeg 300w, https:\/\/institucional.ufrrj.br\/agroecologia\/files\/2019\/05\/26-e1573672282399-768x675.jpeg 768w\" sizes=\"auto, (max-width: 1224px) 100vw, 1224px\" \/>Debora Fiqueira <\/strong>produz fitoter\u00e1picos e fitocom\u00e9sticos, \u00a0derivados da produ\u00e7\u00e3o de plantas medicinais que s\u00e3o manipuladas e confeccionadas para serem oferecidas na feira toda semana. A regi\u00e3o de localiza\u00e7\u00e3o da produ\u00e7\u00e3o \u00e9 em Campo Alegre, Cabu\u00e7u, sendo este um assentamento, e \u00e9 realizada em um Centro de Forma\u00e7\u00e3o Cultural que envolve juventude e mulheres.<\/p>\n<p>&nbsp;<\/p>\n<hr \/>\n<p><img loading=\"lazy\" decoding=\"async\" class=\"alignleft wp-image-13844 \" src=\"https:\/\/institucional.ufrrj.br\/agroecologia\/files\/2019\/05\/32-e1573672349754.jpeg\" alt=\"\" width=\"1198\" height=\"1004\" srcset=\"https:\/\/institucional.ufrrj.br\/agroecologia\/files\/2019\/05\/32-e1573672349754.jpeg 851w, https:\/\/institucional.ufrrj.br\/agroecologia\/files\/2019\/05\/32-e1573672349754-300x251.jpeg 300w, https:\/\/institucional.ufrrj.br\/agroecologia\/files\/2019\/05\/32-e1573672349754-768x643.jpeg 768w\" sizes=\"auto, (max-width: 1198px) 100vw, 1198px\" \/><strong>Luiz Felipe<\/strong> \u00e9 produtor de quiabo, feij\u00e3o de corda, laranja, lim\u00e3o galego e pimenta. Sem uso de agrot\u00f3xicos, a produ\u00e7\u00e3o de Luiz \u00e9 em Nova Igua\u00e7u, sendo esta agroecol\u00f3gica e livre de insumos qu\u00edmicos sint\u00e9ticos.<\/p>\n<p>&nbsp;<\/p>\n<hr \/>\n<p><img loading=\"lazy\" decoding=\"async\" class=\"alignleft wp-image-13845 \" src=\"https:\/\/institucional.ufrrj.br\/agroecologia\/files\/2019\/05\/34-e1573672392724.jpeg\" alt=\"\" width=\"1192\" height=\"950\" srcset=\"https:\/\/institucional.ufrrj.br\/agroecologia\/files\/2019\/05\/34-e1573672392724.jpeg 851w, https:\/\/institucional.ufrrj.br\/agroecologia\/files\/2019\/05\/34-e1573672392724-300x239.jpeg 300w, https:\/\/institucional.ufrrj.br\/agroecologia\/files\/2019\/05\/34-e1573672392724-768x612.jpeg 768w\" sizes=\"auto, (max-width: 1192px) 100vw, 1192px\" \/><strong>Renato Baldez<\/strong> faz parte do assentamento Marli Pereira em Paracambi\/RJ. Ele \u00e9 apicultor possuindo 60 colmeias ativas em diversas localidades do Estado. Ele tamb\u00e9m faz parte do coletivo de mulheres Emp\u00f3rio da Shaya que trabalha diretamente com a Shaya entre outros processados. Al\u00e9m disso, ele disponibiliza licor de jenipapo ado\u00e7ado com mel, geleia de shaya, banana chips e diversos sabores de geleia em sua barraca semanalmente.<\/p>\n<p>&nbsp;<\/p>\n","protected":false},"excerpt":{"rendered":"<p>A Feira da Agricultura Familiar no Campus Nova Igua\u00e7u (FAF Nova Igua\u00e7u) foi inaugurada no dia 13 de Mar\u00e7o de <a class=\"read-more\" href=\"https:\/\/institucional.ufrrj.br\/agroecologia\/feira\/campus-nova-iguacu\/ \" >&#8230; <span class=\"font-italic\">leia mais <i class=\"fas fa-angle-right\"><\/i><\/span><\/a><\/p>\n","protected":false},"author":722,"featured_media":0,"parent":13629,"menu_order":0,"comment_status":"closed","ping_status":"closed","template":"","meta":{"_acf_changed":false,"footnotes":""},"class_list":["post-13840","page","type-page","status-publish","hentry"],"yoast_head":"<!-- This site is optimized with the Yoast SEO plugin v27.2 - https:\/\/yoast.com\/product\/yoast-seo-wordpress\/ -->\n<title>Campus Nova Igua\u00e7u - Programa de Fortalecimento da Agricultura Familiar<\/title>\n<meta name=\"robots\" content=\"index, follow, max-snippet:-1, max-image-preview:large, max-video-preview:-1\" \/>\n<link rel=\"canonical\" href=\"https:\/\/institucional.ufrrj.br\/agroecologia\/feira\/campus-nova-iguacu\/\" \/>\n<meta property=\"og:locale\" content=\"pt_BR\" \/>\n<meta property=\"og:type\" content=\"article\" \/>\n<meta property=\"og:title\" content=\"Campus Nova Igua\u00e7u - Programa de Fortalecimento da Agricultura Familiar\" \/>\n<meta property=\"og:description\" content=\"A Feira da Agricultura Familiar no Campus Nova Igua\u00e7u (FAF Nova Igua\u00e7u) foi inaugurada no dia 13 de Mar\u00e7o de ... leia mais\" \/>\n<meta property=\"og:url\" content=\"https:\/\/institucional.ufrrj.br\/agroecologia\/feira\/campus-nova-iguacu\/\" \/>\n<meta property=\"og:site_name\" content=\"Programa de Fortalecimento da Agricultura Familiar\" \/>\n<meta property=\"article:modified_time\" content=\"2021-04-29T19:14:18+00:00\" \/>\n<meta property=\"og:image\" content=\"http:\/\/institucional.ufrrj.br\/agroecologia\/files\/2019\/11\/aaaa-1024x198.png\" \/>\n<meta name=\"twitter:card\" content=\"summary_large_image\" \/>\n<meta name=\"twitter:label1\" content=\"Est. tempo de leitura\" \/>\n\t<meta name=\"twitter:data1\" content=\"3 minutos\" \/>\n<script type=\"application\/ld+json\" class=\"yoast-schema-graph\">{\"@context\":\"https:\/\/schema.org\",\"@graph\":[{\"@type\":\"WebPage\",\"@id\":\"https:\/\/institucional.ufrrj.br\/agroecologia\/feira\/campus-nova-iguacu\/\",\"url\":\"https:\/\/institucional.ufrrj.br\/agroecologia\/feira\/campus-nova-iguacu\/\",\"name\":\"Campus Nova Igua\u00e7u - Programa de Fortalecimento da Agricultura Familiar\",\"isPartOf\":{\"@id\":\"https:\/\/institucional.ufrrj.br\/agroecologia\/#website\"},\"primaryImageOfPage\":{\"@id\":\"https:\/\/institucional.ufrrj.br\/agroecologia\/feira\/campus-nova-iguacu\/#primaryimage\"},\"image\":{\"@id\":\"https:\/\/institucional.ufrrj.br\/agroecologia\/feira\/campus-nova-iguacu\/#primaryimage\"},\"thumbnailUrl\":\"http:\/\/institucional.ufrrj.br\/agroecologia\/files\/2019\/11\/aaaa-1024x198.png\",\"datePublished\":\"2019-05-02T15:04:12+00:00\",\"dateModified\":\"2021-04-29T19:14:18+00:00\",\"breadcrumb\":{\"@id\":\"https:\/\/institucional.ufrrj.br\/agroecologia\/feira\/campus-nova-iguacu\/#breadcrumb\"},\"inLanguage\":\"pt-BR\",\"potentialAction\":[{\"@type\":\"ReadAction\",\"target\":[\"https:\/\/institucional.ufrrj.br\/agroecologia\/feira\/campus-nova-iguacu\/\"]}]},{\"@type\":\"ImageObject\",\"inLanguage\":\"pt-BR\",\"@id\":\"https:\/\/institucional.ufrrj.br\/agroecologia\/feira\/campus-nova-iguacu\/#primaryimage\",\"url\":\"http:\/\/institucional.ufrrj.br\/agroecologia\/files\/2019\/11\/aaaa-1024x198.png\",\"contentUrl\":\"http:\/\/institucional.ufrrj.br\/agroecologia\/files\/2019\/11\/aaaa-1024x198.png\"},{\"@type\":\"BreadcrumbList\",\"@id\":\"https:\/\/institucional.ufrrj.br\/agroecologia\/feira\/campus-nova-iguacu\/#breadcrumb\",\"itemListElement\":[{\"@type\":\"ListItem\",\"position\":1,\"name\":\"In\u00edcio\",\"item\":\"https:\/\/institucional.ufrrj.br\/agroecologia\/\"},{\"@type\":\"ListItem\",\"position\":2,\"name\":\"FEIRAS\",\"item\":\"https:\/\/institucional.ufrrj.br\/agroecologia\/feira\/\"},{\"@type\":\"ListItem\",\"position\":3,\"name\":\"Campus Nova Igua\u00e7u\"}]},{\"@type\":\"WebSite\",\"@id\":\"https:\/\/institucional.ufrrj.br\/agroecologia\/#website\",\"url\":\"https:\/\/institucional.ufrrj.br\/agroecologia\/\",\"name\":\"Programa de Fortalecimento da Agricultura Familiar\",\"description\":\"\",\"potentialAction\":[{\"@type\":\"SearchAction\",\"target\":{\"@type\":\"EntryPoint\",\"urlTemplate\":\"https:\/\/institucional.ufrrj.br\/agroecologia\/?s={search_term_string}\"},\"query-input\":{\"@type\":\"PropertyValueSpecification\",\"valueRequired\":true,\"valueName\":\"search_term_string\"}}],\"inLanguage\":\"pt-BR\"}]}<\/script>\n<!-- \/ Yoast SEO plugin. -->","yoast_head_json":{"title":"Campus Nova Igua\u00e7u - Programa de Fortalecimento da Agricultura Familiar","robots":{"index":"index","follow":"follow","max-snippet":"max-snippet:-1","max-image-preview":"max-image-preview:large","max-video-preview":"max-video-preview:-1"},"canonical":"https:\/\/institucional.ufrrj.br\/agroecologia\/feira\/campus-nova-iguacu\/","og_locale":"pt_BR","og_type":"article","og_title":"Campus Nova Igua\u00e7u - Programa de Fortalecimento da Agricultura Familiar","og_description":"A Feira da Agricultura Familiar no Campus Nova Igua\u00e7u (FAF Nova Igua\u00e7u) foi inaugurada no dia 13 de Mar\u00e7o de ... leia mais","og_url":"https:\/\/institucional.ufrrj.br\/agroecologia\/feira\/campus-nova-iguacu\/","og_site_name":"Programa de Fortalecimento da Agricultura Familiar","article_modified_time":"2021-04-29T19:14:18+00:00","og_image":[{"url":"http:\/\/institucional.ufrrj.br\/agroecologia\/files\/2019\/11\/aaaa-1024x198.png","type":"","width":"","height":""}],"twitter_card":"summary_large_image","twitter_misc":{"Est. tempo de leitura":"3 minutos"},"schema":{"@context":"https:\/\/schema.org","@graph":[{"@type":"WebPage","@id":"https:\/\/institucional.ufrrj.br\/agroecologia\/feira\/campus-nova-iguacu\/","url":"https:\/\/institucional.ufrrj.br\/agroecologia\/feira\/campus-nova-iguacu\/","name":"Campus Nova Igua\u00e7u - Programa de Fortalecimento da Agricultura Familiar","isPartOf":{"@id":"https:\/\/institucional.ufrrj.br\/agroecologia\/#website"},"primaryImageOfPage":{"@id":"https:\/\/institucional.ufrrj.br\/agroecologia\/feira\/campus-nova-iguacu\/#primaryimage"},"image":{"@id":"https:\/\/institucional.ufrrj.br\/agroecologia\/feira\/campus-nova-iguacu\/#primaryimage"},"thumbnailUrl":"http:\/\/institucional.ufrrj.br\/agroecologia\/files\/2019\/11\/aaaa-1024x198.png","datePublished":"2019-05-02T15:04:12+00:00","dateModified":"2021-04-29T19:14:18+00:00","breadcrumb":{"@id":"https:\/\/institucional.ufrrj.br\/agroecologia\/feira\/campus-nova-iguacu\/#breadcrumb"},"inLanguage":"pt-BR","potentialAction":[{"@type":"ReadAction","target":["https:\/\/institucional.ufrrj.br\/agroecologia\/feira\/campus-nova-iguacu\/"]}]},{"@type":"ImageObject","inLanguage":"pt-BR","@id":"https:\/\/institucional.ufrrj.br\/agroecologia\/feira\/campus-nova-iguacu\/#primaryimage","url":"http:\/\/institucional.ufrrj.br\/agroecologia\/files\/2019\/11\/aaaa-1024x198.png","contentUrl":"http:\/\/institucional.ufrrj.br\/agroecologia\/files\/2019\/11\/aaaa-1024x198.png"},{"@type":"BreadcrumbList","@id":"https:\/\/institucional.ufrrj.br\/agroecologia\/feira\/campus-nova-iguacu\/#breadcrumb","itemListElement":[{"@type":"ListItem","position":1,"name":"In\u00edcio","item":"https:\/\/institucional.ufrrj.br\/agroecologia\/"},{"@type":"ListItem","position":2,"name":"FEIRAS","item":"https:\/\/institucional.ufrrj.br\/agroecologia\/feira\/"},{"@type":"ListItem","position":3,"name":"Campus Nova Igua\u00e7u"}]},{"@type":"WebSite","@id":"https:\/\/institucional.ufrrj.br\/agroecologia\/#website","url":"https:\/\/institucional.ufrrj.br\/agroecologia\/","name":"Programa de Fortalecimento da Agricultura Familiar","description":"","potentialAction":[{"@type":"SearchAction","target":{"@type":"EntryPoint","urlTemplate":"https:\/\/institucional.ufrrj.br\/agroecologia\/?s={search_term_string}"},"query-input":{"@type":"PropertyValueSpecification","valueRequired":true,"valueName":"search_term_string"}}],"inLanguage":"pt-BR"}]}},"acf":[],"_links":{"self":[{"href":"https:\/\/institucional.ufrrj.br\/agroecologia\/wp-json\/wp\/v2\/pages\/13840","targetHints":{"allow":["GET"]}}],"collection":[{"href":"https:\/\/institucional.ufrrj.br\/agroecologia\/wp-json\/wp\/v2\/pages"}],"about":[{"href":"https:\/\/institucional.ufrrj.br\/agroecologia\/wp-json\/wp\/v2\/types\/page"}],"author":[{"embeddable":true,"href":"https:\/\/institucional.ufrrj.br\/agroecologia\/wp-json\/wp\/v2\/users\/722"}],"replies":[{"embeddable":true,"href":"https:\/\/institucional.ufrrj.br\/agroecologia\/wp-json\/wp\/v2\/comments?post=13840"}],"version-history":[{"count":47,"href":"https:\/\/institucional.ufrrj.br\/agroecologia\/wp-json\/wp\/v2\/pages\/13840\/revisions"}],"predecessor-version":[{"id":14863,"href":"https:\/\/institucional.ufrrj.br\/agroecologia\/wp-json\/wp\/v2\/pages\/13840\/revisions\/14863"}],"up":[{"embeddable":true,"href":"https:\/\/institucional.ufrrj.br\/agroecologia\/wp-json\/wp\/v2\/pages\/13629"}],"wp:attachment":[{"href":"https:\/\/institucional.ufrrj.br\/agroecologia\/wp-json\/wp\/v2\/media?parent=13840"}],"curies":[{"name":"wp","href":"https:\/\/api.w.org\/{rel}","templated":true}]}}